{"id":6782,"date":"2025-07-17T11:28:32","date_gmt":"2025-07-17T10:28:32","guid":{"rendered":"https:\/\/visitbraga.travel\/highlights\/%highlight_category%\/a-colonial\/"},"modified":"2025-07-25T12:41:47","modified_gmt":"2025-07-25T11:41:47","slug":"a-colonial","status":"publish","type":"highlight","link":"https:\/\/visitbraga.travel\/de\/highlights\/comercio-local\/a-colonial\/","title":{"rendered":"Die Kolonialzeit"},"content":{"rendered":"<p><strong>Das Gesch\u00e4ft<\/strong><br \/>\nColonial befindet sich in der Pra\u00e7a Conde de Agrolongo 147, auch bekannt als Campo da Vinha, und befindet sich im Erdgeschoss eines symboltr\u00e4chtigen Eckgeb\u00e4udes, in dem traditionelle Lebensmittel verkauft werden.<br \/>\nColonial ist eine Einrichtung, die sich seit ihrer Gr\u00fcndung dem traditionellen Lebensmitteleinkauf verschrieben hat. Es ist nicht nur ein Ort, an dem Produkte verkauft werden, sondern auch ein Ort der Geselligkeit und der Begegnung mit Menschen aus Vergangenheit und Gegenwart.<br \/>\nWie in der Vergangenheit bevorzugen wir die Vermarktung von Produkten, die in Portugal Tradition haben: eine breite Palette von Produkten, die in loser Sch\u00fcttung verkauft werden, frisch gemahlener Kaffee und Kabeljau, der je nach den Vorlieben des Kunden von Hand gebrochen wird.<\/p>\n<p><strong>Geschichte<\/strong><br \/>\nColonial wurde 1936 von Meira da Silva und Ascenso, so der urspr\u00fcngliche Name des Gesch\u00e4fts, gegr\u00fcndet. Im Jahr 1955 wurde das Haus von Alfredo Marques, einem Angestellten des Gesch\u00e4fts, und von Fernando Marques erworben, der die Leitung des Unternehmens an einen seiner f\u00fcnf S\u00f6hne \u00fcbertrug, die ihn von klein auf im Gesch\u00e4ft begleiteten. Im Jahr 2023 zwang die Notwendigkeit, Arbeiten durchzuf\u00fchren, zu einem gr\u00f6\u00dferen Eingriff in das Geb\u00e4ude, der auch das Gesch\u00e4ft umfasste, obwohl seine Merkmale erhalten blieben und der Raum seinen urspr\u00fcnglichen Charakter bewahrt hat.<br \/>\nMit dem Aufkommen der Superm\u00e4rkte und der Zunahme des Fremdenverkehrs ist die K\u00e4uferschaft vielf\u00e4ltiger geworden, und die Weine haben an Bedeutung gewonnen. Im Lebensmittelgesch\u00e4ft werden nach wie vor alte Ger\u00e4te wie M\u00fchlen und Waagen verwendet, und an der Theke wird der Kunde pers\u00f6nlich bedient.<br \/>\nEin Raum, der Erinnerungen an eine lange Vergangenheit birgt und als Ort der Begegnung dient, an dem Vergangenheit und Gegenwart zusammenkommen.<\/p>\n<p><strong>Produkte und Dienstleistungen<\/strong><br \/>\nColonial liefert Portweine, Tafelweine, Branntweine, Whisky, Lik\u00f6re, Kaffee, Gerste, Tees, Trockenfr\u00fcchte, Kabeljau, Wurst, K\u00e4se, Kekse und Cracker, Schokolade, Gew\u00fcrze, Konserven und andere Lebensmittel.<\/p>\n<p><strong>Kontakt<\/strong><br \/>\nTelefon: 962 104 582<br \/>\nE-Mail: <a href=\"\/de\/m&\/#97;&#105;&#x6c;&#x74;&#x6f;:&#114;&#97;&#x69;&#x7a;&#x66;lu&#105;&#x64;&#x61;&#x40;gm&#97;&#105;&#x6c;&#x2e;&#x63;o&#109;\">raizfluida@gmail.com<\/a><\/p>","protected":false},"excerpt":{"rendered":"<p>Seit seiner Gr\u00fcndung hat sich Colonial den traditionellen Lebensmitteln verschrieben.<\/p>","protected":false},"featured_media":8434,"template":"","highlight_category":[59],"class_list":["post-6782","highlight","type-highlight","status-publish","has-post-thumbnail","hentry","highlight_category-lojas-com-historia"],"acf":[],"yoast_head":"<!-- This site is optimized with the Yoast SEO plugin v27.5 - https:\/\/yoast.com\/product\/yoast-seo-wordpress\/ -->\n<title>A Colonial | Visit Braga<\/title>\n<meta name=\"description\" content=\"A Colonial \u00e9 um estabelecimento que se dedica desde a funda\u00e7\u00e3o \u00e0 mercearia tradicional.\" \/>\n<meta name=\"robots\" content=\"index, follow, max-snippet:-1, max-image-preview:large, max-video-preview:-1\" \/>\n<link rel=\"canonical\" href=\"https:\/\/visitbraga.travel\/de\/highlights\/comercio-local\/a-colonial\/\" \/>\n<meta property=\"og:locale\" content=\"de_DE\" \/>\n<meta property=\"og:type\" content=\"article\" \/>\n<meta property=\"og:title\" content=\"A Colonial | Visit Braga\" \/>\n<meta property=\"og:description\" content=\"A Colonial \u00e9 um estabelecimento que se dedica desde a funda\u00e7\u00e3o \u00e0 mercearia tradicional.\" \/>\n<meta property=\"og:url\" content=\"https:\/\/visitbraga.travel\/de\/highlights\/comercio-local\/a-colonial\/\" \/>\n<meta property=\"og:site_name\" content=\"Visit Braga\" \/>\n<meta property=\"article:publisher\" content=\"https:\/\/www.facebook.com\/visitbraga.travel\/\" \/>\n<meta property=\"article:modified_time\" content=\"2025-07-25T11:41:47+00:00\" \/>\n<meta property=\"og:image\" content=\"https:\/\/visitbraga.travel\/wp-content\/uploads\/2025\/07\/colonial_1.jpg\" \/>\n\t<meta property=\"og:image:width\" content=\"1332\" \/>\n\t<meta property=\"og:image:height\" content=\"887\" \/>\n\t<meta property=\"og:image:type\" content=\"image\/jpeg\" \/>\n<meta name=\"twitter:card\" content=\"summary_large_image\" \/>\n<meta name=\"twitter:site\" content=\"@VisitBraga\" \/>\n<meta name=\"twitter:label1\" content=\"Gesch\u00e4tzte Lesezeit\" \/>\n\t<meta name=\"twitter:data1\" content=\"6\u00a0Minuten\" \/>\n<script type=\"application\/ld+json\" class=\"yoast-schema-graph\">{\"@context\":\"https:\\\/\\\/schema.org\",\"@graph\":[{\"@type\":\"WebPage\",\"@id\":\"https:\\\/\\\/visitbraga.travel\\\/highlights\\\/comercio-local\\\/a-colonial\\\/\",\"url\":\"https:\\\/\\\/visitbraga.travel\\\/highlights\\\/comercio-local\\\/a-colonial\\\/\",\"name\":\"A Colonial | Visit Braga\",\"isPartOf\":{\"@id\":\"https:\\\/\\\/visitbraga.travel\\\/#website\"},\"primaryImageOfPage\":{\"@id\":\"https:\\\/\\\/visitbraga.travel\\\/highlights\\\/comercio-local\\\/a-colonial\\\/#primaryimage\"},\"image\":{\"@id\":\"https:\\\/\\\/visitbraga.travel\\\/highlights\\\/comercio-local\\\/a-colonial\\\/#primaryimage\"},\"thumbnailUrl\":\"https:\\\/\\\/visitbraga.travel\\\/wp-content\\\/uploads\\\/2025\\\/07\\\/colonial_1.jpg\",\"datePublished\":\"2025-07-17T10:28:32+00:00\",\"dateModified\":\"2025-07-25T11:41:47+00:00\",\"description\":\"A Colonial \u00e9 um estabelecimento que se dedica desde a funda\u00e7\u00e3o \u00e0 mercearia tradicional.\",\"inLanguage\":\"de\",\"potentialAction\":[{\"@type\":\"ReadAction\",\"target\":[\"https:\\\/\\\/visitbraga.travel\\\/highlights\\\/comercio-local\\\/a-colonial\\\/\"]}]},{\"@type\":\"ImageObject\",\"inLanguage\":\"de\",\"@id\":\"https:\\\/\\\/visitbraga.travel\\\/highlights\\\/comercio-local\\\/a-colonial\\\/#primaryimage\",\"url\":\"https:\\\/\\\/visitbraga.travel\\\/wp-content\\\/uploads\\\/2025\\\/07\\\/colonial_1.jpg\",\"contentUrl\":\"https:\\\/\\\/visitbraga.travel\\\/wp-content\\\/uploads\\\/2025\\\/07\\\/colonial_1.jpg\",\"width\":1332,\"height\":887},{\"@type\":\"WebSite\",\"@id\":\"https:\\\/\\\/visitbraga.travel\\\/#website\",\"url\":\"https:\\\/\\\/visitbraga.travel\\\/\",\"name\":\"Visit Braga\",\"description\":\"Turismo Braga | Site Oficial de Braga\",\"publisher\":{\"@id\":\"https:\\\/\\\/visitbraga.travel\\\/#organization\"},\"potentialAction\":[{\"@type\":\"SearchAction\",\"target\":{\"@type\":\"EntryPoint\",\"urlTemplate\":\"https:\\\/\\\/visitbraga.travel\\\/?s={search_term_string}\"},\"query-input\":{\"@type\":\"PropertyValueSpecification\",\"valueRequired\":true,\"valueName\":\"search_term_string\"}}],\"inLanguage\":\"de\"},{\"@type\":\"Organization\",\"@id\":\"https:\\\/\\\/visitbraga.travel\\\/#organization\",\"name\":\"Visit Braga\",\"url\":\"https:\\\/\\\/visitbraga.travel\\\/\",\"logo\":{\"@type\":\"ImageObject\",\"inLanguage\":\"de\",\"@id\":\"https:\\\/\\\/visitbraga.travel\\\/#\\\/schema\\\/logo\\\/image\\\/\",\"url\":\"https:\\\/\\\/visitbraga.travel\\\/wp-content\\\/uploads\\\/2025\\\/05\\\/visit-braga.jpg\",\"contentUrl\":\"https:\\\/\\\/visitbraga.travel\\\/wp-content\\\/uploads\\\/2025\\\/05\\\/visit-braga.jpg\",\"width\":2400,\"height\":1256,\"caption\":\"Visit Braga\"},\"image\":{\"@id\":\"https:\\\/\\\/visitbraga.travel\\\/#\\\/schema\\\/logo\\\/image\\\/\"},\"sameAs\":[\"https:\\\/\\\/www.facebook.com\\\/visitbraga.travel\\\/\",\"https:\\\/\\\/x.com\\\/VisitBraga\"]}]}<\/script>\n<!-- \/ Yoast SEO plugin. -->","yoast_head_json":{"title":"A Colonial | Visit Braga","description":"Seit seiner Gr\u00fcndung hat sich Colonial den traditionellen Lebensmitteln verschrieben.","robots":{"index":"index","follow":"follow","max-snippet":"max-snippet:-1","max-image-preview":"max-image-preview:large","max-video-preview":"max-video-preview:-1"},"canonical":"https:\/\/visitbraga.travel\/de\/highlights\/comercio-local\/a-colonial\/","og_locale":"de_DE","og_type":"article","og_title":"A Colonial | Visit Braga","og_description":"A Colonial \u00e9 um estabelecimento que se dedica desde a funda\u00e7\u00e3o \u00e0 mercearia tradicional.","og_url":"https:\/\/visitbraga.travel\/de\/highlights\/comercio-local\/a-colonial\/","og_site_name":"Visit Braga","article_publisher":"https:\/\/www.facebook.com\/visitbraga.travel\/","article_modified_time":"2025-07-25T11:41:47+00:00","og_image":[{"width":1332,"height":887,"url":"https:\/\/visitbraga.travel\/wp-content\/uploads\/2025\/07\/colonial_1.jpg","type":"image\/jpeg"}],"twitter_card":"summary_large_image","twitter_site":"@VisitBraga","twitter_misc":{"Gesch\u00e4tzte Lesezeit":"6\u00a0Minuten"},"schema":{"@context":"https:\/\/schema.org","@graph":[{"@type":"WebPage","@id":"https:\/\/visitbraga.travel\/highlights\/comercio-local\/a-colonial\/","url":"https:\/\/visitbraga.travel\/highlights\/comercio-local\/a-colonial\/","name":"A Colonial | Visit Braga","isPartOf":{"@id":"https:\/\/visitbraga.travel\/#website"},"primaryImageOfPage":{"@id":"https:\/\/visitbraga.travel\/highlights\/comercio-local\/a-colonial\/#primaryimage"},"image":{"@id":"https:\/\/visitbraga.travel\/highlights\/comercio-local\/a-colonial\/#primaryimage"},"thumbnailUrl":"https:\/\/visitbraga.travel\/wp-content\/uploads\/2025\/07\/colonial_1.jpg","datePublished":"2025-07-17T10:28:32+00:00","dateModified":"2025-07-25T11:41:47+00:00","description":"Seit seiner Gr\u00fcndung hat sich Colonial den traditionellen Lebensmitteln verschrieben.","inLanguage":"de","potentialAction":[{"@type":"ReadAction","target":["https:\/\/visitbraga.travel\/highlights\/comercio-local\/a-colonial\/"]}]},{"@type":"ImageObject","inLanguage":"de","@id":"https:\/\/visitbraga.travel\/highlights\/comercio-local\/a-colonial\/#primaryimage","url":"https:\/\/visitbraga.travel\/wp-content\/uploads\/2025\/07\/colonial_1.jpg","contentUrl":"https:\/\/visitbraga.travel\/wp-content\/uploads\/2025\/07\/colonial_1.jpg","width":1332,"height":887},{"@type":"WebSite","@id":"https:\/\/visitbraga.travel\/#website","url":"https:\/\/visitbraga.travel\/","name":"Besuchen Sie Braga","description":"Turismo Braga | Site Oficial de Braga","publisher":{"@id":"https:\/\/visitbraga.travel\/#organization"},"potentialAction":[{"@type":"SearchAction","target":{"@type":"EntryPoint","urlTemplate":"https:\/\/visitbraga.travel\/?s={search_term_string}"},"query-input":{"@type":"PropertyValueSpecification","valueRequired":true,"valueName":"search_term_string"}}],"inLanguage":"de"},{"@type":"Organization","@id":"https:\/\/visitbraga.travel\/#organization","name":"Besuchen Sie Braga","url":"https:\/\/visitbraga.travel\/","logo":{"@type":"ImageObject","inLanguage":"de","@id":"https:\/\/visitbraga.travel\/#\/schema\/logo\/image\/","url":"https:\/\/visitbraga.travel\/wp-content\/uploads\/2025\/05\/visit-braga.jpg","contentUrl":"https:\/\/visitbraga.travel\/wp-content\/uploads\/2025\/05\/visit-braga.jpg","width":2400,"height":1256,"caption":"Visit Braga"},"image":{"@id":"https:\/\/visitbraga.travel\/#\/schema\/logo\/image\/"},"sameAs":["https:\/\/www.facebook.com\/visitbraga.travel\/","https:\/\/x.com\/VisitBraga"]}]}},"_links":{"self":[{"href":"https:\/\/visitbraga.travel\/de\/wp-json\/wp\/v2\/highlight\/6782","targetHints":{"allow":["GET"]}}],"collection":[{"href":"https:\/\/visitbraga.travel\/de\/wp-json\/wp\/v2\/highlight"}],"about":[{"href":"https:\/\/visitbraga.travel\/de\/wp-json\/wp\/v2\/types\/highlight"}],"version-history":[{"count":0,"href":"https:\/\/visitbraga.travel\/de\/wp-json\/wp\/v2\/highlight\/6782\/revisions"}],"wp:featuredmedia":[{"embeddable":true,"href":"https:\/\/visitbraga.travel\/de\/wp-json\/wp\/v2\/media\/8434"}],"wp:attachment":[{"href":"https:\/\/visitbraga.travel\/de\/wp-json\/wp\/v2\/media?parent=6782"}],"wp:term":[{"taxonomy":"highlight_category","embeddable":true,"href":"https:\/\/visitbraga.travel\/de\/wp-json\/wp\/v2\/highlight_category?post=6782"}],"curies":[{"name":"wp","href":"https:\/\/api.w.org\/{rel}","templated":true}]}}

<p><strong>Das Geschäft</strong><br />
Colonial befindet sich in der Praça Conde de Agrolongo 147, auch bekannt als Campo da Vinha, und befindet sich im Erdgeschoss eines symbolträchtigen Eckgebäudes, in dem traditionelle Lebensmittel verkauft werden.<br />
Colonial ist eine Einrichtung, die sich seit ihrer Gründung dem traditionellen Lebensmitteleinkauf verschrieben hat. Es ist nicht nur ein Ort, an dem Produkte verkauft werden, sondern auch ein Ort der Geselligkeit und der Begegnung mit Menschen aus Vergangenheit und Gegenwart.<br />
Wie in der Vergangenheit bevorzugen wir die Vermarktung von Produkten, die in Portugal Tradition haben: eine breite Palette von Produkten, die in loser Schüttung verkauft werden, frisch gemahlener Kaffee und Kabeljau, der je nach den Vorlieben des Kunden von Hand gebrochen wird.</p>
<p><strong>Geschichte</strong><br />
Colonial wurde 1936 von Meira da Silva und Ascenso, so der ursprüngliche Name des Geschäfts, gegründet. Im Jahr 1955 wurde das Haus von Alfredo Marques, einem Angestellten des Geschäfts, und von Fernando Marques erworben, der die Leitung des Unternehmens an einen seiner fünf Söhne übertrug, die ihn von klein auf im Geschäft begleiteten. Im Jahr 2023 zwang die Notwendigkeit, Arbeiten durchzuführen, zu einem größeren Eingriff in das Gebäude, der auch das Geschäft umfasste, obwohl seine Merkmale erhalten blieben und der Raum seinen ursprünglichen Charakter bewahrt hat.<br />
Mit dem Aufkommen der Supermärkte und der Zunahme des Fremdenverkehrs ist die Käuferschaft vielfältiger geworden, und die Weine haben an Bedeutung gewonnen. Im Lebensmittelgeschäft werden nach wie vor alte Geräte wie Mühlen und Waagen verwendet, und an der Theke wird der Kunde persönlich bedient.<br />
Ein Raum, der Erinnerungen an eine lange Vergangenheit birgt und als Ort der Begegnung dient, an dem Vergangenheit und Gegenwart zusammenkommen.</p>
<p><strong>Produkte und Dienstleistungen</strong><br />
Colonial liefert Portweine, Tafelweine, Branntweine, Whisky, Liköre, Kaffee, Gerste, Tees, Trockenfrüchte, Kabeljau, Wurst, Käse, Kekse und Cracker, Schokolade, Gewürze, Konserven und andere Lebensmittel.</p>
<p><strong>Kontakt</strong><br />
Telefon: 962 104 582<br />
E-Mail: <a href="/de/m&/#97;&#105;&#x6c;&#x74;&#x6f;:&#114;&#97;&#x69;&#x7a;&#x66;lu&#105;&#x64;&#x61;&#x40;gm&#97;&#105;&#x6c;&#x2e;&#x63;o&#109;">raizfluida@gmail.com</a></p>

<p>Seit seiner Gründung hat sich Colonial den traditionellen Lebensmitteln verschrieben.</p>

<!-- This site is optimized with the Yoast SEO plugin v27.5 - https://yoast.com/product/yoast-seo-wordpress/ -->
<title>A Colonial | Visit Braga</title>
<meta name="description" content="A Colonial é um estabelecimento que se dedica desde a fundação à mercearia tradicional." />
<meta name="robots" content="index, follow, max-snippet:-1, max-image-preview:large, max-video-preview:-1" />
<link rel="canonical" href="https://visitbraga.travel/de/highlights/comercio-local/a-colonial/" />
<meta property="og:locale" content="de_DE" />
<meta property="og:type" content="article" />
<meta property="og:title" content="A Colonial | Visit Braga" />
<meta property="og:description" content="A Colonial é um estabelecimento que se dedica desde a fundação à mercearia tradicional." />
<meta property="og:url" content="https://visitbraga.travel/de/highlights/comercio-local/a-colonial/" />
<meta property="og:site_name" content="Visit Braga" />
<meta property="article:publisher" content="https://www.facebook.com/visitbraga.travel/" />
<meta property="article:modified_time" content="2025-07-25T11:41:47+00:00" />
<meta property="og:image" content="https://visitbraga.travel/wp-content/uploads/2025/07/colonial_1.jpg" />
	<meta property="og:image:width" content="1332" />
	<meta property="og:image:height" content="887" />
	<meta property="og:image:type" content="image/jpeg" />
<meta name="twitter:card" content="summary_large_image" />
<meta name="twitter:site" content="@VisitBraga" />
<meta name="twitter:label1" content="Geschätzte Lesezeit" />
	<meta name="twitter:data1" content="6 Minuten" />
<script type="application/ld+json" class="yoast-schema-graph">{"@context":"https:\/\/schema.org","@graph":[{"@type":"WebPage","@id":"https:\/\/visitbraga.travel\/highlights\/comercio-local\/a-colonial\/","url":"https:\/\/visitbraga.travel\/highlights\/comercio-local\/a-colonial\/","name":"A Colonial | Visit Braga","isPartOf":{"@id":"https:\/\/visitbraga.travel\/#website"},"primaryImageOfPage":{"@id":"https:\/\/visitbraga.travel\/highlights\/comercio-local\/a-colonial\/#primaryimage"},"image":{"@id":"https:\/\/visitbraga.travel\/highlights\/comercio-local\/a-colonial\/#primaryimage"},"thumbnailUrl":"https:\/\/visitbraga.travel\/wp-content\/uploads\/2025\/07\/colonial_1.jpg","datePublished":"2025-07-17T10:28:32+00:00","dateModified":"2025-07-25T11:41:47+00:00","description":"A Colonial é um estabelecimento que se dedica desde a fundação à mercearia tradicional.","inLanguage":"de","potentialAction":[{"@type":"ReadAction","target":["https:\/\/visitbraga.travel\/highlights\/comercio-local\/a-colonial\/"]}]},{"@type":"ImageObject","inLanguage":"de","@id":"https:\/\/visitbraga.travel\/highlights\/comercio-local\/a-colonial\/#primaryimage","url":"https:\/\/visitbraga.travel\/wp-content\/uploads\/2025\/07\/colonial_1.jpg","contentUrl":"https:\/\/visitbraga.travel\/wp-content\/uploads\/2025\/07\/colonial_1.jpg","width":1332,"height":887},{"@type":"WebSite","@id":"https:\/\/visitbraga.travel\/#website","url":"https:\/\/visitbraga.travel\/","name":"Visit Braga","description":"Turismo Braga | Site Oficial de Braga","publisher":{"@id":"https:\/\/visitbraga.travel\/#organization"},"potentialAction":[{"@type":"SearchAction","target":{"@type":"EntryPoint","urlTemplate":"https:\/\/visitbraga.travel\/?s={search_term_string}"},"query-input":{"@type":"PropertyValueSpecification","valueRequired":true,"valueName":"search_term_string"}}],"inLanguage":"de"},{"@type":"Organization","@id":"https:\/\/visitbraga.travel\/#organization","name":"Visit Braga","url":"https:\/\/visitbraga.travel\/","logo":{"@type":"ImageObject","inLanguage":"de","@id":"https:\/\/visitbraga.travel\/#\/schema\/logo\/image\/","url":"https:\/\/visitbraga.travel\/wp-content\/uploads\/2025\/05\/visit-braga.jpg","contentUrl":"https:\/\/visitbraga.travel\/wp-content\/uploads\/2025\/05\/visit-braga.jpg","width":2400,"height":1256,"caption":"Visit Braga"},"image":{"@id":"https:\/\/visitbraga.travel\/#\/schema\/logo\/image\/"},"sameAs":["https:\/\/www.facebook.com\/visitbraga.travel\/","https:\/\/x.com\/VisitBraga"]}]}</script>
<!-- / Yoast SEO plugin. -->

Seit seiner Gründung hat sich Colonial den traditionellen Lebensmitteln verschrieben.

A Colonial é um estabelecimento que se dedica desde a fundação à mercearia tradicional.
