{"id":6789,"date":"2025-07-17T11:38:13","date_gmt":"2025-07-17T10:38:13","guid":{"rendered":"https:\/\/visitbraga.travel\/highlights\/%highlight_category%\/a-louceira\/"},"modified":"2025-07-25T11:49:01","modified_gmt":"2025-07-25T10:49:01","slug":"a-louceira","status":"publish","type":"highlight","link":"https:\/\/visitbraga.travel\/de\/highlights\/comercio-local\/a-louceira\/","title":{"rendered":"Der Geschirrsp\u00fcler"},"content":{"rendered":"<p><strong>Das Gesch\u00e4ft<\/strong><br \/>\nLouceira ist ein jahrhundertealtes Gesch\u00e4ft, das sich dem Verkauf von regionalem Kunsthandwerk, Geschirr und Haushaltsgegenst\u00e4nden widmet und f\u00fcr die Qualit\u00e4t und Vielfalt seiner Produkte, seinen pers\u00f6nlichen Service und seine historischen Wurzeln bekannt ist. Es befindet sich in der Rua do Alferes Alfredo Ferreira 9, neben der Pra\u00e7a Conde de Agrolongo.<\/p>\n<p><strong>Geschichte<\/strong><br \/>\nDas Gesch\u00e4ft wurde 1934 gegr\u00fcndet, wie aus einem gefundenen Dokument mit diesem Datum hervorgeht, das den Besitz der Gro\u00dfmutter des heutigen Besitzers zuschreibt, und wurde von den drei \u00e4ltesten Schwestern der Familie er\u00f6ffnet. Die Geschichte dieses Gesch\u00e4fts ist eng mit der Porzellanmesse von Braga verbunden, die damals auf dem Campo da Vinha, dem heutigen Pra\u00e7a Conde de Agrolongo, auf halbem Weg von Louceira, stattfand.<br \/>\nDie Leitung dieses historischen Gesch\u00e4fts wurde \u00fcber drei Generationen der Familie weitergegeben: Gro\u00dfmutter, Mutter und Enkelin. Die heutige Inhaberin ist Manuela Oliveira, die die Nachfolge ihrer Mutter angetreten hat. Sie arbeitete schon fr\u00fch im Familienbetrieb mit und hat ihr Leben dem Geschirrhandel gewidmet, um die Geschichte des Gesch\u00e4fts fortzuf\u00fchren.<\/p>\n<p><strong>Produkte und Dienstleistungen<\/strong><br \/>\nEinzelhandel mit Porzellan, Terrakotta, Steingut, regionalem glasiertem Geschirr und Korbwaren.<\/p>\n<p><strong>Kontakt<\/strong><br \/>\nTelefon: 965702882<br \/>\nE-Mail: <a href=\"\/de\/&\/#x6d;&#97;i&#x6c;&#x74;&#111;:&#x6d;&#x6d;&#108;o&#x62;&#64;s&#x61;&#x70;&#111;&#46;&#x70;&#x74;\">mmlob@sapo.pt<\/a><\/p>","protected":false},"excerpt":{"rendered":"<p>Louceira ist ein jahrhundertealtes Gesch\u00e4ft, das sich dem Verkauf von regionalem Kunsthandwerk, Geschirr und Haushaltsgegenst\u00e4nden widmet.<\/p>","protected":false},"featured_media":7986,"template":"","highlight_category":[59],"class_list":["post-6789","highlight","type-highlight","status-publish","has-post-thumbnail","hentry","highlight_category-lojas-com-historia"],"acf":[],"yoast_head":"<!-- This site is optimized with the Yoast SEO plugin v27.5 - https:\/\/yoast.com\/product\/yoast-seo-wordpress\/ -->\n<title>A Louceira | Visit Braga<\/title>\n<meta name=\"description\" content=\"A Louceira \u00e9 uma loja centen\u00e1ria dedicada ao com\u00e9rcio de artesanato regional de loi\u00e7as e utens\u00edlios dom\u00e9sticos.\" \/>\n<meta name=\"robots\" content=\"index, follow, max-snippet:-1, max-image-preview:large, max-video-preview:-1\" \/>\n<link rel=\"canonical\" href=\"https:\/\/visitbraga.travel\/de\/highlights\/comercio-local\/a-louceira\/\" \/>\n<meta property=\"og:locale\" content=\"de_DE\" \/>\n<meta property=\"og:type\" content=\"article\" \/>\n<meta property=\"og:title\" content=\"A Louceira | Visit Braga\" \/>\n<meta property=\"og:description\" content=\"A Louceira \u00e9 uma loja centen\u00e1ria dedicada ao com\u00e9rcio de artesanato regional de loi\u00e7as e utens\u00edlios dom\u00e9sticos.\" \/>\n<meta property=\"og:url\" content=\"https:\/\/visitbraga.travel\/de\/highlights\/comercio-local\/a-louceira\/\" \/>\n<meta property=\"og:site_name\" content=\"Visit Braga\" \/>\n<meta property=\"article:publisher\" content=\"https:\/\/www.facebook.com\/visitbraga.travel\/\" \/>\n<meta property=\"article:modified_time\" content=\"2025-07-25T10:49:01+00:00\" \/>\n<meta property=\"og:image\" content=\"https:\/\/visitbraga.travel\/wp-content\/uploads\/2025\/07\/alouceira_1.jpg\" \/>\n\t<meta property=\"og:image:width\" content=\"1274\" \/>\n\t<meta property=\"og:image:height\" content=\"849\" \/>\n\t<meta property=\"og:image:type\" content=\"image\/jpeg\" \/>\n<meta name=\"twitter:card\" content=\"summary_large_image\" \/>\n<meta name=\"twitter:site\" content=\"@VisitBraga\" \/>\n<meta name=\"twitter:label1\" content=\"Gesch\u00e4tzte Lesezeit\" \/>\n\t<meta name=\"twitter:data1\" content=\"4\u00a0Minuten\" \/>\n<script type=\"application\/ld+json\" class=\"yoast-schema-graph\">{\"@context\":\"https:\\\/\\\/schema.org\",\"@graph\":[{\"@type\":\"WebPage\",\"@id\":\"https:\\\/\\\/visitbraga.travel\\\/highlights\\\/comercio-local\\\/a-louceira\\\/\",\"url\":\"https:\\\/\\\/visitbraga.travel\\\/highlights\\\/comercio-local\\\/a-louceira\\\/\",\"name\":\"A Louceira | Visit Braga\",\"isPartOf\":{\"@id\":\"https:\\\/\\\/visitbraga.travel\\\/#website\"},\"primaryImageOfPage\":{\"@id\":\"https:\\\/\\\/visitbraga.travel\\\/highlights\\\/comercio-local\\\/a-louceira\\\/#primaryimage\"},\"image\":{\"@id\":\"https:\\\/\\\/visitbraga.travel\\\/highlights\\\/comercio-local\\\/a-louceira\\\/#primaryimage\"},\"thumbnailUrl\":\"https:\\\/\\\/visitbraga.travel\\\/wp-content\\\/uploads\\\/2025\\\/07\\\/alouceira_1.jpg\",\"datePublished\":\"2025-07-17T10:38:13+00:00\",\"dateModified\":\"2025-07-25T10:49:01+00:00\",\"description\":\"A Louceira \u00e9 uma loja centen\u00e1ria dedicada ao com\u00e9rcio de artesanato regional de loi\u00e7as e utens\u00edlios dom\u00e9sticos.\",\"inLanguage\":\"de\",\"potentialAction\":[{\"@type\":\"ReadAction\",\"target\":[\"https:\\\/\\\/visitbraga.travel\\\/highlights\\\/comercio-local\\\/a-louceira\\\/\"]}]},{\"@type\":\"ImageObject\",\"inLanguage\":\"de\",\"@id\":\"https:\\\/\\\/visitbraga.travel\\\/highlights\\\/comercio-local\\\/a-louceira\\\/#primaryimage\",\"url\":\"https:\\\/\\\/visitbraga.travel\\\/wp-content\\\/uploads\\\/2025\\\/07\\\/alouceira_1.jpg\",\"contentUrl\":\"https:\\\/\\\/visitbraga.travel\\\/wp-content\\\/uploads\\\/2025\\\/07\\\/alouceira_1.jpg\",\"width\":1274,\"height\":849},{\"@type\":\"WebSite\",\"@id\":\"https:\\\/\\\/visitbraga.travel\\\/#website\",\"url\":\"https:\\\/\\\/visitbraga.travel\\\/\",\"name\":\"Visit Braga\",\"description\":\"Turismo Braga | Site Oficial de Braga\",\"publisher\":{\"@id\":\"https:\\\/\\\/visitbraga.travel\\\/#organization\"},\"potentialAction\":[{\"@type\":\"SearchAction\",\"target\":{\"@type\":\"EntryPoint\",\"urlTemplate\":\"https:\\\/\\\/visitbraga.travel\\\/?s={search_term_string}\"},\"query-input\":{\"@type\":\"PropertyValueSpecification\",\"valueRequired\":true,\"valueName\":\"search_term_string\"}}],\"inLanguage\":\"de\"},{\"@type\":\"Organization\",\"@id\":\"https:\\\/\\\/visitbraga.travel\\\/#organization\",\"name\":\"Visit Braga\",\"url\":\"https:\\\/\\\/visitbraga.travel\\\/\",\"logo\":{\"@type\":\"ImageObject\",\"inLanguage\":\"de\",\"@id\":\"https:\\\/\\\/visitbraga.travel\\\/#\\\/schema\\\/logo\\\/image\\\/\",\"url\":\"https:\\\/\\\/visitbraga.travel\\\/wp-content\\\/uploads\\\/2025\\\/05\\\/visit-braga.jpg\",\"contentUrl\":\"https:\\\/\\\/visitbraga.travel\\\/wp-content\\\/uploads\\\/2025\\\/05\\\/visit-braga.jpg\",\"width\":2400,\"height\":1256,\"caption\":\"Visit Braga\"},\"image\":{\"@id\":\"https:\\\/\\\/visitbraga.travel\\\/#\\\/schema\\\/logo\\\/image\\\/\"},\"sameAs\":[\"https:\\\/\\\/www.facebook.com\\\/visitbraga.travel\\\/\",\"https:\\\/\\\/x.com\\\/VisitBraga\"]}]}<\/script>\n<!-- \/ Yoast SEO plugin. -->","yoast_head_json":{"title":"A Louceira | Visit Braga","description":"Louceira ist ein jahrhundertealtes Gesch\u00e4ft, das sich dem Verkauf von regionalem Kunsthandwerk, Geschirr und Haushaltsgegenst\u00e4nden widmet.","robots":{"index":"index","follow":"follow","max-snippet":"max-snippet:-1","max-image-preview":"max-image-preview:large","max-video-preview":"max-video-preview:-1"},"canonical":"https:\/\/visitbraga.travel\/de\/highlights\/comercio-local\/a-louceira\/","og_locale":"de_DE","og_type":"article","og_title":"A Louceira | Visit Braga","og_description":"A Louceira \u00e9 uma loja centen\u00e1ria dedicada ao com\u00e9rcio de artesanato regional de loi\u00e7as e utens\u00edlios dom\u00e9sticos.","og_url":"https:\/\/visitbraga.travel\/de\/highlights\/comercio-local\/a-louceira\/","og_site_name":"Visit Braga","article_publisher":"https:\/\/www.facebook.com\/visitbraga.travel\/","article_modified_time":"2025-07-25T10:49:01+00:00","og_image":[{"width":1274,"height":849,"url":"https:\/\/visitbraga.travel\/wp-content\/uploads\/2025\/07\/alouceira_1.jpg","type":"image\/jpeg"}],"twitter_card":"summary_large_image","twitter_site":"@VisitBraga","twitter_misc":{"Gesch\u00e4tzte Lesezeit":"4\u00a0Minuten"},"schema":{"@context":"https:\/\/schema.org","@graph":[{"@type":"WebPage","@id":"https:\/\/visitbraga.travel\/highlights\/comercio-local\/a-louceira\/","url":"https:\/\/visitbraga.travel\/highlights\/comercio-local\/a-louceira\/","name":"A Louceira | Visit Braga","isPartOf":{"@id":"https:\/\/visitbraga.travel\/#website"},"primaryImageOfPage":{"@id":"https:\/\/visitbraga.travel\/highlights\/comercio-local\/a-louceira\/#primaryimage"},"image":{"@id":"https:\/\/visitbraga.travel\/highlights\/comercio-local\/a-louceira\/#primaryimage"},"thumbnailUrl":"https:\/\/visitbraga.travel\/wp-content\/uploads\/2025\/07\/alouceira_1.jpg","datePublished":"2025-07-17T10:38:13+00:00","dateModified":"2025-07-25T10:49:01+00:00","description":"Louceira ist ein jahrhundertealtes Gesch\u00e4ft, das sich dem Verkauf von regionalem Kunsthandwerk, Geschirr und Haushaltsgegenst\u00e4nden widmet.","inLanguage":"de","potentialAction":[{"@type":"ReadAction","target":["https:\/\/visitbraga.travel\/highlights\/comercio-local\/a-louceira\/"]}]},{"@type":"ImageObject","inLanguage":"de","@id":"https:\/\/visitbraga.travel\/highlights\/comercio-local\/a-louceira\/#primaryimage","url":"https:\/\/visitbraga.travel\/wp-content\/uploads\/2025\/07\/alouceira_1.jpg","contentUrl":"https:\/\/visitbraga.travel\/wp-content\/uploads\/2025\/07\/alouceira_1.jpg","width":1274,"height":849},{"@type":"WebSite","@id":"https:\/\/visitbraga.travel\/#website","url":"https:\/\/visitbraga.travel\/","name":"Besuchen Sie Braga","description":"Turismo Braga | Site Oficial de Braga","publisher":{"@id":"https:\/\/visitbraga.travel\/#organization"},"potentialAction":[{"@type":"SearchAction","target":{"@type":"EntryPoint","urlTemplate":"https:\/\/visitbraga.travel\/?s={search_term_string}"},"query-input":{"@type":"PropertyValueSpecification","valueRequired":true,"valueName":"search_term_string"}}],"inLanguage":"de"},{"@type":"Organization","@id":"https:\/\/visitbraga.travel\/#organization","name":"Besuchen Sie Braga","url":"https:\/\/visitbraga.travel\/","logo":{"@type":"ImageObject","inLanguage":"de","@id":"https:\/\/visitbraga.travel\/#\/schema\/logo\/image\/","url":"https:\/\/visitbraga.travel\/wp-content\/uploads\/2025\/05\/visit-braga.jpg","contentUrl":"https:\/\/visitbraga.travel\/wp-content\/uploads\/2025\/05\/visit-braga.jpg","width":2400,"height":1256,"caption":"Visit Braga"},"image":{"@id":"https:\/\/visitbraga.travel\/#\/schema\/logo\/image\/"},"sameAs":["https:\/\/www.facebook.com\/visitbraga.travel\/","https:\/\/x.com\/VisitBraga"]}]}},"_links":{"self":[{"href":"https:\/\/visitbraga.travel\/de\/wp-json\/wp\/v2\/highlight\/6789","targetHints":{"allow":["GET"]}}],"collection":[{"href":"https:\/\/visitbraga.travel\/de\/wp-json\/wp\/v2\/highlight"}],"about":[{"href":"https:\/\/visitbraga.travel\/de\/wp-json\/wp\/v2\/types\/highlight"}],"version-history":[{"count":0,"href":"https:\/\/visitbraga.travel\/de\/wp-json\/wp\/v2\/highlight\/6789\/revisions"}],"wp:featuredmedia":[{"embeddable":true,"href":"https:\/\/visitbraga.travel\/de\/wp-json\/wp\/v2\/media\/7986"}],"wp:attachment":[{"href":"https:\/\/visitbraga.travel\/de\/wp-json\/wp\/v2\/media?parent=6789"}],"wp:term":[{"taxonomy":"highlight_category","embeddable":true,"href":"https:\/\/visitbraga.travel\/de\/wp-json\/wp\/v2\/highlight_category?post=6789"}],"curies":[{"name":"wp","href":"https:\/\/api.w.org\/{rel}","templated":true}]}}

Der Geschirrspüler

<p><strong>Das Geschäft</strong><br />
Louceira ist ein jahrhundertealtes Geschäft, das sich dem Verkauf von regionalem Kunsthandwerk, Geschirr und Haushaltsgegenständen widmet und für die Qualität und Vielfalt seiner Produkte, seinen persönlichen Service und seine historischen Wurzeln bekannt ist. Es befindet sich in der Rua do Alferes Alfredo Ferreira 9, neben der Praça Conde de Agrolongo.</p>
<p><strong>Geschichte</strong><br />
Das Geschäft wurde 1934 gegründet, wie aus einem gefundenen Dokument mit diesem Datum hervorgeht, das den Besitz der Großmutter des heutigen Besitzers zuschreibt, und wurde von den drei ältesten Schwestern der Familie eröffnet. Die Geschichte dieses Geschäfts ist eng mit der Porzellanmesse von Braga verbunden, die damals auf dem Campo da Vinha, dem heutigen Praça Conde de Agrolongo, auf halbem Weg von Louceira, stattfand.<br />
Die Leitung dieses historischen Geschäfts wurde über drei Generationen der Familie weitergegeben: Großmutter, Mutter und Enkelin. Die heutige Inhaberin ist Manuela Oliveira, die die Nachfolge ihrer Mutter angetreten hat. Sie arbeitete schon früh im Familienbetrieb mit und hat ihr Leben dem Geschirrhandel gewidmet, um die Geschichte des Geschäfts fortzuführen.</p>
<p><strong>Produkte und Dienstleistungen</strong><br />
Einzelhandel mit Porzellan, Terrakotta, Steingut, regionalem glasiertem Geschirr und Korbwaren.</p>
<p><strong>Kontakt</strong><br />
Telefon: 965702882<br />
E-Mail: <a href="/de/&/#x6d;&#97;i&#x6c;&#x74;&#111;:&#x6d;&#x6d;&#108;o&#x62;&#64;s&#x61;&#x70;&#111;&#46;&#x70;&#x74;">mmlob@sapo.pt</a></p>

<p>Louceira ist ein jahrhundertealtes Geschäft, das sich dem Verkauf von regionalem Kunsthandwerk, Geschirr und Haushaltsgegenständen widmet.</p>

<!-- This site is optimized with the Yoast SEO plugin v27.5 - https://yoast.com/product/yoast-seo-wordpress/ -->
<title>A Louceira | Visit Braga</title>
<meta name="description" content="A Louceira é uma loja centenária dedicada ao comércio de artesanato regional de loiças e utensílios domésticos." />
<meta name="robots" content="index, follow, max-snippet:-1, max-image-preview:large, max-video-preview:-1" />
<link rel="canonical" href="https://visitbraga.travel/de/highlights/comercio-local/a-louceira/" />
<meta property="og:locale" content="de_DE" />
<meta property="og:type" content="article" />
<meta property="og:title" content="A Louceira | Visit Braga" />
<meta property="og:description" content="A Louceira é uma loja centenária dedicada ao comércio de artesanato regional de loiças e utensílios domésticos." />
<meta property="og:url" content="https://visitbraga.travel/de/highlights/comercio-local/a-louceira/" />
<meta property="og:site_name" content="Visit Braga" />
<meta property="article:publisher" content="https://www.facebook.com/visitbraga.travel/" />
<meta property="article:modified_time" content="2025-07-25T10:49:01+00:00" />
<meta property="og:image" content="https://visitbraga.travel/wp-content/uploads/2025/07/alouceira_1.jpg" />
	<meta property="og:image:width" content="1274" />
	<meta property="og:image:height" content="849" />
	<meta property="og:image:type" content="image/jpeg" />
<meta name="twitter:card" content="summary_large_image" />
<meta name="twitter:site" content="@VisitBraga" />
<meta name="twitter:label1" content="Geschätzte Lesezeit" />
	<meta name="twitter:data1" content="4 Minuten" />
<script type="application/ld+json" class="yoast-schema-graph">{"@context":"https:\/\/schema.org","@graph":[{"@type":"WebPage","@id":"https:\/\/visitbraga.travel\/highlights\/comercio-local\/a-louceira\/","url":"https:\/\/visitbraga.travel\/highlights\/comercio-local\/a-louceira\/","name":"A Louceira | Visit Braga","isPartOf":{"@id":"https:\/\/visitbraga.travel\/#website"},"primaryImageOfPage":{"@id":"https:\/\/visitbraga.travel\/highlights\/comercio-local\/a-louceira\/#primaryimage"},"image":{"@id":"https:\/\/visitbraga.travel\/highlights\/comercio-local\/a-louceira\/#primaryimage"},"thumbnailUrl":"https:\/\/visitbraga.travel\/wp-content\/uploads\/2025\/07\/alouceira_1.jpg","datePublished":"2025-07-17T10:38:13+00:00","dateModified":"2025-07-25T10:49:01+00:00","description":"A Louceira é uma loja centenária dedicada ao comércio de artesanato regional de loiças e utensílios domésticos.","inLanguage":"de","potentialAction":[{"@type":"ReadAction","target":["https:\/\/visitbraga.travel\/highlights\/comercio-local\/a-louceira\/"]}]},{"@type":"ImageObject","inLanguage":"de","@id":"https:\/\/visitbraga.travel\/highlights\/comercio-local\/a-louceira\/#primaryimage","url":"https:\/\/visitbraga.travel\/wp-content\/uploads\/2025\/07\/alouceira_1.jpg","contentUrl":"https:\/\/visitbraga.travel\/wp-content\/uploads\/2025\/07\/alouceira_1.jpg","width":1274,"height":849},{"@type":"WebSite","@id":"https:\/\/visitbraga.travel\/#website","url":"https:\/\/visitbraga.travel\/","name":"Visit Braga","description":"Turismo Braga | Site Oficial de Braga","publisher":{"@id":"https:\/\/visitbraga.travel\/#organization"},"potentialAction":[{"@type":"SearchAction","target":{"@type":"EntryPoint","urlTemplate":"https:\/\/visitbraga.travel\/?s={search_term_string}"},"query-input":{"@type":"PropertyValueSpecification","valueRequired":true,"valueName":"search_term_string"}}],"inLanguage":"de"},{"@type":"Organization","@id":"https:\/\/visitbraga.travel\/#organization","name":"Visit Braga","url":"https:\/\/visitbraga.travel\/","logo":{"@type":"ImageObject","inLanguage":"de","@id":"https:\/\/visitbraga.travel\/#\/schema\/logo\/image\/","url":"https:\/\/visitbraga.travel\/wp-content\/uploads\/2025\/05\/visit-braga.jpg","contentUrl":"https:\/\/visitbraga.travel\/wp-content\/uploads\/2025\/05\/visit-braga.jpg","width":2400,"height":1256,"caption":"Visit Braga"},"image":{"@id":"https:\/\/visitbraga.travel\/#\/schema\/logo\/image\/"},"sameAs":["https:\/\/www.facebook.com\/visitbraga.travel\/","https:\/\/x.com\/VisitBraga"]}]}</script>
<!-- / Yoast SEO plugin. -->

Louceira ist ein jahrhundertealtes Geschäft, das sich dem Verkauf von regionalem Kunsthandwerk, Geschirr und Haushaltsgegenständen widmet.

A Louceira é uma loja centenária dedicada ao comércio de artesanato regional de loiças e utensílios domésticos.
