{"id":12281,"date":"2025-08-06T12:01:02","date_gmt":"2025-08-06T11:01:02","guid":{"rendered":"https:\/\/visitbraga.travel\/?post_type=highlight&#038;p=12281"},"modified":"2025-08-06T12:01:02","modified_gmt":"2025-08-06T11:01:02","slug":"igreja-da-conceicao-ima","status":"publish","type":"highlight","link":"https:\/\/visitbraga.travel\/en\/highlights\/monumentos\/igreja-da-conceicao-ima\/","title":{"rendered":"Concei\u00e7\u00e3o Church - IMA"},"content":{"rendered":"<p>Dating back to 1728, the Concei\u00e7\u00e3o Church replaced the old Concei\u00e7\u00e3o Convent, whose building is now occupied by the Monsenhor Airosa Institute (IMA). In Baroque style, it stands out for its rich decoration: a high altarpiece, gilded panels, a pulpit, an organ restored in the 20th century, tile panels with Marian themes and six oil paintings in the chancel, where Monsignor Ferreira Airosa's tomb is located.<\/p>\n<p>On the left side of the nave, there is also an altar dedicated to Our Lady of Lourdes, built by the founder of the Institute as a sign of gratitude. The church is only open to the public on December 8th and during the Easter Triduum, making it one of the least known temples in the city.<\/p>","protected":false},"excerpt":{"rendered":"<p>The church is only open to the public on December 8th and during the Easter Triduum, making it one of the least known temples in the city.<\/p>","protected":false},"featured_media":12282,"template":"","highlight_category":[46],"class_list":["post-12281","highlight","type-highlight","status-publish","has-post-thumbnail","hentry","highlight_category-barroco"],"acf":[],"yoast_head":"<!-- This site is optimized with the Yoast SEO plugin v27.5 - https:\/\/yoast.com\/product\/yoast-seo-wordpress\/ -->\n<title>Igreja da Concei\u00e7\u00e3o - IMA | Visit Braga<\/title>\n<meta name=\"description\" content=\"A igreja est\u00e1 apenas aberta ao p\u00fablico no dia 8 de dezembro e durante o Tr\u00edduo Pascal, sendo por isso um dos templos menos conhecidos da cidade.\" \/>\n<meta name=\"robots\" content=\"index, follow, max-snippet:-1, max-image-preview:large, max-video-preview:-1\" \/>\n<link rel=\"canonical\" href=\"https:\/\/visitbraga.travel\/en\/highlights\/monumentos\/igreja-da-conceicao-ima\/\" \/>\n<meta property=\"og:locale\" content=\"en_US\" \/>\n<meta property=\"og:type\" content=\"article\" \/>\n<meta property=\"og:title\" content=\"Igreja da Concei\u00e7\u00e3o - IMA | Visit Braga\" \/>\n<meta property=\"og:description\" content=\"A igreja est\u00e1 apenas aberta ao p\u00fablico no dia 8 de dezembro e durante o Tr\u00edduo Pascal, sendo por isso um dos templos menos conhecidos da cidade.\" \/>\n<meta property=\"og:url\" content=\"https:\/\/visitbraga.travel\/en\/highlights\/monumentos\/igreja-da-conceicao-ima\/\" \/>\n<meta property=\"og:site_name\" content=\"Visit Braga\" \/>\n<meta property=\"article:publisher\" content=\"https:\/\/www.facebook.com\/visitbraga.travel\/\" \/>\n<meta property=\"og:image\" content=\"https:\/\/visitbraga.travel\/wp-content\/uploads\/2025\/08\/instituo-monsenhor-airosa.jpg\" \/>\n\t<meta property=\"og:image:width\" content=\"2048\" \/>\n\t<meta property=\"og:image:height\" content=\"1365\" \/>\n\t<meta property=\"og:image:type\" content=\"image\/jpeg\" \/>\n<meta name=\"twitter:card\" content=\"summary_large_image\" \/>\n<meta name=\"twitter:site\" content=\"@VisitBraga\" \/>\n<meta name=\"twitter:label1\" content=\"Est. reading time\" \/>\n\t<meta name=\"twitter:data1\" content=\"1 minute\" \/>\n<script type=\"application\/ld+json\" class=\"yoast-schema-graph\">{\"@context\":\"https:\\\/\\\/schema.org\",\"@graph\":[{\"@type\":\"WebPage\",\"@id\":\"https:\\\/\\\/visitbraga.travel\\\/highlights\\\/monumentos\\\/igreja-da-conceicao-ima\\\/\",\"url\":\"https:\\\/\\\/visitbraga.travel\\\/highlights\\\/monumentos\\\/igreja-da-conceicao-ima\\\/\",\"name\":\"Igreja da Concei\u00e7\u00e3o - IMA | Visit Braga\",\"isPartOf\":{\"@id\":\"https:\\\/\\\/visitbraga.travel\\\/#website\"},\"primaryImageOfPage\":{\"@id\":\"https:\\\/\\\/visitbraga.travel\\\/highlights\\\/monumentos\\\/igreja-da-conceicao-ima\\\/#primaryimage\"},\"image\":{\"@id\":\"https:\\\/\\\/visitbraga.travel\\\/highlights\\\/monumentos\\\/igreja-da-conceicao-ima\\\/#primaryimage\"},\"thumbnailUrl\":\"https:\\\/\\\/visitbraga.travel\\\/wp-content\\\/uploads\\\/2025\\\/08\\\/instituo-monsenhor-airosa.jpg\",\"datePublished\":\"2025-08-06T11:01:02+00:00\",\"description\":\"A igreja est\u00e1 apenas aberta ao p\u00fablico no dia 8 de dezembro e durante o Tr\u00edduo Pascal, sendo por isso um dos templos menos conhecidos da cidade.\",\"inLanguage\":\"en-US\",\"potentialAction\":[{\"@type\":\"ReadAction\",\"target\":[\"https:\\\/\\\/visitbraga.travel\\\/highlights\\\/monumentos\\\/igreja-da-conceicao-ima\\\/\"]}]},{\"@type\":\"ImageObject\",\"inLanguage\":\"en-US\",\"@id\":\"https:\\\/\\\/visitbraga.travel\\\/highlights\\\/monumentos\\\/igreja-da-conceicao-ima\\\/#primaryimage\",\"url\":\"https:\\\/\\\/visitbraga.travel\\\/wp-content\\\/uploads\\\/2025\\\/08\\\/instituo-monsenhor-airosa.jpg\",\"contentUrl\":\"https:\\\/\\\/visitbraga.travel\\\/wp-content\\\/uploads\\\/2025\\\/08\\\/instituo-monsenhor-airosa.jpg\",\"width\":2048,\"height\":1365},{\"@type\":\"WebSite\",\"@id\":\"https:\\\/\\\/visitbraga.travel\\\/#website\",\"url\":\"https:\\\/\\\/visitbraga.travel\\\/\",\"name\":\"Visit Braga\",\"description\":\"Turismo Braga | Site Oficial de Braga\",\"publisher\":{\"@id\":\"https:\\\/\\\/visitbraga.travel\\\/#organization\"},\"potentialAction\":[{\"@type\":\"SearchAction\",\"target\":{\"@type\":\"EntryPoint\",\"urlTemplate\":\"https:\\\/\\\/visitbraga.travel\\\/?s={search_term_string}\"},\"query-input\":{\"@type\":\"PropertyValueSpecification\",\"valueRequired\":true,\"valueName\":\"search_term_string\"}}],\"inLanguage\":\"en-US\"},{\"@type\":\"Organization\",\"@id\":\"https:\\\/\\\/visitbraga.travel\\\/#organization\",\"name\":\"Visit Braga\",\"url\":\"https:\\\/\\\/visitbraga.travel\\\/\",\"logo\":{\"@type\":\"ImageObject\",\"inLanguage\":\"en-US\",\"@id\":\"https:\\\/\\\/visitbraga.travel\\\/#\\\/schema\\\/logo\\\/image\\\/\",\"url\":\"https:\\\/\\\/visitbraga.travel\\\/wp-content\\\/uploads\\\/2025\\\/05\\\/visit-braga.jpg\",\"contentUrl\":\"https:\\\/\\\/visitbraga.travel\\\/wp-content\\\/uploads\\\/2025\\\/05\\\/visit-braga.jpg\",\"width\":2400,\"height\":1256,\"caption\":\"Visit Braga\"},\"image\":{\"@id\":\"https:\\\/\\\/visitbraga.travel\\\/#\\\/schema\\\/logo\\\/image\\\/\"},\"sameAs\":[\"https:\\\/\\\/www.facebook.com\\\/visitbraga.travel\\\/\",\"https:\\\/\\\/x.com\\\/VisitBraga\"]}]}<\/script>\n<!-- \/ Yoast SEO plugin. -->","yoast_head_json":{"title":"Igreja da Concei\u00e7\u00e3o - IMA | Visit Braga","description":"The church is only open to the public on December 8th and during the Easter Triduum, making it one of the least known temples in the city.","robots":{"index":"index","follow":"follow","max-snippet":"max-snippet:-1","max-image-preview":"max-image-preview:large","max-video-preview":"max-video-preview:-1"},"canonical":"https:\/\/visitbraga.travel\/en\/highlights\/monumentos\/igreja-da-conceicao-ima\/","og_locale":"en_US","og_type":"article","og_title":"Igreja da Concei\u00e7\u00e3o - IMA | Visit Braga","og_description":"A igreja est\u00e1 apenas aberta ao p\u00fablico no dia 8 de dezembro e durante o Tr\u00edduo Pascal, sendo por isso um dos templos menos conhecidos da cidade.","og_url":"https:\/\/visitbraga.travel\/en\/highlights\/monumentos\/igreja-da-conceicao-ima\/","og_site_name":"Visit Braga","article_publisher":"https:\/\/www.facebook.com\/visitbraga.travel\/","og_image":[{"width":2048,"height":1365,"url":"https:\/\/visitbraga.travel\/wp-content\/uploads\/2025\/08\/instituo-monsenhor-airosa.jpg","type":"image\/jpeg"}],"twitter_card":"summary_large_image","twitter_site":"@VisitBraga","twitter_misc":{"Est. reading time":"1 minute"},"schema":{"@context":"https:\/\/schema.org","@graph":[{"@type":"WebPage","@id":"https:\/\/visitbraga.travel\/highlights\/monumentos\/igreja-da-conceicao-ima\/","url":"https:\/\/visitbraga.travel\/highlights\/monumentos\/igreja-da-conceicao-ima\/","name":"Igreja da Concei\u00e7\u00e3o - IMA | Visit Braga","isPartOf":{"@id":"https:\/\/visitbraga.travel\/#website"},"primaryImageOfPage":{"@id":"https:\/\/visitbraga.travel\/highlights\/monumentos\/igreja-da-conceicao-ima\/#primaryimage"},"image":{"@id":"https:\/\/visitbraga.travel\/highlights\/monumentos\/igreja-da-conceicao-ima\/#primaryimage"},"thumbnailUrl":"https:\/\/visitbraga.travel\/wp-content\/uploads\/2025\/08\/instituo-monsenhor-airosa.jpg","datePublished":"2025-08-06T11:01:02+00:00","description":"The church is only open to the public on December 8th and during the Easter Triduum, making it one of the least known temples in the city.","inLanguage":"en-US","potentialAction":[{"@type":"ReadAction","target":["https:\/\/visitbraga.travel\/highlights\/monumentos\/igreja-da-conceicao-ima\/"]}]},{"@type":"ImageObject","inLanguage":"en-US","@id":"https:\/\/visitbraga.travel\/highlights\/monumentos\/igreja-da-conceicao-ima\/#primaryimage","url":"https:\/\/visitbraga.travel\/wp-content\/uploads\/2025\/08\/instituo-monsenhor-airosa.jpg","contentUrl":"https:\/\/visitbraga.travel\/wp-content\/uploads\/2025\/08\/instituo-monsenhor-airosa.jpg","width":2048,"height":1365},{"@type":"WebSite","@id":"https:\/\/visitbraga.travel\/#website","url":"https:\/\/visitbraga.travel\/","name":"Visit Braga","description":"Turismo Braga | Site Oficial de Braga","publisher":{"@id":"https:\/\/visitbraga.travel\/#organization"},"potentialAction":[{"@type":"SearchAction","target":{"@type":"EntryPoint","urlTemplate":"https:\/\/visitbraga.travel\/?s={search_term_string}"},"query-input":{"@type":"PropertyValueSpecification","valueRequired":true,"valueName":"search_term_string"}}],"inLanguage":"en-US"},{"@type":"Organization","@id":"https:\/\/visitbraga.travel\/#organization","name":"Visit Braga","url":"https:\/\/visitbraga.travel\/","logo":{"@type":"ImageObject","inLanguage":"en-US","@id":"https:\/\/visitbraga.travel\/#\/schema\/logo\/image\/","url":"https:\/\/visitbraga.travel\/wp-content\/uploads\/2025\/05\/visit-braga.jpg","contentUrl":"https:\/\/visitbraga.travel\/wp-content\/uploads\/2025\/05\/visit-braga.jpg","width":2400,"height":1256,"caption":"Visit Braga"},"image":{"@id":"https:\/\/visitbraga.travel\/#\/schema\/logo\/image\/"},"sameAs":["https:\/\/www.facebook.com\/visitbraga.travel\/","https:\/\/x.com\/VisitBraga"]}]}},"_links":{"self":[{"href":"https:\/\/visitbraga.travel\/en\/wp-json\/wp\/v2\/highlight\/12281","targetHints":{"allow":["GET"]}}],"collection":[{"href":"https:\/\/visitbraga.travel\/en\/wp-json\/wp\/v2\/highlight"}],"about":[{"href":"https:\/\/visitbraga.travel\/en\/wp-json\/wp\/v2\/types\/highlight"}],"version-history":[{"count":0,"href":"https:\/\/visitbraga.travel\/en\/wp-json\/wp\/v2\/highlight\/12281\/revisions"}],"wp:featuredmedia":[{"embeddable":true,"href":"https:\/\/visitbraga.travel\/en\/wp-json\/wp\/v2\/media\/12282"}],"wp:attachment":[{"href":"https:\/\/visitbraga.travel\/en\/wp-json\/wp\/v2\/media?parent=12281"}],"wp:term":[{"taxonomy":"highlight_category","embeddable":true,"href":"https:\/\/visitbraga.travel\/en\/wp-json\/wp\/v2\/highlight_category?post=12281"}],"curies":[{"name":"wp","href":"https:\/\/api.w.org\/{rel}","templated":true}]}}

Conceição Church - IMA

<p>Dating back to 1728, the Conceição Church replaced the old Conceição Convent, whose building is now occupied by the Monsenhor Airosa Institute (IMA). In Baroque style, it stands out for its rich decoration: a high altarpiece, gilded panels, a pulpit, an organ restored in the 20th century, tile panels with Marian themes and six oil paintings in the chancel, where Monsignor Ferreira Airosa's tomb is located.</p>
<p>On the left side of the nave, there is also an altar dedicated to Our Lady of Lourdes, built by the founder of the Institute as a sign of gratitude. The church is only open to the public on December 8th and during the Easter Triduum, making it one of the least known temples in the city.</p>

<!-- This site is optimized with the Yoast SEO plugin v27.5 - https://yoast.com/product/yoast-seo-wordpress/ -->
<title>Igreja da Conceição - IMA | Visit Braga</title>
<meta name="description" content="A igreja está apenas aberta ao público no dia 8 de dezembro e durante o Tríduo Pascal, sendo por isso um dos templos menos conhecidos da cidade." />
<meta name="robots" content="index, follow, max-snippet:-1, max-image-preview:large, max-video-preview:-1" />
<link rel="canonical" href="https://visitbraga.travel/en/highlights/monumentos/igreja-da-conceicao-ima/" />
<meta property="og:locale" content="en_US" />
<meta property="og:type" content="article" />
<meta property="og:title" content="Igreja da Conceição - IMA | Visit Braga" />
<meta property="og:description" content="A igreja está apenas aberta ao público no dia 8 de dezembro e durante o Tríduo Pascal, sendo por isso um dos templos menos conhecidos da cidade." />
<meta property="og:url" content="https://visitbraga.travel/en/highlights/monumentos/igreja-da-conceicao-ima/" />
<meta property="og:site_name" content="Visit Braga" />
<meta property="article:publisher" content="https://www.facebook.com/visitbraga.travel/" />
<meta property="og:image" content="https://visitbraga.travel/wp-content/uploads/2025/08/instituo-monsenhor-airosa.jpg" />
	<meta property="og:image:width" content="2048" />
	<meta property="og:image:height" content="1365" />
	<meta property="og:image:type" content="image/jpeg" />
<meta name="twitter:card" content="summary_large_image" />
<meta name="twitter:site" content="@VisitBraga" />
<meta name="twitter:label1" content="Est. reading time" />
	<meta name="twitter:data1" content="1 minute" />
<script type="application/ld+json" class="yoast-schema-graph">{"@context":"https:\/\/schema.org","@graph":[{"@type":"WebPage","@id":"https:\/\/visitbraga.travel\/highlights\/monumentos\/igreja-da-conceicao-ima\/","url":"https:\/\/visitbraga.travel\/highlights\/monumentos\/igreja-da-conceicao-ima\/","name":"Igreja da Conceição - IMA | Visit Braga","isPartOf":{"@id":"https:\/\/visitbraga.travel\/#website"},"primaryImageOfPage":{"@id":"https:\/\/visitbraga.travel\/highlights\/monumentos\/igreja-da-conceicao-ima\/#primaryimage"},"image":{"@id":"https:\/\/visitbraga.travel\/highlights\/monumentos\/igreja-da-conceicao-ima\/#primaryimage"},"thumbnailUrl":"https:\/\/visitbraga.travel\/wp-content\/uploads\/2025\/08\/instituo-monsenhor-airosa.jpg","datePublished":"2025-08-06T11:01:02+00:00","description":"A igreja está apenas aberta ao público no dia 8 de dezembro e durante o Tríduo Pascal, sendo por isso um dos templos menos conhecidos da cidade.","inLanguage":"en-US","potentialAction":[{"@type":"ReadAction","target":["https:\/\/visitbraga.travel\/highlights\/monumentos\/igreja-da-conceicao-ima\/"]}]},{"@type":"ImageObject","inLanguage":"en-US","@id":"https:\/\/visitbraga.travel\/highlights\/monumentos\/igreja-da-conceicao-ima\/#primaryimage","url":"https:\/\/visitbraga.travel\/wp-content\/uploads\/2025\/08\/instituo-monsenhor-airosa.jpg","contentUrl":"https:\/\/visitbraga.travel\/wp-content\/uploads\/2025\/08\/instituo-monsenhor-airosa.jpg","width":2048,"height":1365},{"@type":"WebSite","@id":"https:\/\/visitbraga.travel\/#website","url":"https:\/\/visitbraga.travel\/","name":"Visit Braga","description":"Turismo Braga | Site Oficial de Braga","publisher":{"@id":"https:\/\/visitbraga.travel\/#organization"},"potentialAction":[{"@type":"SearchAction","target":{"@type":"EntryPoint","urlTemplate":"https:\/\/visitbraga.travel\/?s={search_term_string}"},"query-input":{"@type":"PropertyValueSpecification","valueRequired":true,"valueName":"search_term_string"}}],"inLanguage":"en-US"},{"@type":"Organization","@id":"https:\/\/visitbraga.travel\/#organization","name":"Visit Braga","url":"https:\/\/visitbraga.travel\/","logo":{"@type":"ImageObject","inLanguage":"en-US","@id":"https:\/\/visitbraga.travel\/#\/schema\/logo\/image\/","url":"https:\/\/visitbraga.travel\/wp-content\/uploads\/2025\/05\/visit-braga.jpg","contentUrl":"https:\/\/visitbraga.travel\/wp-content\/uploads\/2025\/05\/visit-braga.jpg","width":2400,"height":1256,"caption":"Visit Braga"},"image":{"@id":"https:\/\/visitbraga.travel\/#\/schema\/logo\/image\/"},"sameAs":["https:\/\/www.facebook.com\/visitbraga.travel\/","https:\/\/x.com\/VisitBraga"]}]}</script>
<!-- / Yoast SEO plugin. -->

Igreja da Conceição - IMA | Visit Braga

A igreja está apenas aberta ao público no dia 8 de dezembro e durante o Tríduo Pascal, sendo por isso um dos templos menos conhecidos da cidade.
