{"id":6078,"date":"2025-05-22T17:19:39","date_gmt":"2025-05-22T16:19:39","guid":{"rendered":"https:\/\/visitbraga.travel\/highlights\/%highlight_category%\/monumento-aos-arcebispos-de-braga\/"},"modified":"2025-07-25T13:11:51","modified_gmt":"2025-07-25T12:11:51","slug":"monumento-aos-arcebispos-de-braga","status":"publish","type":"highlight","link":"https:\/\/visitbraga.travel\/en\/highlights\/arte-urbana\/monumento-aos-arcebispos-de-braga\/","title":{"rendered":"Monument to the Archbishops of Braga"},"content":{"rendered":"<p>O monumento evocativo aos Arcebispos de Braga, inaugurado em 2002, foi o vencedor de um concurso p\u00fablico, promovido pela C\u00e2mara de Braga, em 1989, no entanto o projeto s\u00f3 viria a ser executado 12 anos depois, em 2001, gra\u00e7as ao contributo do Monsenhor Eduardo Melo Peixoto e instalado no Rossio da S\u00e9, na pra\u00e7a que se abre em frente \u00e0 fachada lateral da S\u00e9 Catedral.<br \/>\nConcebido pelo escultor Jos\u00e9 Pacheco e pelo arquiteto Ramalhete Barbosa, o monumento compreende uma gigantesca estrutura de bronze, onde s\u00e3o representadas v\u00e1rias imagens alusivas aos arcebispos, simbolizando e evocando a a\u00e7\u00e3o representativa dos Arcebispos de Braga ao longo da Hist\u00f3ria.<\/p>\n<p>Ao centro, ergue-se uma cruz episcopal, em ferro, com seis metros de altura, e ao lado, uma est\u00e1tua feminina, em bronze, que representa a imagem Aleg\u00f3rica da Cidade de Braga. Na parede lateral, formando um &#8220;L&#8221; encontram-se 17 bras\u00f5es que correspondem aos concelhos que comp\u00f5e a Arquidiocese de Braga.<\/p>\n<p>&nbsp;<\/p>","protected":false},"excerpt":{"rendered":"<p>Designed by sculptor Jos\u00e9 Pacheco and architect Ramalhete Barbosa.<\/p>","protected":false},"featured_media":9801,"template":"","highlight_category":[94],"class_list":["post-6078","highlight","type-highlight","status-publish","has-post-thumbnail","hentry","highlight_category-braga-em-obras"],"acf":[],"yoast_head":"<!-- This site is optimized with the Yoast SEO plugin v27.5 - https:\/\/yoast.com\/product\/yoast-seo-wordpress\/ -->\n<title>Monumento aos Arcebispos de Braga | Visit Braga<\/title>\n<meta name=\"description\" content=\"Concebido pelo escultor Jos\u00e9 Pacheco e pelo arquiteto Ramalhete Barbosa.\" \/>\n<meta name=\"robots\" content=\"index, follow, max-snippet:-1, max-image-preview:large, max-video-preview:-1\" \/>\n<link rel=\"canonical\" href=\"https:\/\/visitbraga.travel\/en\/highlights\/arte-urbana\/monumento-aos-arcebispos-de-braga\/\" \/>\n<meta property=\"og:locale\" content=\"en_US\" \/>\n<meta property=\"og:type\" content=\"article\" \/>\n<meta property=\"og:title\" content=\"Monumento aos Arcebispos de Braga | Visit Braga\" \/>\n<meta property=\"og:description\" content=\"Concebido pelo escultor Jos\u00e9 Pacheco e pelo arquiteto Ramalhete Barbosa.\" \/>\n<meta property=\"og:url\" content=\"https:\/\/visitbraga.travel\/en\/highlights\/arte-urbana\/monumento-aos-arcebispos-de-braga\/\" \/>\n<meta property=\"og:site_name\" content=\"Visit Braga\" \/>\n<meta property=\"article:publisher\" content=\"https:\/\/www.facebook.com\/visitbraga.travel\/\" \/>\n<meta property=\"article:modified_time\" content=\"2025-07-25T12:11:51+00:00\" \/>\n<meta property=\"og:image\" content=\"https:\/\/visitbraga.travel\/wp-content\/uploads\/2025\/05\/IMG-20250725-WA0019.jpg\" \/>\n\t<meta property=\"og:image:width\" content=\"1600\" \/>\n\t<meta property=\"og:image:height\" content=\"1066\" \/>\n\t<meta property=\"og:image:type\" content=\"image\/jpeg\" \/>\n<meta name=\"twitter:card\" content=\"summary_large_image\" \/>\n<meta name=\"twitter:site\" content=\"@VisitBraga\" \/>\n<meta name=\"twitter:label1\" content=\"Est. reading time\" \/>\n\t<meta name=\"twitter:data1\" content=\"1 minute\" \/>\n<script type=\"application\/ld+json\" class=\"yoast-schema-graph\">{\"@context\":\"https:\\\/\\\/schema.org\",\"@graph\":[{\"@type\":\"WebPage\",\"@id\":\"https:\\\/\\\/visitbraga.travel\\\/highlights\\\/arte-urbana\\\/monumento-aos-arcebispos-de-braga\\\/\",\"url\":\"https:\\\/\\\/visitbraga.travel\\\/highlights\\\/arte-urbana\\\/monumento-aos-arcebispos-de-braga\\\/\",\"name\":\"Monumento aos Arcebispos de Braga | Visit Braga\",\"isPartOf\":{\"@id\":\"https:\\\/\\\/visitbraga.travel\\\/#website\"},\"primaryImageOfPage\":{\"@id\":\"https:\\\/\\\/visitbraga.travel\\\/highlights\\\/arte-urbana\\\/monumento-aos-arcebispos-de-braga\\\/#primaryimage\"},\"image\":{\"@id\":\"https:\\\/\\\/visitbraga.travel\\\/highlights\\\/arte-urbana\\\/monumento-aos-arcebispos-de-braga\\\/#primaryimage\"},\"thumbnailUrl\":\"https:\\\/\\\/visitbraga.travel\\\/wp-content\\\/uploads\\\/2025\\\/05\\\/IMG-20250725-WA0019.jpg\",\"datePublished\":\"2025-05-22T16:19:39+00:00\",\"dateModified\":\"2025-07-25T12:11:51+00:00\",\"description\":\"Concebido pelo escultor Jos\u00e9 Pacheco e pelo arquiteto Ramalhete Barbosa.\",\"inLanguage\":\"en-US\",\"potentialAction\":[{\"@type\":\"ReadAction\",\"target\":[\"https:\\\/\\\/visitbraga.travel\\\/highlights\\\/arte-urbana\\\/monumento-aos-arcebispos-de-braga\\\/\"]}]},{\"@type\":\"ImageObject\",\"inLanguage\":\"en-US\",\"@id\":\"https:\\\/\\\/visitbraga.travel\\\/highlights\\\/arte-urbana\\\/monumento-aos-arcebispos-de-braga\\\/#primaryimage\",\"url\":\"https:\\\/\\\/visitbraga.travel\\\/wp-content\\\/uploads\\\/2025\\\/05\\\/IMG-20250725-WA0019.jpg\",\"contentUrl\":\"https:\\\/\\\/visitbraga.travel\\\/wp-content\\\/uploads\\\/2025\\\/05\\\/IMG-20250725-WA0019.jpg\",\"width\":1600,\"height\":1066},{\"@type\":\"WebSite\",\"@id\":\"https:\\\/\\\/visitbraga.travel\\\/#website\",\"url\":\"https:\\\/\\\/visitbraga.travel\\\/\",\"name\":\"Visit Braga\",\"description\":\"Turismo Braga | Site Oficial de Braga\",\"publisher\":{\"@id\":\"https:\\\/\\\/visitbraga.travel\\\/#organization\"},\"potentialAction\":[{\"@type\":\"SearchAction\",\"target\":{\"@type\":\"EntryPoint\",\"urlTemplate\":\"https:\\\/\\\/visitbraga.travel\\\/?s={search_term_string}\"},\"query-input\":{\"@type\":\"PropertyValueSpecification\",\"valueRequired\":true,\"valueName\":\"search_term_string\"}}],\"inLanguage\":\"en-US\"},{\"@type\":\"Organization\",\"@id\":\"https:\\\/\\\/visitbraga.travel\\\/#organization\",\"name\":\"Visit Braga\",\"url\":\"https:\\\/\\\/visitbraga.travel\\\/\",\"logo\":{\"@type\":\"ImageObject\",\"inLanguage\":\"en-US\",\"@id\":\"https:\\\/\\\/visitbraga.travel\\\/#\\\/schema\\\/logo\\\/image\\\/\",\"url\":\"https:\\\/\\\/visitbraga.travel\\\/wp-content\\\/uploads\\\/2025\\\/05\\\/visit-braga.jpg\",\"contentUrl\":\"https:\\\/\\\/visitbraga.travel\\\/wp-content\\\/uploads\\\/2025\\\/05\\\/visit-braga.jpg\",\"width\":2400,\"height\":1256,\"caption\":\"Visit Braga\"},\"image\":{\"@id\":\"https:\\\/\\\/visitbraga.travel\\\/#\\\/schema\\\/logo\\\/image\\\/\"},\"sameAs\":[\"https:\\\/\\\/www.facebook.com\\\/visitbraga.travel\\\/\",\"https:\\\/\\\/x.com\\\/VisitBraga\"]}]}<\/script>\n<!-- \/ Yoast SEO plugin. -->","yoast_head_json":{"title":"Monumento aos Arcebispos de Braga | Visit Braga","description":"Designed by sculptor Jos\u00e9 Pacheco and architect Ramalhete Barbosa.","robots":{"index":"index","follow":"follow","max-snippet":"max-snippet:-1","max-image-preview":"max-image-preview:large","max-video-preview":"max-video-preview:-1"},"canonical":"https:\/\/visitbraga.travel\/en\/highlights\/arte-urbana\/monumento-aos-arcebispos-de-braga\/","og_locale":"en_US","og_type":"article","og_title":"Monumento aos Arcebispos de Braga | Visit Braga","og_description":"Concebido pelo escultor Jos\u00e9 Pacheco e pelo arquiteto Ramalhete Barbosa.","og_url":"https:\/\/visitbraga.travel\/en\/highlights\/arte-urbana\/monumento-aos-arcebispos-de-braga\/","og_site_name":"Visit Braga","article_publisher":"https:\/\/www.facebook.com\/visitbraga.travel\/","article_modified_time":"2025-07-25T12:11:51+00:00","og_image":[{"width":1600,"height":1066,"url":"https:\/\/visitbraga.travel\/wp-content\/uploads\/2025\/05\/IMG-20250725-WA0019.jpg","type":"image\/jpeg"}],"twitter_card":"summary_large_image","twitter_site":"@VisitBraga","twitter_misc":{"Est. reading time":"1 minute"},"schema":{"@context":"https:\/\/schema.org","@graph":[{"@type":"WebPage","@id":"https:\/\/visitbraga.travel\/highlights\/arte-urbana\/monumento-aos-arcebispos-de-braga\/","url":"https:\/\/visitbraga.travel\/highlights\/arte-urbana\/monumento-aos-arcebispos-de-braga\/","name":"Monumento aos Arcebispos de Braga | Visit Braga","isPartOf":{"@id":"https:\/\/visitbraga.travel\/#website"},"primaryImageOfPage":{"@id":"https:\/\/visitbraga.travel\/highlights\/arte-urbana\/monumento-aos-arcebispos-de-braga\/#primaryimage"},"image":{"@id":"https:\/\/visitbraga.travel\/highlights\/arte-urbana\/monumento-aos-arcebispos-de-braga\/#primaryimage"},"thumbnailUrl":"https:\/\/visitbraga.travel\/wp-content\/uploads\/2025\/05\/IMG-20250725-WA0019.jpg","datePublished":"2025-05-22T16:19:39+00:00","dateModified":"2025-07-25T12:11:51+00:00","description":"Designed by sculptor Jos\u00e9 Pacheco and architect Ramalhete Barbosa.","inLanguage":"en-US","potentialAction":[{"@type":"ReadAction","target":["https:\/\/visitbraga.travel\/highlights\/arte-urbana\/monumento-aos-arcebispos-de-braga\/"]}]},{"@type":"ImageObject","inLanguage":"en-US","@id":"https:\/\/visitbraga.travel\/highlights\/arte-urbana\/monumento-aos-arcebispos-de-braga\/#primaryimage","url":"https:\/\/visitbraga.travel\/wp-content\/uploads\/2025\/05\/IMG-20250725-WA0019.jpg","contentUrl":"https:\/\/visitbraga.travel\/wp-content\/uploads\/2025\/05\/IMG-20250725-WA0019.jpg","width":1600,"height":1066},{"@type":"WebSite","@id":"https:\/\/visitbraga.travel\/#website","url":"https:\/\/visitbraga.travel\/","name":"Visit Braga","description":"Turismo Braga | Site Oficial de Braga","publisher":{"@id":"https:\/\/visitbraga.travel\/#organization"},"potentialAction":[{"@type":"SearchAction","target":{"@type":"EntryPoint","urlTemplate":"https:\/\/visitbraga.travel\/?s={search_term_string}"},"query-input":{"@type":"PropertyValueSpecification","valueRequired":true,"valueName":"search_term_string"}}],"inLanguage":"en-US"},{"@type":"Organization","@id":"https:\/\/visitbraga.travel\/#organization","name":"Visit Braga","url":"https:\/\/visitbraga.travel\/","logo":{"@type":"ImageObject","inLanguage":"en-US","@id":"https:\/\/visitbraga.travel\/#\/schema\/logo\/image\/","url":"https:\/\/visitbraga.travel\/wp-content\/uploads\/2025\/05\/visit-braga.jpg","contentUrl":"https:\/\/visitbraga.travel\/wp-content\/uploads\/2025\/05\/visit-braga.jpg","width":2400,"height":1256,"caption":"Visit Braga"},"image":{"@id":"https:\/\/visitbraga.travel\/#\/schema\/logo\/image\/"},"sameAs":["https:\/\/www.facebook.com\/visitbraga.travel\/","https:\/\/x.com\/VisitBraga"]}]}},"_links":{"self":[{"href":"https:\/\/visitbraga.travel\/en\/wp-json\/wp\/v2\/highlight\/6078","targetHints":{"allow":["GET"]}}],"collection":[{"href":"https:\/\/visitbraga.travel\/en\/wp-json\/wp\/v2\/highlight"}],"about":[{"href":"https:\/\/visitbraga.travel\/en\/wp-json\/wp\/v2\/types\/highlight"}],"version-history":[{"count":0,"href":"https:\/\/visitbraga.travel\/en\/wp-json\/wp\/v2\/highlight\/6078\/revisions"}],"wp:featuredmedia":[{"embeddable":true,"href":"https:\/\/visitbraga.travel\/en\/wp-json\/wp\/v2\/media\/9801"}],"wp:attachment":[{"href":"https:\/\/visitbraga.travel\/en\/wp-json\/wp\/v2\/media?parent=6078"}],"wp:term":[{"taxonomy":"highlight_category","embeddable":true,"href":"https:\/\/visitbraga.travel\/en\/wp-json\/wp\/v2\/highlight_category?post=6078"}],"curies":[{"name":"wp","href":"https:\/\/api.w.org\/{rel}","templated":true}]}}

<p>O monumento evocativo aos Arcebispos de Braga, inaugurado em 2002, foi o vencedor de um concurso público, promovido pela Câmara de Braga, em 1989, no entanto o projeto só viria a ser executado 12 anos depois, em 2001, graças ao contributo do Monsenhor Eduardo Melo Peixoto e instalado no Rossio da Sé, na praça que se abre em frente à fachada lateral da Sé Catedral.<br />
Concebido pelo escultor José Pacheco e pelo arquiteto Ramalhete Barbosa, o monumento compreende uma gigantesca estrutura de bronze, onde são representadas várias imagens alusivas aos arcebispos, simbolizando e evocando a ação representativa dos Arcebispos de Braga ao longo da História.</p>
<p>Ao centro, ergue-se uma cruz episcopal, em ferro, com seis metros de altura, e ao lado, uma estátua feminina, em bronze, que representa a imagem Alegórica da Cidade de Braga. Na parede lateral, formando um &#8220;L&#8221; encontram-se 17 brasões que correspondem aos concelhos que compõe a Arquidiocese de Braga.</p>
<p>&nbsp;</p>

<p>Designed by sculptor José Pacheco and architect Ramalhete Barbosa.</p>

<!-- This site is optimized with the Yoast SEO plugin v27.5 - https://yoast.com/product/yoast-seo-wordpress/ -->
<title>Monumento aos Arcebispos de Braga | Visit Braga</title>
<meta name="description" content="Concebido pelo escultor José Pacheco e pelo arquiteto Ramalhete Barbosa." />
<meta name="robots" content="index, follow, max-snippet:-1, max-image-preview:large, max-video-preview:-1" />
<link rel="canonical" href="https://visitbraga.travel/en/highlights/arte-urbana/monumento-aos-arcebispos-de-braga/" />
<meta property="og:locale" content="en_US" />
<meta property="og:type" content="article" />
<meta property="og:title" content="Monumento aos Arcebispos de Braga | Visit Braga" />
<meta property="og:description" content="Concebido pelo escultor José Pacheco e pelo arquiteto Ramalhete Barbosa." />
<meta property="og:url" content="https://visitbraga.travel/en/highlights/arte-urbana/monumento-aos-arcebispos-de-braga/" />
<meta property="og:site_name" content="Visit Braga" />
<meta property="article:publisher" content="https://www.facebook.com/visitbraga.travel/" />
<meta property="article:modified_time" content="2025-07-25T12:11:51+00:00" />
<meta property="og:image" content="https://visitbraga.travel/wp-content/uploads/2025/05/IMG-20250725-WA0019.jpg" />
	<meta property="og:image:width" content="1600" />
	<meta property="og:image:height" content="1066" />
	<meta property="og:image:type" content="image/jpeg" />
<meta name="twitter:card" content="summary_large_image" />
<meta name="twitter:site" content="@VisitBraga" />
<meta name="twitter:label1" content="Est. reading time" />
	<meta name="twitter:data1" content="1 minute" />
<script type="application/ld+json" class="yoast-schema-graph">{"@context":"https:\/\/schema.org","@graph":[{"@type":"WebPage","@id":"https:\/\/visitbraga.travel\/highlights\/arte-urbana\/monumento-aos-arcebispos-de-braga\/","url":"https:\/\/visitbraga.travel\/highlights\/arte-urbana\/monumento-aos-arcebispos-de-braga\/","name":"Monumento aos Arcebispos de Braga | Visit Braga","isPartOf":{"@id":"https:\/\/visitbraga.travel\/#website"},"primaryImageOfPage":{"@id":"https:\/\/visitbraga.travel\/highlights\/arte-urbana\/monumento-aos-arcebispos-de-braga\/#primaryimage"},"image":{"@id":"https:\/\/visitbraga.travel\/highlights\/arte-urbana\/monumento-aos-arcebispos-de-braga\/#primaryimage"},"thumbnailUrl":"https:\/\/visitbraga.travel\/wp-content\/uploads\/2025\/05\/IMG-20250725-WA0019.jpg","datePublished":"2025-05-22T16:19:39+00:00","dateModified":"2025-07-25T12:11:51+00:00","description":"Concebido pelo escultor José Pacheco e pelo arquiteto Ramalhete Barbosa.","inLanguage":"en-US","potentialAction":[{"@type":"ReadAction","target":["https:\/\/visitbraga.travel\/highlights\/arte-urbana\/monumento-aos-arcebispos-de-braga\/"]}]},{"@type":"ImageObject","inLanguage":"en-US","@id":"https:\/\/visitbraga.travel\/highlights\/arte-urbana\/monumento-aos-arcebispos-de-braga\/#primaryimage","url":"https:\/\/visitbraga.travel\/wp-content\/uploads\/2025\/05\/IMG-20250725-WA0019.jpg","contentUrl":"https:\/\/visitbraga.travel\/wp-content\/uploads\/2025\/05\/IMG-20250725-WA0019.jpg","width":1600,"height":1066},{"@type":"WebSite","@id":"https:\/\/visitbraga.travel\/#website","url":"https:\/\/visitbraga.travel\/","name":"Visit Braga","description":"Turismo Braga | Site Oficial de Braga","publisher":{"@id":"https:\/\/visitbraga.travel\/#organization"},"potentialAction":[{"@type":"SearchAction","target":{"@type":"EntryPoint","urlTemplate":"https:\/\/visitbraga.travel\/?s={search_term_string}"},"query-input":{"@type":"PropertyValueSpecification","valueRequired":true,"valueName":"search_term_string"}}],"inLanguage":"en-US"},{"@type":"Organization","@id":"https:\/\/visitbraga.travel\/#organization","name":"Visit Braga","url":"https:\/\/visitbraga.travel\/","logo":{"@type":"ImageObject","inLanguage":"en-US","@id":"https:\/\/visitbraga.travel\/#\/schema\/logo\/image\/","url":"https:\/\/visitbraga.travel\/wp-content\/uploads\/2025\/05\/visit-braga.jpg","contentUrl":"https:\/\/visitbraga.travel\/wp-content\/uploads\/2025\/05\/visit-braga.jpg","width":2400,"height":1256,"caption":"Visit Braga"},"image":{"@id":"https:\/\/visitbraga.travel\/#\/schema\/logo\/image\/"},"sameAs":["https:\/\/www.facebook.com\/visitbraga.travel\/","https:\/\/x.com\/VisitBraga"]}]}</script>
<!-- / Yoast SEO plugin. -->

Designed by sculptor José Pacheco and architect Ramalhete Barbosa.

Concebido pelo escultor José Pacheco e pelo arquiteto Ramalhete Barbosa.
