{"id":6784,"date":"2025-07-17T11:38:13","date_gmt":"2025-07-17T10:38:13","guid":{"rendered":"https:\/\/visitbraga.travel\/highlights\/%highlight_category%\/feira-das-tapecarias\/"},"modified":"2025-07-25T11:47:16","modified_gmt":"2025-07-25T10:47:16","slug":"feira-das-tapecarias","status":"publish","type":"highlight","link":"https:\/\/visitbraga.travel\/en\/highlights\/comercio-local\/feira-das-tapecarias\/","title":{"rendered":"Tapestry Fair"},"content":{"rendered":"<p><strong>The store<\/strong><br \/>\nFeira das Tape\u00e7arias is an establishment that is identified by consumers as a place of reference and unique in Braga for selling exclusive items from Portugal, such as \"Tapetes de Arraiolos\", \"Tape\u00e7arias de Portalegre\" and \"Tapetes de Beiriz\", but also for having a collection of tapestries from all over the world such as traditional Persian carpets, silk carpets, \"Afghan\", \"Kilim\" or \"Ziegler\". On the other hand, in addition to distinguishing itself by the quality of the products it sells, \"Feira das Tape\u00e7arias\" stands out for having its own brand applied to its service, which allows customers to receive a differentiated and qualified service, which is recognized and requested by consumers from all over the country and the world.<\/p>\n<p><strong>History<\/strong><br \/>\nThe \"Feira as Tape\u00e7arias\" was founded on October 8, 1968 by Herm\u00ednio Guimar\u00e3es.<br \/>\nIt currently has four physical stores in the city of Braga - at Rua Dr. Justino Cruz, Centro Comercial Santa B\u00e1rbara and Rua do Souto; a store in Guimar\u00e3es - at Rua de Santo Ant\u00f3nio and an online store.<br \/>\nFounded on October 8, 1968. Feira das Tape\u00e7arias is a benchmark in Portugal when it comes to high-quality carpets. It is a business created and maintained within the family. This has been one of the guiding principles throughout the years,<br \/>\nBy preserving the business within the family and keeping its identity the same, the \"Feira das Tape\u00e7arias\" has survived the rapid market changes resulting from changing lifestyles, becoming a distinctive and differentiating element of the city of Braga in its social, economic and cultural dimensions.<\/p>\n<p><strong>Products and services<\/strong><br \/>\nSales and customization of tapestries.<\/p>\n<p><strong>Contact<\/strong><br \/>\n4700-314 Braga<br \/>\nPhone: 253610609<br \/>\nEmail: &#x67;&#101;r&#x61;&#x6c;&#64;f&#x65;&#105;r&#x61;&#x64;&#97;s&#x74;&#97;p&#x65;&#x63;&#97;r&#x69;&#x61;&#115;&#x2e;&#x63;&#111;m<\/p>","protected":false},"excerpt":{"rendered":"<p>Feira das Tape\u00e7arias is a unique establishment selling items such as \"Tapetes de Arraiolos\". <\/p>","protected":false},"featured_media":8119,"template":"","highlight_category":[59],"class_list":["post-6784","highlight","type-highlight","status-publish","has-post-thumbnail","hentry","highlight_category-lojas-com-historia"],"acf":[],"yoast_head":"<!-- This site is optimized with the Yoast SEO plugin v27.5 - https:\/\/yoast.com\/product\/yoast-seo-wordpress\/ -->\n<title>Feira das Tape\u00e7arias | Visit Braga<\/title>\n<meta name=\"description\" content=\"Feira das Tape\u00e7arias \u00e9 um estabelecimento \u00fanico na venda de artigos como os \u201cTapetes de Arraiolos&quot;.\" \/>\n<meta name=\"robots\" content=\"index, follow, max-snippet:-1, max-image-preview:large, max-video-preview:-1\" \/>\n<link rel=\"canonical\" href=\"https:\/\/visitbraga.travel\/en\/highlights\/comercio-local\/feira-das-tapecarias\/\" \/>\n<meta property=\"og:locale\" content=\"en_US\" \/>\n<meta property=\"og:type\" content=\"article\" \/>\n<meta property=\"og:title\" content=\"Feira das Tape\u00e7arias | Visit Braga\" \/>\n<meta property=\"og:description\" content=\"Feira das Tape\u00e7arias \u00e9 um estabelecimento \u00fanico na venda de artigos como os \u201cTapetes de Arraiolos&quot;.\" \/>\n<meta property=\"og:url\" content=\"https:\/\/visitbraga.travel\/en\/highlights\/comercio-local\/feira-das-tapecarias\/\" \/>\n<meta property=\"og:site_name\" content=\"Visit Braga\" \/>\n<meta property=\"article:publisher\" content=\"https:\/\/www.facebook.com\/visitbraga.travel\/\" \/>\n<meta property=\"article:modified_time\" content=\"2025-07-25T10:47:16+00:00\" \/>\n<meta property=\"og:image\" content=\"https:\/\/visitbraga.travel\/wp-content\/uploads\/2025\/07\/tapecaria_1.jpg\" \/>\n\t<meta property=\"og:image:width\" content=\"1332\" \/>\n\t<meta property=\"og:image:height\" content=\"888\" \/>\n\t<meta property=\"og:image:type\" content=\"image\/jpeg\" \/>\n<meta name=\"twitter:card\" content=\"summary_large_image\" \/>\n<meta name=\"twitter:site\" content=\"@VisitBraga\" \/>\n<meta name=\"twitter:label1\" content=\"Est. reading time\" \/>\n\t<meta name=\"twitter:data1\" content=\"5 minutes\" \/>\n<script type=\"application\/ld+json\" class=\"yoast-schema-graph\">{\"@context\":\"https:\\\/\\\/schema.org\",\"@graph\":[{\"@type\":\"WebPage\",\"@id\":\"https:\\\/\\\/visitbraga.travel\\\/highlights\\\/comercio-local\\\/feira-das-tapecarias\\\/\",\"url\":\"https:\\\/\\\/visitbraga.travel\\\/highlights\\\/comercio-local\\\/feira-das-tapecarias\\\/\",\"name\":\"Feira das Tape\u00e7arias | Visit Braga\",\"isPartOf\":{\"@id\":\"https:\\\/\\\/visitbraga.travel\\\/#website\"},\"primaryImageOfPage\":{\"@id\":\"https:\\\/\\\/visitbraga.travel\\\/highlights\\\/comercio-local\\\/feira-das-tapecarias\\\/#primaryimage\"},\"image\":{\"@id\":\"https:\\\/\\\/visitbraga.travel\\\/highlights\\\/comercio-local\\\/feira-das-tapecarias\\\/#primaryimage\"},\"thumbnailUrl\":\"https:\\\/\\\/visitbraga.travel\\\/wp-content\\\/uploads\\\/2025\\\/07\\\/tapecaria_1.jpg\",\"datePublished\":\"2025-07-17T10:38:13+00:00\",\"dateModified\":\"2025-07-25T10:47:16+00:00\",\"description\":\"Feira das Tape\u00e7arias \u00e9 um estabelecimento \u00fanico na venda de artigos como os \u201cTapetes de Arraiolos\\\".\",\"inLanguage\":\"en-US\",\"potentialAction\":[{\"@type\":\"ReadAction\",\"target\":[\"https:\\\/\\\/visitbraga.travel\\\/highlights\\\/comercio-local\\\/feira-das-tapecarias\\\/\"]}]},{\"@type\":\"ImageObject\",\"inLanguage\":\"en-US\",\"@id\":\"https:\\\/\\\/visitbraga.travel\\\/highlights\\\/comercio-local\\\/feira-das-tapecarias\\\/#primaryimage\",\"url\":\"https:\\\/\\\/visitbraga.travel\\\/wp-content\\\/uploads\\\/2025\\\/07\\\/tapecaria_1.jpg\",\"contentUrl\":\"https:\\\/\\\/visitbraga.travel\\\/wp-content\\\/uploads\\\/2025\\\/07\\\/tapecaria_1.jpg\",\"width\":1332,\"height\":888},{\"@type\":\"WebSite\",\"@id\":\"https:\\\/\\\/visitbraga.travel\\\/#website\",\"url\":\"https:\\\/\\\/visitbraga.travel\\\/\",\"name\":\"Visit Braga\",\"description\":\"Turismo Braga | Site Oficial de Braga\",\"publisher\":{\"@id\":\"https:\\\/\\\/visitbraga.travel\\\/#organization\"},\"potentialAction\":[{\"@type\":\"SearchAction\",\"target\":{\"@type\":\"EntryPoint\",\"urlTemplate\":\"https:\\\/\\\/visitbraga.travel\\\/?s={search_term_string}\"},\"query-input\":{\"@type\":\"PropertyValueSpecification\",\"valueRequired\":true,\"valueName\":\"search_term_string\"}}],\"inLanguage\":\"en-US\"},{\"@type\":\"Organization\",\"@id\":\"https:\\\/\\\/visitbraga.travel\\\/#organization\",\"name\":\"Visit Braga\",\"url\":\"https:\\\/\\\/visitbraga.travel\\\/\",\"logo\":{\"@type\":\"ImageObject\",\"inLanguage\":\"en-US\",\"@id\":\"https:\\\/\\\/visitbraga.travel\\\/#\\\/schema\\\/logo\\\/image\\\/\",\"url\":\"https:\\\/\\\/visitbraga.travel\\\/wp-content\\\/uploads\\\/2025\\\/05\\\/visit-braga.jpg\",\"contentUrl\":\"https:\\\/\\\/visitbraga.travel\\\/wp-content\\\/uploads\\\/2025\\\/05\\\/visit-braga.jpg\",\"width\":2400,\"height\":1256,\"caption\":\"Visit Braga\"},\"image\":{\"@id\":\"https:\\\/\\\/visitbraga.travel\\\/#\\\/schema\\\/logo\\\/image\\\/\"},\"sameAs\":[\"https:\\\/\\\/www.facebook.com\\\/visitbraga.travel\\\/\",\"https:\\\/\\\/x.com\\\/VisitBraga\"]}]}<\/script>\n<!-- \/ Yoast SEO plugin. -->","yoast_head_json":{"title":"Feira das Tape\u00e7arias | Visit Braga","description":"Feira das Tape\u00e7arias \u00e9 um estabelecimento \u00fanico na venda de artigos como os \u201cTapetes de Arraiolos\".","robots":{"index":"index","follow":"follow","max-snippet":"max-snippet:-1","max-image-preview":"max-image-preview:large","max-video-preview":"max-video-preview:-1"},"canonical":"https:\/\/visitbraga.travel\/en\/highlights\/comercio-local\/feira-das-tapecarias\/","og_locale":"en_US","og_type":"article","og_title":"Feira das Tape\u00e7arias | Visit Braga","og_description":"Feira das Tape\u00e7arias \u00e9 um estabelecimento \u00fanico na venda de artigos como os \u201cTapetes de Arraiolos\".","og_url":"https:\/\/visitbraga.travel\/en\/highlights\/comercio-local\/feira-das-tapecarias\/","og_site_name":"Visit Braga","article_publisher":"https:\/\/www.facebook.com\/visitbraga.travel\/","article_modified_time":"2025-07-25T10:47:16+00:00","og_image":[{"width":1332,"height":888,"url":"https:\/\/visitbraga.travel\/wp-content\/uploads\/2025\/07\/tapecaria_1.jpg","type":"image\/jpeg"}],"twitter_card":"summary_large_image","twitter_site":"@VisitBraga","twitter_misc":{"Est. reading time":"5 minutes"},"schema":{"@context":"https:\/\/schema.org","@graph":[{"@type":"WebPage","@id":"https:\/\/visitbraga.travel\/highlights\/comercio-local\/feira-das-tapecarias\/","url":"https:\/\/visitbraga.travel\/highlights\/comercio-local\/feira-das-tapecarias\/","name":"Feira das Tape\u00e7arias | Visit Braga","isPartOf":{"@id":"https:\/\/visitbraga.travel\/#website"},"primaryImageOfPage":{"@id":"https:\/\/visitbraga.travel\/highlights\/comercio-local\/feira-das-tapecarias\/#primaryimage"},"image":{"@id":"https:\/\/visitbraga.travel\/highlights\/comercio-local\/feira-das-tapecarias\/#primaryimage"},"thumbnailUrl":"https:\/\/visitbraga.travel\/wp-content\/uploads\/2025\/07\/tapecaria_1.jpg","datePublished":"2025-07-17T10:38:13+00:00","dateModified":"2025-07-25T10:47:16+00:00","description":"Feira das Tape\u00e7arias \u00e9 um estabelecimento \u00fanico na venda de artigos como os \u201cTapetes de Arraiolos\".","inLanguage":"en-US","potentialAction":[{"@type":"ReadAction","target":["https:\/\/visitbraga.travel\/highlights\/comercio-local\/feira-das-tapecarias\/"]}]},{"@type":"ImageObject","inLanguage":"en-US","@id":"https:\/\/visitbraga.travel\/highlights\/comercio-local\/feira-das-tapecarias\/#primaryimage","url":"https:\/\/visitbraga.travel\/wp-content\/uploads\/2025\/07\/tapecaria_1.jpg","contentUrl":"https:\/\/visitbraga.travel\/wp-content\/uploads\/2025\/07\/tapecaria_1.jpg","width":1332,"height":888},{"@type":"WebSite","@id":"https:\/\/visitbraga.travel\/#website","url":"https:\/\/visitbraga.travel\/","name":"Visit Braga","description":"Turismo Braga | Site Oficial de Braga","publisher":{"@id":"https:\/\/visitbraga.travel\/#organization"},"potentialAction":[{"@type":"SearchAction","target":{"@type":"EntryPoint","urlTemplate":"https:\/\/visitbraga.travel\/?s={search_term_string}"},"query-input":{"@type":"PropertyValueSpecification","valueRequired":true,"valueName":"search_term_string"}}],"inLanguage":"en-US"},{"@type":"Organization","@id":"https:\/\/visitbraga.travel\/#organization","name":"Visit Braga","url":"https:\/\/visitbraga.travel\/","logo":{"@type":"ImageObject","inLanguage":"en-US","@id":"https:\/\/visitbraga.travel\/#\/schema\/logo\/image\/","url":"https:\/\/visitbraga.travel\/wp-content\/uploads\/2025\/05\/visit-braga.jpg","contentUrl":"https:\/\/visitbraga.travel\/wp-content\/uploads\/2025\/05\/visit-braga.jpg","width":2400,"height":1256,"caption":"Visit Braga"},"image":{"@id":"https:\/\/visitbraga.travel\/#\/schema\/logo\/image\/"},"sameAs":["https:\/\/www.facebook.com\/visitbraga.travel\/","https:\/\/x.com\/VisitBraga"]}]}},"_links":{"self":[{"href":"https:\/\/visitbraga.travel\/en\/wp-json\/wp\/v2\/highlight\/6784","targetHints":{"allow":["GET"]}}],"collection":[{"href":"https:\/\/visitbraga.travel\/en\/wp-json\/wp\/v2\/highlight"}],"about":[{"href":"https:\/\/visitbraga.travel\/en\/wp-json\/wp\/v2\/types\/highlight"}],"version-history":[{"count":0,"href":"https:\/\/visitbraga.travel\/en\/wp-json\/wp\/v2\/highlight\/6784\/revisions"}],"wp:featuredmedia":[{"embeddable":true,"href":"https:\/\/visitbraga.travel\/en\/wp-json\/wp\/v2\/media\/8119"}],"wp:attachment":[{"href":"https:\/\/visitbraga.travel\/en\/wp-json\/wp\/v2\/media?parent=6784"}],"wp:term":[{"taxonomy":"highlight_category","embeddable":true,"href":"https:\/\/visitbraga.travel\/en\/wp-json\/wp\/v2\/highlight_category?post=6784"}],"curies":[{"name":"wp","href":"https:\/\/api.w.org\/{rel}","templated":true}]}}

<p><strong>The store</strong><br />
Feira das Tapeçarias is an establishment that is identified by consumers as a place of reference and unique in Braga for selling exclusive items from Portugal, such as "Tapetes de Arraiolos", "Tapeçarias de Portalegre" and "Tapetes de Beiriz", but also for having a collection of tapestries from all over the world such as traditional Persian carpets, silk carpets, "Afghan", "Kilim" or "Ziegler". On the other hand, in addition to distinguishing itself by the quality of the products it sells, "Feira das Tapeçarias" stands out for having its own brand applied to its service, which allows customers to receive a differentiated and qualified service, which is recognized and requested by consumers from all over the country and the world.</p>
<p><strong>History</strong><br />
The "Feira as Tapeçarias" was founded on October 8, 1968 by Hermínio Guimarães.<br />
It currently has four physical stores in the city of Braga - at Rua Dr. Justino Cruz, Centro Comercial Santa Bárbara and Rua do Souto; a store in Guimarães - at Rua de Santo António and an online store.<br />
Founded on October 8, 1968. Feira das Tapeçarias is a benchmark in Portugal when it comes to high-quality carpets. It is a business created and maintained within the family. This has been one of the guiding principles throughout the years,<br />
By preserving the business within the family and keeping its identity the same, the "Feira das Tapeçarias" has survived the rapid market changes resulting from changing lifestyles, becoming a distinctive and differentiating element of the city of Braga in its social, economic and cultural dimensions.</p>
<p><strong>Products and services</strong><br />
Sales and customization of tapestries.</p>
<p><strong>Contact</strong><br />
4700-314 Braga<br />
Phone: 253610609<br />
Email: &#x67;&#101;r&#x61;&#x6c;&#64;f&#x65;&#105;r&#x61;&#x64;&#97;s&#x74;&#97;p&#x65;&#x63;&#97;r&#x69;&#x61;&#115;&#x2e;&#x63;&#111;m</p>

<p>Feira das Tapeçarias is a unique establishment selling items such as "Tapetes de Arraiolos". </p>

<!-- This site is optimized with the Yoast SEO plugin v27.5 - https://yoast.com/product/yoast-seo-wordpress/ -->
<title>Feira das Tapeçarias | Visit Braga</title>
<meta name="description" content="Feira das Tapeçarias é um estabelecimento único na venda de artigos como os “Tapetes de Arraiolos&quot;." />
<meta name="robots" content="index, follow, max-snippet:-1, max-image-preview:large, max-video-preview:-1" />
<link rel="canonical" href="https://visitbraga.travel/en/highlights/comercio-local/feira-das-tapecarias/" />
<meta property="og:locale" content="en_US" />
<meta property="og:type" content="article" />
<meta property="og:title" content="Feira das Tapeçarias | Visit Braga" />
<meta property="og:description" content="Feira das Tapeçarias é um estabelecimento único na venda de artigos como os “Tapetes de Arraiolos&quot;." />
<meta property="og:url" content="https://visitbraga.travel/en/highlights/comercio-local/feira-das-tapecarias/" />
<meta property="og:site_name" content="Visit Braga" />
<meta property="article:publisher" content="https://www.facebook.com/visitbraga.travel/" />
<meta property="article:modified_time" content="2025-07-25T10:47:16+00:00" />
<meta property="og:image" content="https://visitbraga.travel/wp-content/uploads/2025/07/tapecaria_1.jpg" />
	<meta property="og:image:width" content="1332" />
	<meta property="og:image:height" content="888" />
	<meta property="og:image:type" content="image/jpeg" />
<meta name="twitter:card" content="summary_large_image" />
<meta name="twitter:site" content="@VisitBraga" />
<meta name="twitter:label1" content="Est. reading time" />
	<meta name="twitter:data1" content="5 minutes" />
<script type="application/ld+json" class="yoast-schema-graph">{"@context":"https:\/\/schema.org","@graph":[{"@type":"WebPage","@id":"https:\/\/visitbraga.travel\/highlights\/comercio-local\/feira-das-tapecarias\/","url":"https:\/\/visitbraga.travel\/highlights\/comercio-local\/feira-das-tapecarias\/","name":"Feira das Tapeçarias | Visit Braga","isPartOf":{"@id":"https:\/\/visitbraga.travel\/#website"},"primaryImageOfPage":{"@id":"https:\/\/visitbraga.travel\/highlights\/comercio-local\/feira-das-tapecarias\/#primaryimage"},"image":{"@id":"https:\/\/visitbraga.travel\/highlights\/comercio-local\/feira-das-tapecarias\/#primaryimage"},"thumbnailUrl":"https:\/\/visitbraga.travel\/wp-content\/uploads\/2025\/07\/tapecaria_1.jpg","datePublished":"2025-07-17T10:38:13+00:00","dateModified":"2025-07-25T10:47:16+00:00","description":"Feira das Tapeçarias é um estabelecimento único na venda de artigos como os “Tapetes de Arraiolos\".","inLanguage":"en-US","potentialAction":[{"@type":"ReadAction","target":["https:\/\/visitbraga.travel\/highlights\/comercio-local\/feira-das-tapecarias\/"]}]},{"@type":"ImageObject","inLanguage":"en-US","@id":"https:\/\/visitbraga.travel\/highlights\/comercio-local\/feira-das-tapecarias\/#primaryimage","url":"https:\/\/visitbraga.travel\/wp-content\/uploads\/2025\/07\/tapecaria_1.jpg","contentUrl":"https:\/\/visitbraga.travel\/wp-content\/uploads\/2025\/07\/tapecaria_1.jpg","width":1332,"height":888},{"@type":"WebSite","@id":"https:\/\/visitbraga.travel\/#website","url":"https:\/\/visitbraga.travel\/","name":"Visit Braga","description":"Turismo Braga | Site Oficial de Braga","publisher":{"@id":"https:\/\/visitbraga.travel\/#organization"},"potentialAction":[{"@type":"SearchAction","target":{"@type":"EntryPoint","urlTemplate":"https:\/\/visitbraga.travel\/?s={search_term_string}"},"query-input":{"@type":"PropertyValueSpecification","valueRequired":true,"valueName":"search_term_string"}}],"inLanguage":"en-US"},{"@type":"Organization","@id":"https:\/\/visitbraga.travel\/#organization","name":"Visit Braga","url":"https:\/\/visitbraga.travel\/","logo":{"@type":"ImageObject","inLanguage":"en-US","@id":"https:\/\/visitbraga.travel\/#\/schema\/logo\/image\/","url":"https:\/\/visitbraga.travel\/wp-content\/uploads\/2025\/05\/visit-braga.jpg","contentUrl":"https:\/\/visitbraga.travel\/wp-content\/uploads\/2025\/05\/visit-braga.jpg","width":2400,"height":1256,"caption":"Visit Braga"},"image":{"@id":"https:\/\/visitbraga.travel\/#\/schema\/logo\/image\/"},"sameAs":["https:\/\/www.facebook.com\/visitbraga.travel\/","https:\/\/x.com\/VisitBraga"]}]}</script>
<!-- / Yoast SEO plugin. -->

Feira das Tapeçarias | Visit Braga

Feira das Tapeçarias é um estabelecimento único na venda de artigos como os “Tapetes de Arraiolos".
