{"id":6831,"date":"2025-07-17T11:28:37","date_gmt":"2025-07-17T10:28:37","guid":{"rendered":"https:\/\/visitbraga.travel\/highlights\/%highlight_category%\/farmacia-lima\/"},"modified":"2025-07-25T12:23:14","modified_gmt":"2025-07-25T11:23:14","slug":"farmacia-lima","status":"publish","type":"highlight","link":"https:\/\/visitbraga.travel\/en\/highlights\/comercio-local\/farmacia-lima\/","title":{"rendered":"Lima Pharmacy"},"content":{"rendered":"<p><strong>The store<\/strong><br \/>\nOn Rua dos Ch\u00e3os, in a corner building with vibrant colors, we find Farm\u00e1cia Lima. The shop windows don't go unnoticed, as they regularly feature themed decorations... It's a modern and very functional space, but at its heart modernity is interrupted, forcing the eye to go back in time. The story unfolds with a small \"museum\", and the memory of the old apothecaries appears in the form of instruments and utensils needed to prepare medicines, as well as bottles and jars of drugs and medicines.<\/p>\n<p><strong>History<\/strong><br \/>\nFarm\u00e1cia Lima opened its doors as Farm\u00e1cia Pereira Castilho on Rua C\u00e2ndido dos Reis, now Rua dos Ch\u00e3os. Little is known about the beginnings of this pharmacy. The first record found is Amarino Pereira Castilho's registration, in May 1927, as a member of the Braga District Pharmacists' Union. There is no news of the Pereira Castilho Pharmacy until 1940, when its operating license was issued. That same year, Amarino Pereira Castilho, as director of the pharmacy, became a member of the National Pharmacists' Union. The reason for the name change is unknown, but from 1943 onwards, Farm\u00e1cia Lima can be found in the Anu\u00e1rios do Com\u00e9rcio de Braga, although the new name was only registered on the operating license in 1950.<br \/>\nIn June 1950, according to a deed of transfer, ownership of the pharmacy passed to Isaura de Assun\u00e7\u00e3o Costa Ferreira and in 1989, the license stated that ownership passed to pharmacist Maria da Gra\u00e7a Alves Leite de Castro Mota Fonseca.<br \/>\nSince 1990, Carlos Alberto S\u00e1 Esteves, the current owner, has continued the history of Farm\u00e1cia Lima.<\/p>\n<p><strong>Products and services<\/strong><br \/>\nHealth\/wellness medical products store.<\/p>\n<p><strong>Contact<\/strong><br \/>\nPhone: 253 262 384<br \/>\nEmail: &#x66;&#97;r&#x6d;&#97;&#99;&#x69;&#x61;&#108;i&#x6d;&#97;&#46;&#x62;&#x72;&#103;&#64;&#x67;&#109;a&#x69;&#x6c;&#46;c&#x6f;&#109;<\/p>","protected":false},"excerpt":{"rendered":"<p>Farm\u00e1cia Lima opened its doors as Farm\u00e1cia Pereira Castilho on Rua C\u00e2ndido dos Reis, now Rua dos Ch\u00e3os.<\/p>","protected":false},"featured_media":8446,"template":"","highlight_category":[59],"class_list":["post-6831","highlight","type-highlight","status-publish","has-post-thumbnail","hentry","highlight_category-lojas-com-historia"],"acf":[],"yoast_head":"<!-- This site is optimized with the Yoast SEO plugin v27.4 - https:\/\/yoast.com\/product\/yoast-seo-wordpress\/ -->\n<title>Farm\u00e1cia Lima | Visit Braga<\/title>\n<meta name=\"description\" content=\"A Farm\u00e1cia Lima abre as suas portas como Farm\u00e1cia Pereira Castilho na Rua C\u00e2ndido dos Reis, atual Rua dos Ch\u00e3os.\" \/>\n<meta name=\"robots\" content=\"index, follow, max-snippet:-1, max-image-preview:large, max-video-preview:-1\" \/>\n<link rel=\"canonical\" href=\"https:\/\/visitbraga.travel\/en\/highlights\/comercio-local\/farmacia-lima\/\" \/>\n<meta property=\"og:locale\" content=\"en_US\" \/>\n<meta property=\"og:type\" content=\"article\" \/>\n<meta property=\"og:title\" content=\"Farm\u00e1cia Lima | Visit Braga\" \/>\n<meta property=\"og:description\" content=\"A Farm\u00e1cia Lima abre as suas portas como Farm\u00e1cia Pereira Castilho na Rua C\u00e2ndido dos Reis, atual Rua dos Ch\u00e3os.\" \/>\n<meta property=\"og:url\" content=\"https:\/\/visitbraga.travel\/en\/highlights\/comercio-local\/farmacia-lima\/\" \/>\n<meta property=\"og:site_name\" content=\"Visit Braga\" \/>\n<meta property=\"article:publisher\" content=\"https:\/\/www.facebook.com\/visitbraga.travel\/\" \/>\n<meta property=\"article:modified_time\" content=\"2025-07-25T11:23:14+00:00\" \/>\n<meta property=\"og:image\" content=\"https:\/\/visitbraga.travel\/wp-content\/uploads\/2025\/07\/farmacialima_1.jpg\" \/>\n\t<meta property=\"og:image:width\" content=\"1993\" \/>\n\t<meta property=\"og:image:height\" content=\"1329\" \/>\n\t<meta property=\"og:image:type\" content=\"image\/jpeg\" \/>\n<meta name=\"twitter:card\" content=\"summary_large_image\" \/>\n<meta name=\"twitter:site\" content=\"@VisitBraga\" \/>\n<meta name=\"twitter:label1\" content=\"Est. reading time\" \/>\n\t<meta name=\"twitter:data1\" content=\"5 minutes\" \/>\n<script type=\"application\/ld+json\" class=\"yoast-schema-graph\">{\"@context\":\"https:\\\/\\\/schema.org\",\"@graph\":[{\"@type\":\"WebPage\",\"@id\":\"https:\\\/\\\/visitbraga.travel\\\/highlights\\\/comercio-local\\\/farmacia-lima\\\/\",\"url\":\"https:\\\/\\\/visitbraga.travel\\\/highlights\\\/comercio-local\\\/farmacia-lima\\\/\",\"name\":\"Farm\u00e1cia Lima | Visit Braga\",\"isPartOf\":{\"@id\":\"https:\\\/\\\/visitbraga.travel\\\/#website\"},\"primaryImageOfPage\":{\"@id\":\"https:\\\/\\\/visitbraga.travel\\\/highlights\\\/comercio-local\\\/farmacia-lima\\\/#primaryimage\"},\"image\":{\"@id\":\"https:\\\/\\\/visitbraga.travel\\\/highlights\\\/comercio-local\\\/farmacia-lima\\\/#primaryimage\"},\"thumbnailUrl\":\"https:\\\/\\\/visitbraga.travel\\\/wp-content\\\/uploads\\\/2025\\\/07\\\/farmacialima_1.jpg\",\"datePublished\":\"2025-07-17T10:28:37+00:00\",\"dateModified\":\"2025-07-25T11:23:14+00:00\",\"description\":\"A Farm\u00e1cia Lima abre as suas portas como Farm\u00e1cia Pereira Castilho na Rua C\u00e2ndido dos Reis, atual Rua dos Ch\u00e3os.\",\"inLanguage\":\"en-US\",\"potentialAction\":[{\"@type\":\"ReadAction\",\"target\":[\"https:\\\/\\\/visitbraga.travel\\\/highlights\\\/comercio-local\\\/farmacia-lima\\\/\"]}]},{\"@type\":\"ImageObject\",\"inLanguage\":\"en-US\",\"@id\":\"https:\\\/\\\/visitbraga.travel\\\/highlights\\\/comercio-local\\\/farmacia-lima\\\/#primaryimage\",\"url\":\"https:\\\/\\\/visitbraga.travel\\\/wp-content\\\/uploads\\\/2025\\\/07\\\/farmacialima_1.jpg\",\"contentUrl\":\"https:\\\/\\\/visitbraga.travel\\\/wp-content\\\/uploads\\\/2025\\\/07\\\/farmacialima_1.jpg\",\"width\":1993,\"height\":1329},{\"@type\":\"WebSite\",\"@id\":\"https:\\\/\\\/visitbraga.travel\\\/#website\",\"url\":\"https:\\\/\\\/visitbraga.travel\\\/\",\"name\":\"Visit Braga\",\"description\":\"Turismo Braga | Site Oficial de Braga\",\"publisher\":{\"@id\":\"https:\\\/\\\/visitbraga.travel\\\/#organization\"},\"potentialAction\":[{\"@type\":\"SearchAction\",\"target\":{\"@type\":\"EntryPoint\",\"urlTemplate\":\"https:\\\/\\\/visitbraga.travel\\\/?s={search_term_string}\"},\"query-input\":{\"@type\":\"PropertyValueSpecification\",\"valueRequired\":true,\"valueName\":\"search_term_string\"}}],\"inLanguage\":\"en-US\"},{\"@type\":\"Organization\",\"@id\":\"https:\\\/\\\/visitbraga.travel\\\/#organization\",\"name\":\"Visit Braga\",\"url\":\"https:\\\/\\\/visitbraga.travel\\\/\",\"logo\":{\"@type\":\"ImageObject\",\"inLanguage\":\"en-US\",\"@id\":\"https:\\\/\\\/visitbraga.travel\\\/#\\\/schema\\\/logo\\\/image\\\/\",\"url\":\"https:\\\/\\\/visitbraga.travel\\\/wp-content\\\/uploads\\\/2025\\\/05\\\/visit-braga.jpg\",\"contentUrl\":\"https:\\\/\\\/visitbraga.travel\\\/wp-content\\\/uploads\\\/2025\\\/05\\\/visit-braga.jpg\",\"width\":2400,\"height\":1256,\"caption\":\"Visit Braga\"},\"image\":{\"@id\":\"https:\\\/\\\/visitbraga.travel\\\/#\\\/schema\\\/logo\\\/image\\\/\"},\"sameAs\":[\"https:\\\/\\\/www.facebook.com\\\/visitbraga.travel\\\/\",\"https:\\\/\\\/x.com\\\/VisitBraga\"]}]}<\/script>\n<!-- \/ Yoast SEO plugin. -->","yoast_head_json":{"title":"Farm\u00e1cia Lima | Visit Braga","description":"Farm\u00e1cia Lima opened its doors as Farm\u00e1cia Pereira Castilho on Rua C\u00e2ndido dos Reis, now Rua dos Ch\u00e3os.","robots":{"index":"index","follow":"follow","max-snippet":"max-snippet:-1","max-image-preview":"max-image-preview:large","max-video-preview":"max-video-preview:-1"},"canonical":"https:\/\/visitbraga.travel\/en\/highlights\/comercio-local\/farmacia-lima\/","og_locale":"en_US","og_type":"article","og_title":"Farm\u00e1cia Lima | Visit Braga","og_description":"A Farm\u00e1cia Lima abre as suas portas como Farm\u00e1cia Pereira Castilho na Rua C\u00e2ndido dos Reis, atual Rua dos Ch\u00e3os.","og_url":"https:\/\/visitbraga.travel\/en\/highlights\/comercio-local\/farmacia-lima\/","og_site_name":"Visit Braga","article_publisher":"https:\/\/www.facebook.com\/visitbraga.travel\/","article_modified_time":"2025-07-25T11:23:14+00:00","og_image":[{"width":1993,"height":1329,"url":"https:\/\/visitbraga.travel\/wp-content\/uploads\/2025\/07\/farmacialima_1.jpg","type":"image\/jpeg"}],"twitter_card":"summary_large_image","twitter_site":"@VisitBraga","twitter_misc":{"Est. reading time":"5 minutes"},"schema":{"@context":"https:\/\/schema.org","@graph":[{"@type":"WebPage","@id":"https:\/\/visitbraga.travel\/highlights\/comercio-local\/farmacia-lima\/","url":"https:\/\/visitbraga.travel\/highlights\/comercio-local\/farmacia-lima\/","name":"Farm\u00e1cia Lima | Visit Braga","isPartOf":{"@id":"https:\/\/visitbraga.travel\/#website"},"primaryImageOfPage":{"@id":"https:\/\/visitbraga.travel\/highlights\/comercio-local\/farmacia-lima\/#primaryimage"},"image":{"@id":"https:\/\/visitbraga.travel\/highlights\/comercio-local\/farmacia-lima\/#primaryimage"},"thumbnailUrl":"https:\/\/visitbraga.travel\/wp-content\/uploads\/2025\/07\/farmacialima_1.jpg","datePublished":"2025-07-17T10:28:37+00:00","dateModified":"2025-07-25T11:23:14+00:00","description":"Farm\u00e1cia Lima opened its doors as Farm\u00e1cia Pereira Castilho on Rua C\u00e2ndido dos Reis, now Rua dos Ch\u00e3os.","inLanguage":"en-US","potentialAction":[{"@type":"ReadAction","target":["https:\/\/visitbraga.travel\/highlights\/comercio-local\/farmacia-lima\/"]}]},{"@type":"ImageObject","inLanguage":"en-US","@id":"https:\/\/visitbraga.travel\/highlights\/comercio-local\/farmacia-lima\/#primaryimage","url":"https:\/\/visitbraga.travel\/wp-content\/uploads\/2025\/07\/farmacialima_1.jpg","contentUrl":"https:\/\/visitbraga.travel\/wp-content\/uploads\/2025\/07\/farmacialima_1.jpg","width":1993,"height":1329},{"@type":"WebSite","@id":"https:\/\/visitbraga.travel\/#website","url":"https:\/\/visitbraga.travel\/","name":"Visit Braga","description":"Turismo Braga | Site Oficial de Braga","publisher":{"@id":"https:\/\/visitbraga.travel\/#organization"},"potentialAction":[{"@type":"SearchAction","target":{"@type":"EntryPoint","urlTemplate":"https:\/\/visitbraga.travel\/?s={search_term_string}"},"query-input":{"@type":"PropertyValueSpecification","valueRequired":true,"valueName":"search_term_string"}}],"inLanguage":"en-US"},{"@type":"Organization","@id":"https:\/\/visitbraga.travel\/#organization","name":"Visit Braga","url":"https:\/\/visitbraga.travel\/","logo":{"@type":"ImageObject","inLanguage":"en-US","@id":"https:\/\/visitbraga.travel\/#\/schema\/logo\/image\/","url":"https:\/\/visitbraga.travel\/wp-content\/uploads\/2025\/05\/visit-braga.jpg","contentUrl":"https:\/\/visitbraga.travel\/wp-content\/uploads\/2025\/05\/visit-braga.jpg","width":2400,"height":1256,"caption":"Visit Braga"},"image":{"@id":"https:\/\/visitbraga.travel\/#\/schema\/logo\/image\/"},"sameAs":["https:\/\/www.facebook.com\/visitbraga.travel\/","https:\/\/x.com\/VisitBraga"]}]}},"_links":{"self":[{"href":"https:\/\/visitbraga.travel\/en\/wp-json\/wp\/v2\/highlight\/6831","targetHints":{"allow":["GET"]}}],"collection":[{"href":"https:\/\/visitbraga.travel\/en\/wp-json\/wp\/v2\/highlight"}],"about":[{"href":"https:\/\/visitbraga.travel\/en\/wp-json\/wp\/v2\/types\/highlight"}],"version-history":[{"count":0,"href":"https:\/\/visitbraga.travel\/en\/wp-json\/wp\/v2\/highlight\/6831\/revisions"}],"wp:featuredmedia":[{"embeddable":true,"href":"https:\/\/visitbraga.travel\/en\/wp-json\/wp\/v2\/media\/8446"}],"wp:attachment":[{"href":"https:\/\/visitbraga.travel\/en\/wp-json\/wp\/v2\/media?parent=6831"}],"wp:term":[{"taxonomy":"highlight_category","embeddable":true,"href":"https:\/\/visitbraga.travel\/en\/wp-json\/wp\/v2\/highlight_category?post=6831"}],"curies":[{"name":"wp","href":"https:\/\/api.w.org\/{rel}","templated":true}]}}

<p><strong>The store</strong><br />
On Rua dos Chãos, in a corner building with vibrant colors, we find Farmácia Lima. The shop windows don't go unnoticed, as they regularly feature themed decorations... It's a modern and very functional space, but at its heart modernity is interrupted, forcing the eye to go back in time. The story unfolds with a small "museum", and the memory of the old apothecaries appears in the form of instruments and utensils needed to prepare medicines, as well as bottles and jars of drugs and medicines.</p>
<p><strong>History</strong><br />
Farmácia Lima opened its doors as Farmácia Pereira Castilho on Rua Cândido dos Reis, now Rua dos Chãos. Little is known about the beginnings of this pharmacy. The first record found is Amarino Pereira Castilho's registration, in May 1927, as a member of the Braga District Pharmacists' Union. There is no news of the Pereira Castilho Pharmacy until 1940, when its operating license was issued. That same year, Amarino Pereira Castilho, as director of the pharmacy, became a member of the National Pharmacists' Union. The reason for the name change is unknown, but from 1943 onwards, Farmácia Lima can be found in the Anuários do Comércio de Braga, although the new name was only registered on the operating license in 1950.<br />
In June 1950, according to a deed of transfer, ownership of the pharmacy passed to Isaura de Assunção Costa Ferreira and in 1989, the license stated that ownership passed to pharmacist Maria da Graça Alves Leite de Castro Mota Fonseca.<br />
Since 1990, Carlos Alberto Sá Esteves, the current owner, has continued the history of Farmácia Lima.</p>
<p><strong>Products and services</strong><br />
Health/wellness medical products store.</p>
<p><strong>Contact</strong><br />
Phone: 253 262 384<br />
Email: &#x66;&#97;r&#x6d;&#97;&#99;&#x69;&#x61;&#108;i&#x6d;&#97;&#46;&#x62;&#x72;&#103;&#64;&#x67;&#109;a&#x69;&#x6c;&#46;c&#x6f;&#109;</p>

<p>Farmácia Lima opened its doors as Farmácia Pereira Castilho on Rua Cândido dos Reis, now Rua dos Chãos.</p>

<!-- This site is optimized with the Yoast SEO plugin v27.4 - https://yoast.com/product/yoast-seo-wordpress/ -->
<title>Farmácia Lima | Visit Braga</title>
<meta name="description" content="A Farmácia Lima abre as suas portas como Farmácia Pereira Castilho na Rua Cândido dos Reis, atual Rua dos Chãos." />
<meta name="robots" content="index, follow, max-snippet:-1, max-image-preview:large, max-video-preview:-1" />
<link rel="canonical" href="https://visitbraga.travel/en/highlights/comercio-local/farmacia-lima/" />
<meta property="og:locale" content="en_US" />
<meta property="og:type" content="article" />
<meta property="og:title" content="Farmácia Lima | Visit Braga" />
<meta property="og:description" content="A Farmácia Lima abre as suas portas como Farmácia Pereira Castilho na Rua Cândido dos Reis, atual Rua dos Chãos." />
<meta property="og:url" content="https://visitbraga.travel/en/highlights/comercio-local/farmacia-lima/" />
<meta property="og:site_name" content="Visit Braga" />
<meta property="article:publisher" content="https://www.facebook.com/visitbraga.travel/" />
<meta property="article:modified_time" content="2025-07-25T11:23:14+00:00" />
<meta property="og:image" content="https://visitbraga.travel/wp-content/uploads/2025/07/farmacialima_1.jpg" />
	<meta property="og:image:width" content="1993" />
	<meta property="og:image:height" content="1329" />
	<meta property="og:image:type" content="image/jpeg" />
<meta name="twitter:card" content="summary_large_image" />
<meta name="twitter:site" content="@VisitBraga" />
<meta name="twitter:label1" content="Est. reading time" />
	<meta name="twitter:data1" content="5 minutes" />
<script type="application/ld+json" class="yoast-schema-graph">{"@context":"https:\/\/schema.org","@graph":[{"@type":"WebPage","@id":"https:\/\/visitbraga.travel\/highlights\/comercio-local\/farmacia-lima\/","url":"https:\/\/visitbraga.travel\/highlights\/comercio-local\/farmacia-lima\/","name":"Farmácia Lima | Visit Braga","isPartOf":{"@id":"https:\/\/visitbraga.travel\/#website"},"primaryImageOfPage":{"@id":"https:\/\/visitbraga.travel\/highlights\/comercio-local\/farmacia-lima\/#primaryimage"},"image":{"@id":"https:\/\/visitbraga.travel\/highlights\/comercio-local\/farmacia-lima\/#primaryimage"},"thumbnailUrl":"https:\/\/visitbraga.travel\/wp-content\/uploads\/2025\/07\/farmacialima_1.jpg","datePublished":"2025-07-17T10:28:37+00:00","dateModified":"2025-07-25T11:23:14+00:00","description":"A Farmácia Lima abre as suas portas como Farmácia Pereira Castilho na Rua Cândido dos Reis, atual Rua dos Chãos.","inLanguage":"en-US","potentialAction":[{"@type":"ReadAction","target":["https:\/\/visitbraga.travel\/highlights\/comercio-local\/farmacia-lima\/"]}]},{"@type":"ImageObject","inLanguage":"en-US","@id":"https:\/\/visitbraga.travel\/highlights\/comercio-local\/farmacia-lima\/#primaryimage","url":"https:\/\/visitbraga.travel\/wp-content\/uploads\/2025\/07\/farmacialima_1.jpg","contentUrl":"https:\/\/visitbraga.travel\/wp-content\/uploads\/2025\/07\/farmacialima_1.jpg","width":1993,"height":1329},{"@type":"WebSite","@id":"https:\/\/visitbraga.travel\/#website","url":"https:\/\/visitbraga.travel\/","name":"Visit Braga","description":"Turismo Braga | Site Oficial de Braga","publisher":{"@id":"https:\/\/visitbraga.travel\/#organization"},"potentialAction":[{"@type":"SearchAction","target":{"@type":"EntryPoint","urlTemplate":"https:\/\/visitbraga.travel\/?s={search_term_string}"},"query-input":{"@type":"PropertyValueSpecification","valueRequired":true,"valueName":"search_term_string"}}],"inLanguage":"en-US"},{"@type":"Organization","@id":"https:\/\/visitbraga.travel\/#organization","name":"Visit Braga","url":"https:\/\/visitbraga.travel\/","logo":{"@type":"ImageObject","inLanguage":"en-US","@id":"https:\/\/visitbraga.travel\/#\/schema\/logo\/image\/","url":"https:\/\/visitbraga.travel\/wp-content\/uploads\/2025\/05\/visit-braga.jpg","contentUrl":"https:\/\/visitbraga.travel\/wp-content\/uploads\/2025\/05\/visit-braga.jpg","width":2400,"height":1256,"caption":"Visit Braga"},"image":{"@id":"https:\/\/visitbraga.travel\/#\/schema\/logo\/image\/"},"sameAs":["https:\/\/www.facebook.com\/visitbraga.travel\/","https:\/\/x.com\/VisitBraga"]}]}</script>
<!-- / Yoast SEO plugin. -->

Farmácia Lima | Visit Braga

Farmácia Lima opened its doors as Farmácia Pereira Castilho on Rua Cândido dos Reis, now Rua dos Chãos.

A Farmácia Lima abre as suas portas como Farmácia Pereira Castilho na Rua Cândido dos Reis, atual Rua dos Chãos.
