{"id":6837,"date":"2025-06-12T16:34:38","date_gmt":"2025-06-12T15:34:38","guid":{"rendered":"https:\/\/visitbraga.travel\/highlights\/%highlight_category%\/arte-sacra\/"},"modified":"2025-07-25T17:26:37","modified_gmt":"2025-07-25T16:26:37","slug":"arte-sacra","status":"publish","type":"highlight","link":"https:\/\/visitbraga.travel\/en\/highlights\/comercio-local\/arte-sacra\/","title":{"rendered":"Sacred Art"},"content":{"rendered":"<p>A arte sacra n\u00e3o s\u00f3 deve servir \u00e0 Liturgia e respeitar os fins especificamente lit\u00fargicos mas manter-se fiel \u00e0s suas exig\u00eancias naturais como arte, deve expressar a est\u00e9tica que, por sua natureza, \u00e0 mesma arte lhe cabe produzir.<br \/>\nAo artista e produtor, compete estar vitalmente penetrado da religiosidade geral, da religiosidade lit\u00fargica para que possa produzir uma obra aut\u00eantica de arte sacra.<\/p>\n<p>Este tipo de arte deve ser compreens\u00edvel, para a vis\u00e3o dos crentes de forma a que as obras apresentadas numa celebra\u00e7\u00e3o ou numa exposi\u00e7\u00e3o se tornem &#8220;teologia em imagens&#8221;.<br \/>\nTer\u00e1 de representar as verdades da f\u00e9, n\u00e3o de um modo arbitr\u00e1rio, mas na apresenta\u00e7\u00e3o do dogma crist\u00e3o atrav\u00e9s da maior fidelidade poss\u00edvel.<\/p>\n<p>Loja do Tesouro-Museu da S\u00e9<br \/>\nA loja do Tesouro-Museu da S\u00e9 de Braga trabalha diariamente na promo\u00e7\u00e3o e divulga\u00e7\u00e3o do artesanato local e regional. Colaboram com esta loja cerca de 100 artes\u00e3os de diferentes concelhos do distrito de Braga, tendo como tem\u00e1ticas principais a arte sacra e as tradi\u00e7\u00f5es culturais da cidade de Braga.<br \/>\nRua D. Diogo de Sousa, 114<br \/>\nTel. 253 263 317<br \/>\n&#108;o&#x6a;a&#x40;s&#x65;&#45;&#x62;&#114;&#x61;&#103;a&#x2e;p&#x74;<\/p>\n<p>Arte Sacra de F\u00e2nzeres, Lda.<br \/>\nRua D. Diogo Sousa, 159<br \/>\n4700- 422 Braga<br \/>\nTel. 253 267 435<br \/>\nUrl: www.artesacrafanzeres.pt\/<br \/>\nEmail: &#97;&#x72;&#116;&#x65;&#115;&#x61;c&#x72;a&#x66;a&#110;&#x7a;&#101;&#x72;&#101;&#x73;&#64;&#x67;m&#x61;i&#x6c;&#46;&#99;&#x6f;&#109;<\/p>\n<p>Casa Arte Sacra David Barros<br \/>\nRua Cruz de Pedra, n\u00ba 41-43<br \/>\n4700-219 Braga<br \/>\nTel. 253 275 753\/ 933 116 605<\/p>\n<p>Domingos Rodrigues da Silva<br \/>\nRua de Baixo, 99<br \/>\n4700-155 Braga<br \/>\n&#68;&#x6f;&#109;&#x69;n&#x67;o&#115;&#x72;&#111;&#x64;&#115;&#x69;l&#x76;a&#64;&#x73;&#97;&#x70;o&#x2e;p&#x74;<br \/>\nTelm: 969005129<\/p>\n<p>Vasconcelos Paramentery<br \/>\nRua do Anjo, 55<br \/>\n4700-305 Braga<br \/>\nTel. 253 262 669<\/p>","protected":false},"excerpt":{"rendered":"<p>The artist and producer must be vitally penetrated by the general religiosity.<\/p>","protected":false},"featured_media":10171,"template":"","highlight_category":[60],"class_list":["post-6837","highlight","type-highlight","status-publish","has-post-thumbnail","hentry","highlight_category-artesanato-e-produtos-regionais"],"acf":[],"yoast_head":"<!-- This site is optimized with the Yoast SEO plugin v27.4 - https:\/\/yoast.com\/product\/yoast-seo-wordpress\/ -->\n<title>Arte Sacra | Visit Braga<\/title>\n<meta name=\"description\" content=\"Ao artista e produtor, compete estar vitalmente penetrado da religiosidade geral.\" \/>\n<meta name=\"robots\" content=\"index, follow, max-snippet:-1, max-image-preview:large, max-video-preview:-1\" \/>\n<link rel=\"canonical\" href=\"https:\/\/visitbraga.travel\/en\/highlights\/comercio-local\/arte-sacra\/\" \/>\n<meta property=\"og:locale\" content=\"en_US\" \/>\n<meta property=\"og:type\" content=\"article\" \/>\n<meta property=\"og:title\" content=\"Arte Sacra | Visit Braga\" \/>\n<meta property=\"og:description\" content=\"Ao artista e produtor, compete estar vitalmente penetrado da religiosidade geral.\" \/>\n<meta property=\"og:url\" content=\"https:\/\/visitbraga.travel\/en\/highlights\/comercio-local\/arte-sacra\/\" \/>\n<meta property=\"og:site_name\" content=\"Visit Braga\" \/>\n<meta property=\"article:publisher\" content=\"https:\/\/www.facebook.com\/visitbraga.travel\/\" \/>\n<meta property=\"article:modified_time\" content=\"2025-07-25T16:26:37+00:00\" \/>\n<meta property=\"og:image\" content=\"https:\/\/visitbraga.travel\/wp-content\/uploads\/2025\/06\/Arte-Sacra.jpg\" \/>\n\t<meta property=\"og:image:width\" content=\"1955\" \/>\n\t<meta property=\"og:image:height\" content=\"1304\" \/>\n\t<meta property=\"og:image:type\" content=\"image\/jpeg\" \/>\n<meta name=\"twitter:card\" content=\"summary_large_image\" \/>\n<meta name=\"twitter:site\" content=\"@VisitBraga\" \/>\n<meta name=\"twitter:label1\" content=\"Est. reading time\" \/>\n\t<meta name=\"twitter:data1\" content=\"2 minutes\" \/>\n<script type=\"application\/ld+json\" class=\"yoast-schema-graph\">{\"@context\":\"https:\\\/\\\/schema.org\",\"@graph\":[{\"@type\":\"WebPage\",\"@id\":\"https:\\\/\\\/visitbraga.travel\\\/highlights\\\/comercio-local\\\/arte-sacra\\\/\",\"url\":\"https:\\\/\\\/visitbraga.travel\\\/highlights\\\/comercio-local\\\/arte-sacra\\\/\",\"name\":\"Arte Sacra | Visit Braga\",\"isPartOf\":{\"@id\":\"https:\\\/\\\/visitbraga.travel\\\/#website\"},\"primaryImageOfPage\":{\"@id\":\"https:\\\/\\\/visitbraga.travel\\\/highlights\\\/comercio-local\\\/arte-sacra\\\/#primaryimage\"},\"image\":{\"@id\":\"https:\\\/\\\/visitbraga.travel\\\/highlights\\\/comercio-local\\\/arte-sacra\\\/#primaryimage\"},\"thumbnailUrl\":\"https:\\\/\\\/visitbraga.travel\\\/wp-content\\\/uploads\\\/2025\\\/06\\\/Arte-Sacra.jpg\",\"datePublished\":\"2025-06-12T15:34:38+00:00\",\"dateModified\":\"2025-07-25T16:26:37+00:00\",\"description\":\"Ao artista e produtor, compete estar vitalmente penetrado da religiosidade geral.\",\"inLanguage\":\"en-US\",\"potentialAction\":[{\"@type\":\"ReadAction\",\"target\":[\"https:\\\/\\\/visitbraga.travel\\\/highlights\\\/comercio-local\\\/arte-sacra\\\/\"]}]},{\"@type\":\"ImageObject\",\"inLanguage\":\"en-US\",\"@id\":\"https:\\\/\\\/visitbraga.travel\\\/highlights\\\/comercio-local\\\/arte-sacra\\\/#primaryimage\",\"url\":\"https:\\\/\\\/visitbraga.travel\\\/wp-content\\\/uploads\\\/2025\\\/06\\\/Arte-Sacra.jpg\",\"contentUrl\":\"https:\\\/\\\/visitbraga.travel\\\/wp-content\\\/uploads\\\/2025\\\/06\\\/Arte-Sacra.jpg\",\"width\":1955,\"height\":1304},{\"@type\":\"WebSite\",\"@id\":\"https:\\\/\\\/visitbraga.travel\\\/#website\",\"url\":\"https:\\\/\\\/visitbraga.travel\\\/\",\"name\":\"Visit Braga\",\"description\":\"Turismo Braga | Site Oficial de Braga\",\"publisher\":{\"@id\":\"https:\\\/\\\/visitbraga.travel\\\/#organization\"},\"potentialAction\":[{\"@type\":\"SearchAction\",\"target\":{\"@type\":\"EntryPoint\",\"urlTemplate\":\"https:\\\/\\\/visitbraga.travel\\\/?s={search_term_string}\"},\"query-input\":{\"@type\":\"PropertyValueSpecification\",\"valueRequired\":true,\"valueName\":\"search_term_string\"}}],\"inLanguage\":\"en-US\"},{\"@type\":\"Organization\",\"@id\":\"https:\\\/\\\/visitbraga.travel\\\/#organization\",\"name\":\"Visit Braga\",\"url\":\"https:\\\/\\\/visitbraga.travel\\\/\",\"logo\":{\"@type\":\"ImageObject\",\"inLanguage\":\"en-US\",\"@id\":\"https:\\\/\\\/visitbraga.travel\\\/#\\\/schema\\\/logo\\\/image\\\/\",\"url\":\"https:\\\/\\\/visitbraga.travel\\\/wp-content\\\/uploads\\\/2025\\\/05\\\/visit-braga.jpg\",\"contentUrl\":\"https:\\\/\\\/visitbraga.travel\\\/wp-content\\\/uploads\\\/2025\\\/05\\\/visit-braga.jpg\",\"width\":2400,\"height\":1256,\"caption\":\"Visit Braga\"},\"image\":{\"@id\":\"https:\\\/\\\/visitbraga.travel\\\/#\\\/schema\\\/logo\\\/image\\\/\"},\"sameAs\":[\"https:\\\/\\\/www.facebook.com\\\/visitbraga.travel\\\/\",\"https:\\\/\\\/x.com\\\/VisitBraga\"]}]}<\/script>\n<!-- \/ Yoast SEO plugin. -->","yoast_head_json":{"title":"Arte Sacra | Visit Braga","description":"The artist and producer must be vitally penetrated by the general religiosity.","robots":{"index":"index","follow":"follow","max-snippet":"max-snippet:-1","max-image-preview":"max-image-preview:large","max-video-preview":"max-video-preview:-1"},"canonical":"https:\/\/visitbraga.travel\/en\/highlights\/comercio-local\/arte-sacra\/","og_locale":"en_US","og_type":"article","og_title":"Arte Sacra | Visit Braga","og_description":"Ao artista e produtor, compete estar vitalmente penetrado da religiosidade geral.","og_url":"https:\/\/visitbraga.travel\/en\/highlights\/comercio-local\/arte-sacra\/","og_site_name":"Visit Braga","article_publisher":"https:\/\/www.facebook.com\/visitbraga.travel\/","article_modified_time":"2025-07-25T16:26:37+00:00","og_image":[{"width":1955,"height":1304,"url":"https:\/\/visitbraga.travel\/wp-content\/uploads\/2025\/06\/Arte-Sacra.jpg","type":"image\/jpeg"}],"twitter_card":"summary_large_image","twitter_site":"@VisitBraga","twitter_misc":{"Est. reading time":"2 minutes"},"schema":{"@context":"https:\/\/schema.org","@graph":[{"@type":"WebPage","@id":"https:\/\/visitbraga.travel\/highlights\/comercio-local\/arte-sacra\/","url":"https:\/\/visitbraga.travel\/highlights\/comercio-local\/arte-sacra\/","name":"Arte Sacra | Visit Braga","isPartOf":{"@id":"https:\/\/visitbraga.travel\/#website"},"primaryImageOfPage":{"@id":"https:\/\/visitbraga.travel\/highlights\/comercio-local\/arte-sacra\/#primaryimage"},"image":{"@id":"https:\/\/visitbraga.travel\/highlights\/comercio-local\/arte-sacra\/#primaryimage"},"thumbnailUrl":"https:\/\/visitbraga.travel\/wp-content\/uploads\/2025\/06\/Arte-Sacra.jpg","datePublished":"2025-06-12T15:34:38+00:00","dateModified":"2025-07-25T16:26:37+00:00","description":"The artist and producer must be vitally penetrated by the general religiosity.","inLanguage":"en-US","potentialAction":[{"@type":"ReadAction","target":["https:\/\/visitbraga.travel\/highlights\/comercio-local\/arte-sacra\/"]}]},{"@type":"ImageObject","inLanguage":"en-US","@id":"https:\/\/visitbraga.travel\/highlights\/comercio-local\/arte-sacra\/#primaryimage","url":"https:\/\/visitbraga.travel\/wp-content\/uploads\/2025\/06\/Arte-Sacra.jpg","contentUrl":"https:\/\/visitbraga.travel\/wp-content\/uploads\/2025\/06\/Arte-Sacra.jpg","width":1955,"height":1304},{"@type":"WebSite","@id":"https:\/\/visitbraga.travel\/#website","url":"https:\/\/visitbraga.travel\/","name":"Visit Braga","description":"Turismo Braga | Site Oficial de Braga","publisher":{"@id":"https:\/\/visitbraga.travel\/#organization"},"potentialAction":[{"@type":"SearchAction","target":{"@type":"EntryPoint","urlTemplate":"https:\/\/visitbraga.travel\/?s={search_term_string}"},"query-input":{"@type":"PropertyValueSpecification","valueRequired":true,"valueName":"search_term_string"}}],"inLanguage":"en-US"},{"@type":"Organization","@id":"https:\/\/visitbraga.travel\/#organization","name":"Visit Braga","url":"https:\/\/visitbraga.travel\/","logo":{"@type":"ImageObject","inLanguage":"en-US","@id":"https:\/\/visitbraga.travel\/#\/schema\/logo\/image\/","url":"https:\/\/visitbraga.travel\/wp-content\/uploads\/2025\/05\/visit-braga.jpg","contentUrl":"https:\/\/visitbraga.travel\/wp-content\/uploads\/2025\/05\/visit-braga.jpg","width":2400,"height":1256,"caption":"Visit Braga"},"image":{"@id":"https:\/\/visitbraga.travel\/#\/schema\/logo\/image\/"},"sameAs":["https:\/\/www.facebook.com\/visitbraga.travel\/","https:\/\/x.com\/VisitBraga"]}]}},"_links":{"self":[{"href":"https:\/\/visitbraga.travel\/en\/wp-json\/wp\/v2\/highlight\/6837","targetHints":{"allow":["GET"]}}],"collection":[{"href":"https:\/\/visitbraga.travel\/en\/wp-json\/wp\/v2\/highlight"}],"about":[{"href":"https:\/\/visitbraga.travel\/en\/wp-json\/wp\/v2\/types\/highlight"}],"version-history":[{"count":0,"href":"https:\/\/visitbraga.travel\/en\/wp-json\/wp\/v2\/highlight\/6837\/revisions"}],"wp:featuredmedia":[{"embeddable":true,"href":"https:\/\/visitbraga.travel\/en\/wp-json\/wp\/v2\/media\/10171"}],"wp:attachment":[{"href":"https:\/\/visitbraga.travel\/en\/wp-json\/wp\/v2\/media?parent=6837"}],"wp:term":[{"taxonomy":"highlight_category","embeddable":true,"href":"https:\/\/visitbraga.travel\/en\/wp-json\/wp\/v2\/highlight_category?post=6837"}],"curies":[{"name":"wp","href":"https:\/\/api.w.org\/{rel}","templated":true}]}}

<p>A arte sacra não só deve servir à Liturgia e respeitar os fins especificamente litúrgicos mas manter-se fiel às suas exigências naturais como arte, deve expressar a estética que, por sua natureza, à mesma arte lhe cabe produzir.<br />
Ao artista e produtor, compete estar vitalmente penetrado da religiosidade geral, da religiosidade litúrgica para que possa produzir uma obra autêntica de arte sacra.</p>
<p>Este tipo de arte deve ser compreensível, para a visão dos crentes de forma a que as obras apresentadas numa celebração ou numa exposição se tornem &#8220;teologia em imagens&#8221;.<br />
Terá de representar as verdades da fé, não de um modo arbitrário, mas na apresentação do dogma cristão através da maior fidelidade possível.</p>
<p>Loja do Tesouro-Museu da Sé<br />
A loja do Tesouro-Museu da Sé de Braga trabalha diariamente na promoção e divulgação do artesanato local e regional. Colaboram com esta loja cerca de 100 artesãos de diferentes concelhos do distrito de Braga, tendo como temáticas principais a arte sacra e as tradições culturais da cidade de Braga.<br />
Rua D. Diogo de Sousa, 114<br />
Tel. 253 263 317<br />
&#108;o&#x6a;a&#x40;s&#x65;&#45;&#x62;&#114;&#x61;&#103;a&#x2e;p&#x74;</p>
<p>Arte Sacra de Fânzeres, Lda.<br />
Rua D. Diogo Sousa, 159<br />
4700- 422 Braga<br />
Tel. 253 267 435<br />
Url: www.artesacrafanzeres.pt/<br />
Email: &#97;&#x72;&#116;&#x65;&#115;&#x61;c&#x72;a&#x66;a&#110;&#x7a;&#101;&#x72;&#101;&#x73;&#64;&#x67;m&#x61;i&#x6c;&#46;&#99;&#x6f;&#109;</p>
<p>Casa Arte Sacra David Barros<br />
Rua Cruz de Pedra, nº 41-43<br />
4700-219 Braga<br />
Tel. 253 275 753/ 933 116 605</p>
<p>Domingos Rodrigues da Silva<br />
Rua de Baixo, 99<br />
4700-155 Braga<br />
&#68;&#x6f;&#109;&#x69;n&#x67;o&#115;&#x72;&#111;&#x64;&#115;&#x69;l&#x76;a&#64;&#x73;&#97;&#x70;o&#x2e;p&#x74;<br />
Telm: 969005129</p>
<p>Vasconcelos Paramentery<br />
Rua do Anjo, 55<br />
4700-305 Braga<br />
Tel. 253 262 669</p>
