{"id":6782,"date":"2025-07-17T11:28:32","date_gmt":"2025-07-17T10:28:32","guid":{"rendered":"https:\/\/visitbraga.travel\/highlights\/%highlight_category%\/a-colonial\/"},"modified":"2025-07-25T12:41:47","modified_gmt":"2025-07-25T11:41:47","slug":"a-colonial","status":"publish","type":"highlight","link":"https:\/\/visitbraga.travel\/es\/highlights\/comercio-local\/a-colonial\/","title":{"rendered":"La Colonia"},"content":{"rendered":"<p><strong>La tienda<\/strong><br \/>\nSituado en el n\u00famero 147 de la Pra\u00e7a Conde de Agrolongo, tambi\u00e9n conocida como Campo da Vinha, Colonial ocupa la planta baja de un emblem\u00e1tico edificio esquinero dedicado a la venta de ultramarinos tradicionales.<br \/>\nColonial es un establecimiento dedicado a la compra tradicional desde su fundaci\u00f3n. No es s\u00f3lo un lugar de venta de productos, tambi\u00e9n es un lugar de tertulia y encuentro con gente del pasado y del presente.<br \/>\nComo en el pasado, favorecemos la comercializaci\u00f3n de productos con tradici\u00f3n en Portugal: una amplia gama de productos vendidos a granel, caf\u00e9 reci\u00e9n molido y bacalao, partido a mano seg\u00fan las preferencias del cliente.<\/p>\n<p><strong>Historia<\/strong><br \/>\nColonial fue fundada en 1936 por Meira da Silva y Ascenso, que era el nombre original del negocio. En 1955, la casa fue adquirida por Alfredo Marques, empleado de la tienda, y por Fernando Marques, que deleg\u00f3 la gesti\u00f3n del establecimiento en uno de sus cinco hijos, que le acompa\u00f1aron en el negocio desde muy joven. En 2023, la necesidad de realizar obras oblig\u00f3 a una importante intervenci\u00f3n en el edificio, que incluy\u00f3 tambi\u00e9n la tienda, aunque se preservaron sus caracter\u00edsticas y el espacio conserva su car\u00e1cter original.<br \/>\nLa aparici\u00f3n de los supermercados y el crecimiento del turismo han diversificado a los compradores, y los vinos han cobrado importancia. La tienda de ultramarinos sigue utilizando equipos antiguos, como molinos y balanzas, as\u00ed como un servicio de atenci\u00f3n al cliente personalizado en el mostrador.<br \/>\nUn espacio que alberga recuerdos de un largo pasado, sirve de lugar de socializaci\u00f3n y re\u00fane el pasado y el presente.<\/p>\n<p><strong>Productos y servicios<\/strong><br \/>\nColonial suministra vinos de Oporto, vinos de mesa, brandies, whisky, licores, caf\u00e9s, cebada, t\u00e9s, frutos secos, bacalao, embutidos, quesos, galletas y crackers, chocolates, especias, conservas y otros comestibles.<\/p>\n<p><strong>P\u00f3ngase en contacto con<\/strong><br \/>\nTel\u00e9fono: 962 104 582<br \/>\nCorreo electr\u00f3nico: <a href=\"\/es\/&\/#x6d;&#x61;&#105;lt&#x6f;&#x3a;&#114;&#97;i&#x7a;&#x66;&#108;&#117;i&#x64;&#x61;&#x40;&#103;ma&#x69;&#x6c;&#46;&#99;o&#x6d;\">raizfluida@gmail.com<\/a><\/p>","protected":false},"excerpt":{"rendered":"<p>Desde su fundaci\u00f3n, Colonial se ha dedicado a los comestibles tradicionales.<\/p>","protected":false},"featured_media":8434,"template":"","highlight_category":[59],"class_list":["post-6782","highlight","type-highlight","status-publish","has-post-thumbnail","hentry","highlight_category-lojas-com-historia"],"acf":[],"yoast_head":"<!-- This site is optimized with the Yoast SEO plugin v27.5 - https:\/\/yoast.com\/product\/yoast-seo-wordpress\/ -->\n<title>A Colonial | Visit Braga<\/title>\n<meta name=\"description\" content=\"A Colonial \u00e9 um estabelecimento que se dedica desde a funda\u00e7\u00e3o \u00e0 mercearia tradicional.\" \/>\n<meta name=\"robots\" content=\"index, follow, max-snippet:-1, max-image-preview:large, max-video-preview:-1\" \/>\n<link rel=\"canonical\" href=\"https:\/\/visitbraga.travel\/es\/highlights\/comercio-local\/a-colonial\/\" \/>\n<meta property=\"og:locale\" content=\"es_ES\" \/>\n<meta property=\"og:type\" content=\"article\" \/>\n<meta property=\"og:title\" content=\"A Colonial | Visit Braga\" \/>\n<meta property=\"og:description\" content=\"A Colonial \u00e9 um estabelecimento que se dedica desde a funda\u00e7\u00e3o \u00e0 mercearia tradicional.\" \/>\n<meta property=\"og:url\" content=\"https:\/\/visitbraga.travel\/es\/highlights\/comercio-local\/a-colonial\/\" \/>\n<meta property=\"og:site_name\" content=\"Visit Braga\" \/>\n<meta property=\"article:publisher\" content=\"https:\/\/www.facebook.com\/visitbraga.travel\/\" \/>\n<meta property=\"article:modified_time\" content=\"2025-07-25T11:41:47+00:00\" \/>\n<meta property=\"og:image\" content=\"https:\/\/visitbraga.travel\/wp-content\/uploads\/2025\/07\/colonial_1.jpg\" \/>\n\t<meta property=\"og:image:width\" content=\"1332\" \/>\n\t<meta property=\"og:image:height\" content=\"887\" \/>\n\t<meta property=\"og:image:type\" content=\"image\/jpeg\" \/>\n<meta name=\"twitter:card\" content=\"summary_large_image\" \/>\n<meta name=\"twitter:site\" content=\"@VisitBraga\" \/>\n<meta name=\"twitter:label1\" content=\"Tiempo de lectura\" \/>\n\t<meta name=\"twitter:data1\" content=\"6 minutos\" \/>\n<script type=\"application\/ld+json\" class=\"yoast-schema-graph\">{\"@context\":\"https:\\\/\\\/schema.org\",\"@graph\":[{\"@type\":\"WebPage\",\"@id\":\"https:\\\/\\\/visitbraga.travel\\\/highlights\\\/comercio-local\\\/a-colonial\\\/\",\"url\":\"https:\\\/\\\/visitbraga.travel\\\/highlights\\\/comercio-local\\\/a-colonial\\\/\",\"name\":\"A Colonial | Visit Braga\",\"isPartOf\":{\"@id\":\"https:\\\/\\\/visitbraga.travel\\\/#website\"},\"primaryImageOfPage\":{\"@id\":\"https:\\\/\\\/visitbraga.travel\\\/highlights\\\/comercio-local\\\/a-colonial\\\/#primaryimage\"},\"image\":{\"@id\":\"https:\\\/\\\/visitbraga.travel\\\/highlights\\\/comercio-local\\\/a-colonial\\\/#primaryimage\"},\"thumbnailUrl\":\"https:\\\/\\\/visitbraga.travel\\\/wp-content\\\/uploads\\\/2025\\\/07\\\/colonial_1.jpg\",\"datePublished\":\"2025-07-17T10:28:32+00:00\",\"dateModified\":\"2025-07-25T11:41:47+00:00\",\"description\":\"A Colonial \u00e9 um estabelecimento que se dedica desde a funda\u00e7\u00e3o \u00e0 mercearia tradicional.\",\"inLanguage\":\"es\",\"potentialAction\":[{\"@type\":\"ReadAction\",\"target\":[\"https:\\\/\\\/visitbraga.travel\\\/highlights\\\/comercio-local\\\/a-colonial\\\/\"]}]},{\"@type\":\"ImageObject\",\"inLanguage\":\"es\",\"@id\":\"https:\\\/\\\/visitbraga.travel\\\/highlights\\\/comercio-local\\\/a-colonial\\\/#primaryimage\",\"url\":\"https:\\\/\\\/visitbraga.travel\\\/wp-content\\\/uploads\\\/2025\\\/07\\\/colonial_1.jpg\",\"contentUrl\":\"https:\\\/\\\/visitbraga.travel\\\/wp-content\\\/uploads\\\/2025\\\/07\\\/colonial_1.jpg\",\"width\":1332,\"height\":887},{\"@type\":\"WebSite\",\"@id\":\"https:\\\/\\\/visitbraga.travel\\\/#website\",\"url\":\"https:\\\/\\\/visitbraga.travel\\\/\",\"name\":\"Visit Braga\",\"description\":\"Turismo Braga | Site Oficial de Braga\",\"publisher\":{\"@id\":\"https:\\\/\\\/visitbraga.travel\\\/#organization\"},\"potentialAction\":[{\"@type\":\"SearchAction\",\"target\":{\"@type\":\"EntryPoint\",\"urlTemplate\":\"https:\\\/\\\/visitbraga.travel\\\/?s={search_term_string}\"},\"query-input\":{\"@type\":\"PropertyValueSpecification\",\"valueRequired\":true,\"valueName\":\"search_term_string\"}}],\"inLanguage\":\"es\"},{\"@type\":\"Organization\",\"@id\":\"https:\\\/\\\/visitbraga.travel\\\/#organization\",\"name\":\"Visit Braga\",\"url\":\"https:\\\/\\\/visitbraga.travel\\\/\",\"logo\":{\"@type\":\"ImageObject\",\"inLanguage\":\"es\",\"@id\":\"https:\\\/\\\/visitbraga.travel\\\/#\\\/schema\\\/logo\\\/image\\\/\",\"url\":\"https:\\\/\\\/visitbraga.travel\\\/wp-content\\\/uploads\\\/2025\\\/05\\\/visit-braga.jpg\",\"contentUrl\":\"https:\\\/\\\/visitbraga.travel\\\/wp-content\\\/uploads\\\/2025\\\/05\\\/visit-braga.jpg\",\"width\":2400,\"height\":1256,\"caption\":\"Visit Braga\"},\"image\":{\"@id\":\"https:\\\/\\\/visitbraga.travel\\\/#\\\/schema\\\/logo\\\/image\\\/\"},\"sameAs\":[\"https:\\\/\\\/www.facebook.com\\\/visitbraga.travel\\\/\",\"https:\\\/\\\/x.com\\\/VisitBraga\"]}]}<\/script>\n<!-- \/ Yoast SEO plugin. -->","yoast_head_json":{"title":"A Colonial | Visit Braga","description":"Desde su fundaci\u00f3n, Colonial se ha dedicado a los comestibles tradicionales.","robots":{"index":"index","follow":"follow","max-snippet":"max-snippet:-1","max-image-preview":"max-image-preview:large","max-video-preview":"max-video-preview:-1"},"canonical":"https:\/\/visitbraga.travel\/es\/highlights\/comercio-local\/a-colonial\/","og_locale":"es_ES","og_type":"article","og_title":"A Colonial | Visit Braga","og_description":"A Colonial \u00e9 um estabelecimento que se dedica desde a funda\u00e7\u00e3o \u00e0 mercearia tradicional.","og_url":"https:\/\/visitbraga.travel\/es\/highlights\/comercio-local\/a-colonial\/","og_site_name":"Visit Braga","article_publisher":"https:\/\/www.facebook.com\/visitbraga.travel\/","article_modified_time":"2025-07-25T11:41:47+00:00","og_image":[{"width":1332,"height":887,"url":"https:\/\/visitbraga.travel\/wp-content\/uploads\/2025\/07\/colonial_1.jpg","type":"image\/jpeg"}],"twitter_card":"summary_large_image","twitter_site":"@VisitBraga","twitter_misc":{"Tiempo de lectura":"6 minutos"},"schema":{"@context":"https:\/\/schema.org","@graph":[{"@type":"WebPage","@id":"https:\/\/visitbraga.travel\/highlights\/comercio-local\/a-colonial\/","url":"https:\/\/visitbraga.travel\/highlights\/comercio-local\/a-colonial\/","name":"A Colonial | Visit Braga","isPartOf":{"@id":"https:\/\/visitbraga.travel\/#website"},"primaryImageOfPage":{"@id":"https:\/\/visitbraga.travel\/highlights\/comercio-local\/a-colonial\/#primaryimage"},"image":{"@id":"https:\/\/visitbraga.travel\/highlights\/comercio-local\/a-colonial\/#primaryimage"},"thumbnailUrl":"https:\/\/visitbraga.travel\/wp-content\/uploads\/2025\/07\/colonial_1.jpg","datePublished":"2025-07-17T10:28:32+00:00","dateModified":"2025-07-25T11:41:47+00:00","description":"Desde su fundaci\u00f3n, Colonial se ha dedicado a los comestibles tradicionales.","inLanguage":"es","potentialAction":[{"@type":"ReadAction","target":["https:\/\/visitbraga.travel\/highlights\/comercio-local\/a-colonial\/"]}]},{"@type":"ImageObject","inLanguage":"es","@id":"https:\/\/visitbraga.travel\/highlights\/comercio-local\/a-colonial\/#primaryimage","url":"https:\/\/visitbraga.travel\/wp-content\/uploads\/2025\/07\/colonial_1.jpg","contentUrl":"https:\/\/visitbraga.travel\/wp-content\/uploads\/2025\/07\/colonial_1.jpg","width":1332,"height":887},{"@type":"WebSite","@id":"https:\/\/visitbraga.travel\/#website","url":"https:\/\/visitbraga.travel\/","name":"Visitar Braga","description":"Turismo Braga | Site Oficial de Braga","publisher":{"@id":"https:\/\/visitbraga.travel\/#organization"},"potentialAction":[{"@type":"SearchAction","target":{"@type":"EntryPoint","urlTemplate":"https:\/\/visitbraga.travel\/?s={search_term_string}"},"query-input":{"@type":"PropertyValueSpecification","valueRequired":true,"valueName":"search_term_string"}}],"inLanguage":"es"},{"@type":"Organization","@id":"https:\/\/visitbraga.travel\/#organization","name":"Visitar Braga","url":"https:\/\/visitbraga.travel\/","logo":{"@type":"ImageObject","inLanguage":"es","@id":"https:\/\/visitbraga.travel\/#\/schema\/logo\/image\/","url":"https:\/\/visitbraga.travel\/wp-content\/uploads\/2025\/05\/visit-braga.jpg","contentUrl":"https:\/\/visitbraga.travel\/wp-content\/uploads\/2025\/05\/visit-braga.jpg","width":2400,"height":1256,"caption":"Visit Braga"},"image":{"@id":"https:\/\/visitbraga.travel\/#\/schema\/logo\/image\/"},"sameAs":["https:\/\/www.facebook.com\/visitbraga.travel\/","https:\/\/x.com\/VisitBraga"]}]}},"_links":{"self":[{"href":"https:\/\/visitbraga.travel\/es\/wp-json\/wp\/v2\/highlight\/6782","targetHints":{"allow":["GET"]}}],"collection":[{"href":"https:\/\/visitbraga.travel\/es\/wp-json\/wp\/v2\/highlight"}],"about":[{"href":"https:\/\/visitbraga.travel\/es\/wp-json\/wp\/v2\/types\/highlight"}],"version-history":[{"count":0,"href":"https:\/\/visitbraga.travel\/es\/wp-json\/wp\/v2\/highlight\/6782\/revisions"}],"wp:featuredmedia":[{"embeddable":true,"href":"https:\/\/visitbraga.travel\/es\/wp-json\/wp\/v2\/media\/8434"}],"wp:attachment":[{"href":"https:\/\/visitbraga.travel\/es\/wp-json\/wp\/v2\/media?parent=6782"}],"wp:term":[{"taxonomy":"highlight_category","embeddable":true,"href":"https:\/\/visitbraga.travel\/es\/wp-json\/wp\/v2\/highlight_category?post=6782"}],"curies":[{"name":"wp","href":"https:\/\/api.w.org\/{rel}","templated":true}]}}

<p><strong>La tienda</strong><br />
Situado en el número 147 de la Praça Conde de Agrolongo, también conocida como Campo da Vinha, Colonial ocupa la planta baja de un emblemático edificio esquinero dedicado a la venta de ultramarinos tradicionales.<br />
Colonial es un establecimiento dedicado a la compra tradicional desde su fundación. No es sólo un lugar de venta de productos, también es un lugar de tertulia y encuentro con gente del pasado y del presente.<br />
Como en el pasado, favorecemos la comercialización de productos con tradición en Portugal: una amplia gama de productos vendidos a granel, café recién molido y bacalao, partido a mano según las preferencias del cliente.</p>
<p><strong>Historia</strong><br />
Colonial fue fundada en 1936 por Meira da Silva y Ascenso, que era el nombre original del negocio. En 1955, la casa fue adquirida por Alfredo Marques, empleado de la tienda, y por Fernando Marques, que delegó la gestión del establecimiento en uno de sus cinco hijos, que le acompañaron en el negocio desde muy joven. En 2023, la necesidad de realizar obras obligó a una importante intervención en el edificio, que incluyó también la tienda, aunque se preservaron sus características y el espacio conserva su carácter original.<br />
La aparición de los supermercados y el crecimiento del turismo han diversificado a los compradores, y los vinos han cobrado importancia. La tienda de ultramarinos sigue utilizando equipos antiguos, como molinos y balanzas, así como un servicio de atención al cliente personalizado en el mostrador.<br />
Un espacio que alberga recuerdos de un largo pasado, sirve de lugar de socialización y reúne el pasado y el presente.</p>
<p><strong>Productos y servicios</strong><br />
Colonial suministra vinos de Oporto, vinos de mesa, brandies, whisky, licores, cafés, cebada, tés, frutos secos, bacalao, embutidos, quesos, galletas y crackers, chocolates, especias, conservas y otros comestibles.</p>
<p><strong>Póngase en contacto con</strong><br />
Teléfono: 962 104 582<br />
Correo electrónico: <a href="/es/&/#x6d;&#x61;&#105;lt&#x6f;&#x3a;&#114;&#97;i&#x7a;&#x66;&#108;&#117;i&#x64;&#x61;&#x40;&#103;ma&#x69;&#x6c;&#46;&#99;o&#x6d;">raizfluida@gmail.com</a></p>

<p>Desde su fundación, Colonial se ha dedicado a los comestibles tradicionales.</p>

<!-- This site is optimized with the Yoast SEO plugin v27.5 - https://yoast.com/product/yoast-seo-wordpress/ -->
<title>A Colonial | Visit Braga</title>
<meta name="description" content="A Colonial é um estabelecimento que se dedica desde a fundação à mercearia tradicional." />
<meta name="robots" content="index, follow, max-snippet:-1, max-image-preview:large, max-video-preview:-1" />
<link rel="canonical" href="https://visitbraga.travel/es/highlights/comercio-local/a-colonial/" />
<meta property="og:locale" content="es_ES" />
<meta property="og:type" content="article" />
<meta property="og:title" content="A Colonial | Visit Braga" />
<meta property="og:description" content="A Colonial é um estabelecimento que se dedica desde a fundação à mercearia tradicional." />
<meta property="og:url" content="https://visitbraga.travel/es/highlights/comercio-local/a-colonial/" />
<meta property="og:site_name" content="Visit Braga" />
<meta property="article:publisher" content="https://www.facebook.com/visitbraga.travel/" />
<meta property="article:modified_time" content="2025-07-25T11:41:47+00:00" />
<meta property="og:image" content="https://visitbraga.travel/wp-content/uploads/2025/07/colonial_1.jpg" />
	<meta property="og:image:width" content="1332" />
	<meta property="og:image:height" content="887" />
	<meta property="og:image:type" content="image/jpeg" />
<meta name="twitter:card" content="summary_large_image" />
<meta name="twitter:site" content="@VisitBraga" />
<meta name="twitter:label1" content="Tiempo de lectura" />
	<meta name="twitter:data1" content="6 minutos" />
<script type="application/ld+json" class="yoast-schema-graph">{"@context":"https:\/\/schema.org","@graph":[{"@type":"WebPage","@id":"https:\/\/visitbraga.travel\/highlights\/comercio-local\/a-colonial\/","url":"https:\/\/visitbraga.travel\/highlights\/comercio-local\/a-colonial\/","name":"A Colonial | Visit Braga","isPartOf":{"@id":"https:\/\/visitbraga.travel\/#website"},"primaryImageOfPage":{"@id":"https:\/\/visitbraga.travel\/highlights\/comercio-local\/a-colonial\/#primaryimage"},"image":{"@id":"https:\/\/visitbraga.travel\/highlights\/comercio-local\/a-colonial\/#primaryimage"},"thumbnailUrl":"https:\/\/visitbraga.travel\/wp-content\/uploads\/2025\/07\/colonial_1.jpg","datePublished":"2025-07-17T10:28:32+00:00","dateModified":"2025-07-25T11:41:47+00:00","description":"A Colonial é um estabelecimento que se dedica desde a fundação à mercearia tradicional.","inLanguage":"es","potentialAction":[{"@type":"ReadAction","target":["https:\/\/visitbraga.travel\/highlights\/comercio-local\/a-colonial\/"]}]},{"@type":"ImageObject","inLanguage":"es","@id":"https:\/\/visitbraga.travel\/highlights\/comercio-local\/a-colonial\/#primaryimage","url":"https:\/\/visitbraga.travel\/wp-content\/uploads\/2025\/07\/colonial_1.jpg","contentUrl":"https:\/\/visitbraga.travel\/wp-content\/uploads\/2025\/07\/colonial_1.jpg","width":1332,"height":887},{"@type":"WebSite","@id":"https:\/\/visitbraga.travel\/#website","url":"https:\/\/visitbraga.travel\/","name":"Visit Braga","description":"Turismo Braga | Site Oficial de Braga","publisher":{"@id":"https:\/\/visitbraga.travel\/#organization"},"potentialAction":[{"@type":"SearchAction","target":{"@type":"EntryPoint","urlTemplate":"https:\/\/visitbraga.travel\/?s={search_term_string}"},"query-input":{"@type":"PropertyValueSpecification","valueRequired":true,"valueName":"search_term_string"}}],"inLanguage":"es"},{"@type":"Organization","@id":"https:\/\/visitbraga.travel\/#organization","name":"Visit Braga","url":"https:\/\/visitbraga.travel\/","logo":{"@type":"ImageObject","inLanguage":"es","@id":"https:\/\/visitbraga.travel\/#\/schema\/logo\/image\/","url":"https:\/\/visitbraga.travel\/wp-content\/uploads\/2025\/05\/visit-braga.jpg","contentUrl":"https:\/\/visitbraga.travel\/wp-content\/uploads\/2025\/05\/visit-braga.jpg","width":2400,"height":1256,"caption":"Visit Braga"},"image":{"@id":"https:\/\/visitbraga.travel\/#\/schema\/logo\/image\/"},"sameAs":["https:\/\/www.facebook.com\/visitbraga.travel\/","https:\/\/x.com\/VisitBraga"]}]}</script>
<!-- / Yoast SEO plugin. -->

Desde su fundación, Colonial se ha dedicado a los comestibles tradicionales.

A Colonial é um estabelecimento que se dedica desde a fundação à mercearia tradicional.
