{"id":6799,"date":"2025-07-17T11:28:34","date_gmt":"2025-07-17T10:28:34","guid":{"rendered":"https:\/\/visitbraga.travel\/highlights\/%highlight_category%\/frigideiras-do-cantinho\/"},"modified":"2025-07-25T12:26:18","modified_gmt":"2025-07-25T11:26:18","slug":"frigideiras-do-cantinho","status":"publish","type":"highlight","link":"https:\/\/visitbraga.travel\/es\/highlights\/comercio-local\/frigideiras-do-cantinho\/","title":{"rendered":"Sartenes de Cantinho"},"content":{"rendered":"<p><strong>La tienda<\/strong><br \/>\nSituada en el n\u00famero 1 del Largo de S\u00e3o Jo\u00e3o do Souto, Frigideiras do Cantinho est\u00e1 considerada una de las pasteler\u00edas m\u00e1s antiguas de la ciudad de Braga y debe su nombre a la especialidad por la que a\u00fan hoy es conocida: las sartenes.<br \/>\nHoy forma parte de la ruta arqueol\u00f3gica de la ciudad debido al descubrimiento de estructuras que corresponden a una vivienda de \u00e9poca romana.<\/p>\n<p><strong>Historia<\/strong><br \/>\nEn 1997, durante una reforma del espacio, se hicieron descubrimientos en el s\u00f3tano del edificio que se han conservado y musealizado, y que pueden verse a trav\u00e9s de una estructura de cristal en el suelo del interior de la pasteler\u00eda, convirti\u00e9ndola en parte de la ruta arqueol\u00f3gica de la ciudad. En 2000, como parte de las celebraciones del Bimilenario de la ciudad, 'Frigideiras do Cantinho' lanz\u00f3 el \"pastel romano\", exclusivo de la casa Actualmente gestionado por Pereira &amp; Rocha, bajo la direcci\u00f3n de Fernando Areias.<br \/>\nLas grandes tortas de hojaldre con relleno de carne picada hecha a mano dieron nombre al establecimiento que abri\u00f3 sus puertas en 1796. Solas, mezcladas o con guarnici\u00f3n, las 'frigideiras' fueron descritas como \"apetitosas\" por J\u00falio Dinis y Camilo Castelo Branco, y todav\u00eda se envuelven en el papel de la casa y se atan con hilo de algod\u00f3n.<br \/>\nEn 1997, la remodelaci\u00f3n del espacio dej\u00f3 al descubierto las ruinas de una domus romana. Los restos se han conservado y musealizado, y pueden verse a trav\u00e9s del suelo de cristal de la pasteler\u00eda.<br \/>\nYa en 2000, en el marco del Bimilenario de la ciudad, 'Frigideiras do Cantinho' lanz\u00f3 el \"pastel romano\", exclusivo de la casa e inspirado en antiguas recetas de Marco Gavius Ap\u00edcio, gastr\u00f3nomo del siglo I d.C.<\/p>\n<p><strong>Productos y servicios<\/strong><br \/>\nVariedad de productos de pasteler\u00eda, especialmente conocida por sus frigideiras, plato t\u00edpico de Braga.<\/p>\n<p><strong>P\u00f3ngase en contacto con<\/strong><br \/>\nTel\u00e9fono: 253 263 991<br \/>\nCorreo electr\u00f3nico: <a href=\"\/es\/&\/#x6d;&#x61;&#x69;&#x6c;&#x74;&#x6f;&#x3a;&#x66;&#x72;&#x69;&#x67;&#x69;&#x64;&#x65;&#x69;&#x72;&#x61;&#x73;&#x2e;&#x63;&#x61;&#x6e;&#x74;&#x69;&#x6e;&#x68;&#x6f;&#x40;&#x67;&#x6d;&#x61;&#x69;&#x6c;&#x2e;&#x63;&#x6f;&#x6d;\">frigideiras.cantinho@gmail.com<\/a><\/p>","protected":false},"excerpt":{"rendered":"<p>Frigideiras do Cantinho est\u00e1 considerada una de las pasteler\u00edas m\u00e1s antiguas de la ciudad de Braga.<\/p>","protected":false},"featured_media":8448,"template":"","highlight_category":[59],"class_list":["post-6799","highlight","type-highlight","status-publish","has-post-thumbnail","hentry","highlight_category-lojas-com-historia"],"acf":[],"yoast_head":"<!-- This site is optimized with the Yoast SEO plugin v27.5 - https:\/\/yoast.com\/product\/yoast-seo-wordpress\/ -->\n<title>Frigideiras do Cantinho | Visit Braga<\/title>\n<meta name=\"description\" content=\"As Frigideiras do Cantinho \u00e9 considerada uma das pastelarias mais antiga da cidade de Braga.\" \/>\n<meta name=\"robots\" content=\"index, follow, max-snippet:-1, max-image-preview:large, max-video-preview:-1\" \/>\n<link rel=\"canonical\" href=\"https:\/\/visitbraga.travel\/es\/highlights\/comercio-local\/frigideiras-do-cantinho\/\" \/>\n<meta property=\"og:locale\" content=\"es_ES\" \/>\n<meta property=\"og:type\" content=\"article\" \/>\n<meta property=\"og:title\" content=\"Frigideiras do Cantinho | Visit Braga\" \/>\n<meta property=\"og:description\" content=\"As Frigideiras do Cantinho \u00e9 considerada uma das pastelarias mais antiga da cidade de Braga.\" \/>\n<meta property=\"og:url\" content=\"https:\/\/visitbraga.travel\/es\/highlights\/comercio-local\/frigideiras-do-cantinho\/\" \/>\n<meta property=\"og:site_name\" content=\"Visit Braga\" \/>\n<meta property=\"article:publisher\" content=\"https:\/\/www.facebook.com\/visitbraga.travel\/\" \/>\n<meta property=\"article:modified_time\" content=\"2025-07-25T11:26:18+00:00\" \/>\n<meta property=\"og:image\" content=\"https:\/\/visitbraga.travel\/wp-content\/uploads\/2025\/07\/frigideiras_1.jpg\" \/>\n\t<meta property=\"og:image:width\" content=\"2048\" \/>\n\t<meta property=\"og:image:height\" content=\"1365\" \/>\n\t<meta property=\"og:image:type\" content=\"image\/jpeg\" \/>\n<meta name=\"twitter:card\" content=\"summary_large_image\" \/>\n<meta name=\"twitter:site\" content=\"@VisitBraga\" \/>\n<meta name=\"twitter:label1\" content=\"Tiempo de lectura\" \/>\n\t<meta name=\"twitter:data1\" content=\"4 minutos\" \/>\n<script type=\"application\/ld+json\" class=\"yoast-schema-graph\">{\"@context\":\"https:\\\/\\\/schema.org\",\"@graph\":[{\"@type\":\"WebPage\",\"@id\":\"https:\\\/\\\/visitbraga.travel\\\/highlights\\\/comercio-local\\\/frigideiras-do-cantinho\\\/\",\"url\":\"https:\\\/\\\/visitbraga.travel\\\/highlights\\\/comercio-local\\\/frigideiras-do-cantinho\\\/\",\"name\":\"Frigideiras do Cantinho | Visit Braga\",\"isPartOf\":{\"@id\":\"https:\\\/\\\/visitbraga.travel\\\/#website\"},\"primaryImageOfPage\":{\"@id\":\"https:\\\/\\\/visitbraga.travel\\\/highlights\\\/comercio-local\\\/frigideiras-do-cantinho\\\/#primaryimage\"},\"image\":{\"@id\":\"https:\\\/\\\/visitbraga.travel\\\/highlights\\\/comercio-local\\\/frigideiras-do-cantinho\\\/#primaryimage\"},\"thumbnailUrl\":\"https:\\\/\\\/visitbraga.travel\\\/wp-content\\\/uploads\\\/2025\\\/07\\\/frigideiras_1.jpg\",\"datePublished\":\"2025-07-17T10:28:34+00:00\",\"dateModified\":\"2025-07-25T11:26:18+00:00\",\"description\":\"As Frigideiras do Cantinho \u00e9 considerada uma das pastelarias mais antiga da cidade de Braga.\",\"inLanguage\":\"es\",\"potentialAction\":[{\"@type\":\"ReadAction\",\"target\":[\"https:\\\/\\\/visitbraga.travel\\\/highlights\\\/comercio-local\\\/frigideiras-do-cantinho\\\/\"]}]},{\"@type\":\"ImageObject\",\"inLanguage\":\"es\",\"@id\":\"https:\\\/\\\/visitbraga.travel\\\/highlights\\\/comercio-local\\\/frigideiras-do-cantinho\\\/#primaryimage\",\"url\":\"https:\\\/\\\/visitbraga.travel\\\/wp-content\\\/uploads\\\/2025\\\/07\\\/frigideiras_1.jpg\",\"contentUrl\":\"https:\\\/\\\/visitbraga.travel\\\/wp-content\\\/uploads\\\/2025\\\/07\\\/frigideiras_1.jpg\",\"width\":2048,\"height\":1365},{\"@type\":\"WebSite\",\"@id\":\"https:\\\/\\\/visitbraga.travel\\\/#website\",\"url\":\"https:\\\/\\\/visitbraga.travel\\\/\",\"name\":\"Visit Braga\",\"description\":\"Turismo Braga | Site Oficial de Braga\",\"publisher\":{\"@id\":\"https:\\\/\\\/visitbraga.travel\\\/#organization\"},\"potentialAction\":[{\"@type\":\"SearchAction\",\"target\":{\"@type\":\"EntryPoint\",\"urlTemplate\":\"https:\\\/\\\/visitbraga.travel\\\/?s={search_term_string}\"},\"query-input\":{\"@type\":\"PropertyValueSpecification\",\"valueRequired\":true,\"valueName\":\"search_term_string\"}}],\"inLanguage\":\"es\"},{\"@type\":\"Organization\",\"@id\":\"https:\\\/\\\/visitbraga.travel\\\/#organization\",\"name\":\"Visit Braga\",\"url\":\"https:\\\/\\\/visitbraga.travel\\\/\",\"logo\":{\"@type\":\"ImageObject\",\"inLanguage\":\"es\",\"@id\":\"https:\\\/\\\/visitbraga.travel\\\/#\\\/schema\\\/logo\\\/image\\\/\",\"url\":\"https:\\\/\\\/visitbraga.travel\\\/wp-content\\\/uploads\\\/2025\\\/05\\\/visit-braga.jpg\",\"contentUrl\":\"https:\\\/\\\/visitbraga.travel\\\/wp-content\\\/uploads\\\/2025\\\/05\\\/visit-braga.jpg\",\"width\":2400,\"height\":1256,\"caption\":\"Visit Braga\"},\"image\":{\"@id\":\"https:\\\/\\\/visitbraga.travel\\\/#\\\/schema\\\/logo\\\/image\\\/\"},\"sameAs\":[\"https:\\\/\\\/www.facebook.com\\\/visitbraga.travel\\\/\",\"https:\\\/\\\/x.com\\\/VisitBraga\"]}]}<\/script>\n<!-- \/ Yoast SEO plugin. -->","yoast_head_json":{"title":"Frigideiras do Cantinho | Visit Braga","description":"Frigideiras do Cantinho est\u00e1 considerada una de las pasteler\u00edas m\u00e1s antiguas de la ciudad de Braga.","robots":{"index":"index","follow":"follow","max-snippet":"max-snippet:-1","max-image-preview":"max-image-preview:large","max-video-preview":"max-video-preview:-1"},"canonical":"https:\/\/visitbraga.travel\/es\/highlights\/comercio-local\/frigideiras-do-cantinho\/","og_locale":"es_ES","og_type":"article","og_title":"Frigideiras do Cantinho | Visit Braga","og_description":"As Frigideiras do Cantinho \u00e9 considerada uma das pastelarias mais antiga da cidade de Braga.","og_url":"https:\/\/visitbraga.travel\/es\/highlights\/comercio-local\/frigideiras-do-cantinho\/","og_site_name":"Visit Braga","article_publisher":"https:\/\/www.facebook.com\/visitbraga.travel\/","article_modified_time":"2025-07-25T11:26:18+00:00","og_image":[{"width":2048,"height":1365,"url":"https:\/\/visitbraga.travel\/wp-content\/uploads\/2025\/07\/frigideiras_1.jpg","type":"image\/jpeg"}],"twitter_card":"summary_large_image","twitter_site":"@VisitBraga","twitter_misc":{"Tiempo de lectura":"4 minutos"},"schema":{"@context":"https:\/\/schema.org","@graph":[{"@type":"WebPage","@id":"https:\/\/visitbraga.travel\/highlights\/comercio-local\/frigideiras-do-cantinho\/","url":"https:\/\/visitbraga.travel\/highlights\/comercio-local\/frigideiras-do-cantinho\/","name":"Frigideiras do Cantinho | Visit Braga","isPartOf":{"@id":"https:\/\/visitbraga.travel\/#website"},"primaryImageOfPage":{"@id":"https:\/\/visitbraga.travel\/highlights\/comercio-local\/frigideiras-do-cantinho\/#primaryimage"},"image":{"@id":"https:\/\/visitbraga.travel\/highlights\/comercio-local\/frigideiras-do-cantinho\/#primaryimage"},"thumbnailUrl":"https:\/\/visitbraga.travel\/wp-content\/uploads\/2025\/07\/frigideiras_1.jpg","datePublished":"2025-07-17T10:28:34+00:00","dateModified":"2025-07-25T11:26:18+00:00","description":"Frigideiras do Cantinho est\u00e1 considerada una de las pasteler\u00edas m\u00e1s antiguas de la ciudad de Braga.","inLanguage":"es","potentialAction":[{"@type":"ReadAction","target":["https:\/\/visitbraga.travel\/highlights\/comercio-local\/frigideiras-do-cantinho\/"]}]},{"@type":"ImageObject","inLanguage":"es","@id":"https:\/\/visitbraga.travel\/highlights\/comercio-local\/frigideiras-do-cantinho\/#primaryimage","url":"https:\/\/visitbraga.travel\/wp-content\/uploads\/2025\/07\/frigideiras_1.jpg","contentUrl":"https:\/\/visitbraga.travel\/wp-content\/uploads\/2025\/07\/frigideiras_1.jpg","width":2048,"height":1365},{"@type":"WebSite","@id":"https:\/\/visitbraga.travel\/#website","url":"https:\/\/visitbraga.travel\/","name":"Visitar Braga","description":"Turismo Braga | Site Oficial de Braga","publisher":{"@id":"https:\/\/visitbraga.travel\/#organization"},"potentialAction":[{"@type":"SearchAction","target":{"@type":"EntryPoint","urlTemplate":"https:\/\/visitbraga.travel\/?s={search_term_string}"},"query-input":{"@type":"PropertyValueSpecification","valueRequired":true,"valueName":"search_term_string"}}],"inLanguage":"es"},{"@type":"Organization","@id":"https:\/\/visitbraga.travel\/#organization","name":"Visitar Braga","url":"https:\/\/visitbraga.travel\/","logo":{"@type":"ImageObject","inLanguage":"es","@id":"https:\/\/visitbraga.travel\/#\/schema\/logo\/image\/","url":"https:\/\/visitbraga.travel\/wp-content\/uploads\/2025\/05\/visit-braga.jpg","contentUrl":"https:\/\/visitbraga.travel\/wp-content\/uploads\/2025\/05\/visit-braga.jpg","width":2400,"height":1256,"caption":"Visit Braga"},"image":{"@id":"https:\/\/visitbraga.travel\/#\/schema\/logo\/image\/"},"sameAs":["https:\/\/www.facebook.com\/visitbraga.travel\/","https:\/\/x.com\/VisitBraga"]}]}},"_links":{"self":[{"href":"https:\/\/visitbraga.travel\/es\/wp-json\/wp\/v2\/highlight\/6799","targetHints":{"allow":["GET"]}}],"collection":[{"href":"https:\/\/visitbraga.travel\/es\/wp-json\/wp\/v2\/highlight"}],"about":[{"href":"https:\/\/visitbraga.travel\/es\/wp-json\/wp\/v2\/types\/highlight"}],"version-history":[{"count":0,"href":"https:\/\/visitbraga.travel\/es\/wp-json\/wp\/v2\/highlight\/6799\/revisions"}],"wp:featuredmedia":[{"embeddable":true,"href":"https:\/\/visitbraga.travel\/es\/wp-json\/wp\/v2\/media\/8448"}],"wp:attachment":[{"href":"https:\/\/visitbraga.travel\/es\/wp-json\/wp\/v2\/media?parent=6799"}],"wp:term":[{"taxonomy":"highlight_category","embeddable":true,"href":"https:\/\/visitbraga.travel\/es\/wp-json\/wp\/v2\/highlight_category?post=6799"}],"curies":[{"name":"wp","href":"https:\/\/api.w.org\/{rel}","templated":true}]}}

<p><strong>La tienda</strong><br />
Situada en el número 1 del Largo de São João do Souto, Frigideiras do Cantinho está considerada una de las pastelerías más antiguas de la ciudad de Braga y debe su nombre a la especialidad por la que aún hoy es conocida: las sartenes.<br />
Hoy forma parte de la ruta arqueológica de la ciudad debido al descubrimiento de estructuras que corresponden a una vivienda de época romana.</p>
<p><strong>Historia</strong><br />
En 1997, durante una reforma del espacio, se hicieron descubrimientos en el sótano del edificio que se han conservado y musealizado, y que pueden verse a través de una estructura de cristal en el suelo del interior de la pastelería, convirtiéndola en parte de la ruta arqueológica de la ciudad. En 2000, como parte de las celebraciones del Bimilenario de la ciudad, 'Frigideiras do Cantinho' lanzó el "pastel romano", exclusivo de la casa Actualmente gestionado por Pereira &amp; Rocha, bajo la dirección de Fernando Areias.<br />
Las grandes tortas de hojaldre con relleno de carne picada hecha a mano dieron nombre al establecimiento que abrió sus puertas en 1796. Solas, mezcladas o con guarnición, las 'frigideiras' fueron descritas como "apetitosas" por Júlio Dinis y Camilo Castelo Branco, y todavía se envuelven en el papel de la casa y se atan con hilo de algodón.<br />
En 1997, la remodelación del espacio dejó al descubierto las ruinas de una domus romana. Los restos se han conservado y musealizado, y pueden verse a través del suelo de cristal de la pastelería.<br />
Ya en 2000, en el marco del Bimilenario de la ciudad, 'Frigideiras do Cantinho' lanzó el "pastel romano", exclusivo de la casa e inspirado en antiguas recetas de Marco Gavius Apício, gastrónomo del siglo I d.C.</p>
<p><strong>Productos y servicios</strong><br />
Variedad de productos de pastelería, especialmente conocida por sus frigideiras, plato típico de Braga.</p>
<p><strong>Póngase en contacto con</strong><br />
Teléfono: 253 263 991<br />
Correo electrónico: <a href="/es/&/#x6d;&#x61;&#x69;&#x6c;&#x74;&#x6f;&#x3a;&#x66;&#x72;&#x69;&#x67;&#x69;&#x64;&#x65;&#x69;&#x72;&#x61;&#x73;&#x2e;&#x63;&#x61;&#x6e;&#x74;&#x69;&#x6e;&#x68;&#x6f;&#x40;&#x67;&#x6d;&#x61;&#x69;&#x6c;&#x2e;&#x63;&#x6f;&#x6d;">frigideiras.cantinho@gmail.com</a></p>

<p>Frigideiras do Cantinho está considerada una de las pastelerías más antiguas de la ciudad de Braga.</p>

<!-- This site is optimized with the Yoast SEO plugin v27.5 - https://yoast.com/product/yoast-seo-wordpress/ -->
<title>Frigideiras do Cantinho | Visit Braga</title>
<meta name="description" content="As Frigideiras do Cantinho é considerada uma das pastelarias mais antiga da cidade de Braga." />
<meta name="robots" content="index, follow, max-snippet:-1, max-image-preview:large, max-video-preview:-1" />
<link rel="canonical" href="https://visitbraga.travel/es/highlights/comercio-local/frigideiras-do-cantinho/" />
<meta property="og:locale" content="es_ES" />
<meta property="og:type" content="article" />
<meta property="og:title" content="Frigideiras do Cantinho | Visit Braga" />
<meta property="og:description" content="As Frigideiras do Cantinho é considerada uma das pastelarias mais antiga da cidade de Braga." />
<meta property="og:url" content="https://visitbraga.travel/es/highlights/comercio-local/frigideiras-do-cantinho/" />
<meta property="og:site_name" content="Visit Braga" />
<meta property="article:publisher" content="https://www.facebook.com/visitbraga.travel/" />
<meta property="article:modified_time" content="2025-07-25T11:26:18+00:00" />
<meta property="og:image" content="https://visitbraga.travel/wp-content/uploads/2025/07/frigideiras_1.jpg" />
	<meta property="og:image:width" content="2048" />
	<meta property="og:image:height" content="1365" />
	<meta property="og:image:type" content="image/jpeg" />
<meta name="twitter:card" content="summary_large_image" />
<meta name="twitter:site" content="@VisitBraga" />
<meta name="twitter:label1" content="Tiempo de lectura" />
	<meta name="twitter:data1" content="4 minutos" />
<script type="application/ld+json" class="yoast-schema-graph">{"@context":"https:\/\/schema.org","@graph":[{"@type":"WebPage","@id":"https:\/\/visitbraga.travel\/highlights\/comercio-local\/frigideiras-do-cantinho\/","url":"https:\/\/visitbraga.travel\/highlights\/comercio-local\/frigideiras-do-cantinho\/","name":"Frigideiras do Cantinho | Visit Braga","isPartOf":{"@id":"https:\/\/visitbraga.travel\/#website"},"primaryImageOfPage":{"@id":"https:\/\/visitbraga.travel\/highlights\/comercio-local\/frigideiras-do-cantinho\/#primaryimage"},"image":{"@id":"https:\/\/visitbraga.travel\/highlights\/comercio-local\/frigideiras-do-cantinho\/#primaryimage"},"thumbnailUrl":"https:\/\/visitbraga.travel\/wp-content\/uploads\/2025\/07\/frigideiras_1.jpg","datePublished":"2025-07-17T10:28:34+00:00","dateModified":"2025-07-25T11:26:18+00:00","description":"As Frigideiras do Cantinho é considerada uma das pastelarias mais antiga da cidade de Braga.","inLanguage":"es","potentialAction":[{"@type":"ReadAction","target":["https:\/\/visitbraga.travel\/highlights\/comercio-local\/frigideiras-do-cantinho\/"]}]},{"@type":"ImageObject","inLanguage":"es","@id":"https:\/\/visitbraga.travel\/highlights\/comercio-local\/frigideiras-do-cantinho\/#primaryimage","url":"https:\/\/visitbraga.travel\/wp-content\/uploads\/2025\/07\/frigideiras_1.jpg","contentUrl":"https:\/\/visitbraga.travel\/wp-content\/uploads\/2025\/07\/frigideiras_1.jpg","width":2048,"height":1365},{"@type":"WebSite","@id":"https:\/\/visitbraga.travel\/#website","url":"https:\/\/visitbraga.travel\/","name":"Visit Braga","description":"Turismo Braga | Site Oficial de Braga","publisher":{"@id":"https:\/\/visitbraga.travel\/#organization"},"potentialAction":[{"@type":"SearchAction","target":{"@type":"EntryPoint","urlTemplate":"https:\/\/visitbraga.travel\/?s={search_term_string}"},"query-input":{"@type":"PropertyValueSpecification","valueRequired":true,"valueName":"search_term_string"}}],"inLanguage":"es"},{"@type":"Organization","@id":"https:\/\/visitbraga.travel\/#organization","name":"Visit Braga","url":"https:\/\/visitbraga.travel\/","logo":{"@type":"ImageObject","inLanguage":"es","@id":"https:\/\/visitbraga.travel\/#\/schema\/logo\/image\/","url":"https:\/\/visitbraga.travel\/wp-content\/uploads\/2025\/05\/visit-braga.jpg","contentUrl":"https:\/\/visitbraga.travel\/wp-content\/uploads\/2025\/05\/visit-braga.jpg","width":2400,"height":1256,"caption":"Visit Braga"},"image":{"@id":"https:\/\/visitbraga.travel\/#\/schema\/logo\/image\/"},"sameAs":["https:\/\/www.facebook.com\/visitbraga.travel\/","https:\/\/x.com\/VisitBraga"]}]}</script>
<!-- / Yoast SEO plugin. -->

Frigideiras do Cantinho está considerada una de las pastelerías más antiguas de la ciudad de Braga.

As Frigideiras do Cantinho é considerada uma das pastelarias mais antiga da cidade de Braga.
