{"id":6825,"date":"2025-07-17T11:38:13","date_gmt":"2025-07-17T10:38:13","guid":{"rendered":"https:\/\/visitbraga.travel\/highlights\/%highlight_category%\/flor-do-vouga\/"},"modified":"2025-07-28T10:28:59","modified_gmt":"2025-07-28T09:28:59","slug":"flor-do-vouga","status":"publish","type":"highlight","link":"https:\/\/visitbraga.travel\/es\/highlights\/comercio-local\/flor-do-vouga\/","title":{"rendered":"Restaurante Flor do Vouga"},"content":{"rendered":"<p><strong>La tienda<\/strong><br \/>\nO Flor do Vouga \u00e9 um dos restaurantes de refer\u00eancia na gastronomia minhota, abrindo, todos os dias, a sua porta \u00e0s 8 da manh\u00e3 para servir os melhores petiscos, sendo os mais procurados pelos seus clientes.<\/p>\n<p><strong>Historia<\/strong><br \/>\nO Flor do Vouga foi fundado em 1943 por Adriano Tavares, como uma homenagem \u00e0 sua terra natal, Sever do Vouga. Nos anos 40, a venda de bebidas com teor alco\u00f3lico depois das 24h00 s\u00f3 era poss\u00edvel, se acompanhado com um prato de comida. Assim, este restaurante criou um prato com dois ovos estrelados e batatas fritas e com um caldo verde para poder acompanhar o famoso vinho verde tinto vendido \u00e0 tigela. Desta forma, come\u00e7ou a abrir as suas portas \u00e0s 7h00 e a fechar \u00e0s 6h00. Na sua cozinha prevaleciam os pratos tipicamente tradicionais minhotos, tais como a feijoada, as papas de sarrabulho, a lampreia, a vitela, o cabrito, o bacalhau e os filetes de pescada com salada russa. Desta forma, tornou-se numa refer\u00eancia para os bracarenses. Em 1977, a empresa passa para o atual propriet\u00e1rio Manuel Joaquim Marques Pereira.<\/p>\n<p><strong>Productos y servicios<\/strong><br \/>\nGrande variedade de pratos: bacalhau \u00e0 Flor do Vouga, vitela assada, sandes de f\u00edgado de cebolada, sandes de bacalhau frito, sandes de pando e bolinhos de bacalhau. Aqui encontra tamb\u00e9m vinho verde tinto biol\u00f3gico.<\/p>\n<p><strong>P\u00f3ngase en contacto con<\/strong><br \/>\nTelefone: 253 273 016<br \/>\nCorreo electr\u00f3nico: <a href=\"\/es\/&\/#x6d;&#x61;&#105;&#108;&#116;o&#x3a;&#x62;&#x38;&#55;&#64;sa&#x70;&#x6f;&#x2e;&#112;&#116;\">&#98;&#x38;&#55;&#x40;s&#97;&#x70;&#111;&#x2e;p&#x74;<\/a><\/p>","protected":false},"excerpt":{"rendered":"<p>O Flor do Vouga foi fundado em 1943 por Adriano Tavares, como uma homenagem \u00e0 sua terra natal, Sever do Vouga.<\/p>","protected":false},"featured_media":8131,"template":"","highlight_category":[59],"class_list":["post-6825","highlight","type-highlight","status-publish","has-post-thumbnail","hentry","highlight_category-lojas-com-historia"],"acf":[],"yoast_head":"<!-- This site is optimized with the Yoast SEO plugin v27.5 - https:\/\/yoast.com\/product\/yoast-seo-wordpress\/ -->\n<title>Restaurante Flor do Vouga | Visit Braga<\/title>\n<meta name=\"description\" content=\"O Flor do Vouga foi fundado em 1943 por Adriano Tavares, como uma homenagem \u00e0 sua terra natal, Sever do Vouga.\" \/>\n<meta name=\"robots\" content=\"index, follow, max-snippet:-1, max-image-preview:large, max-video-preview:-1\" \/>\n<link rel=\"canonical\" href=\"https:\/\/visitbraga.travel\/es\/highlights\/comercio-local\/flor-do-vouga\/\" \/>\n<meta property=\"og:locale\" content=\"es_ES\" \/>\n<meta property=\"og:type\" content=\"article\" \/>\n<meta property=\"og:title\" content=\"Restaurante Flor do Vouga | Visit Braga\" \/>\n<meta property=\"og:description\" content=\"O Flor do Vouga foi fundado em 1943 por Adriano Tavares, como uma homenagem \u00e0 sua terra natal, Sever do Vouga.\" \/>\n<meta property=\"og:url\" content=\"https:\/\/visitbraga.travel\/es\/highlights\/comercio-local\/flor-do-vouga\/\" \/>\n<meta property=\"og:site_name\" content=\"Visit Braga\" \/>\n<meta property=\"article:publisher\" content=\"https:\/\/www.facebook.com\/visitbraga.travel\/\" \/>\n<meta property=\"article:modified_time\" content=\"2025-07-28T09:28:59+00:00\" \/>\n<meta property=\"og:image\" content=\"https:\/\/visitbraga.travel\/wp-content\/uploads\/2025\/07\/florvouga_1.jpg\" \/>\n\t<meta property=\"og:image:width\" content=\"960\" \/>\n\t<meta property=\"og:image:height\" content=\"1440\" \/>\n\t<meta property=\"og:image:type\" content=\"image\/jpeg\" \/>\n<meta name=\"twitter:card\" content=\"summary_large_image\" \/>\n<meta name=\"twitter:site\" content=\"@VisitBraga\" \/>\n<meta name=\"twitter:label1\" content=\"Tiempo de lectura\" \/>\n\t<meta name=\"twitter:data1\" content=\"4 minutos\" \/>\n<script type=\"application\/ld+json\" class=\"yoast-schema-graph\">{\"@context\":\"https:\\\/\\\/schema.org\",\"@graph\":[{\"@type\":\"WebPage\",\"@id\":\"https:\\\/\\\/visitbraga.travel\\\/highlights\\\/comercio-local\\\/flor-do-vouga\\\/\",\"url\":\"https:\\\/\\\/visitbraga.travel\\\/highlights\\\/comercio-local\\\/flor-do-vouga\\\/\",\"name\":\"Restaurante Flor do Vouga | Visit Braga\",\"isPartOf\":{\"@id\":\"https:\\\/\\\/visitbraga.travel\\\/#website\"},\"primaryImageOfPage\":{\"@id\":\"https:\\\/\\\/visitbraga.travel\\\/highlights\\\/comercio-local\\\/flor-do-vouga\\\/#primaryimage\"},\"image\":{\"@id\":\"https:\\\/\\\/visitbraga.travel\\\/highlights\\\/comercio-local\\\/flor-do-vouga\\\/#primaryimage\"},\"thumbnailUrl\":\"https:\\\/\\\/visitbraga.travel\\\/wp-content\\\/uploads\\\/2025\\\/07\\\/florvouga_1.jpg\",\"datePublished\":\"2025-07-17T10:38:13+00:00\",\"dateModified\":\"2025-07-28T09:28:59+00:00\",\"description\":\"O Flor do Vouga foi fundado em 1943 por Adriano Tavares, como uma homenagem \u00e0 sua terra natal, Sever do Vouga.\",\"inLanguage\":\"es\",\"potentialAction\":[{\"@type\":\"ReadAction\",\"target\":[\"https:\\\/\\\/visitbraga.travel\\\/highlights\\\/comercio-local\\\/flor-do-vouga\\\/\"]}]},{\"@type\":\"ImageObject\",\"inLanguage\":\"es\",\"@id\":\"https:\\\/\\\/visitbraga.travel\\\/highlights\\\/comercio-local\\\/flor-do-vouga\\\/#primaryimage\",\"url\":\"https:\\\/\\\/visitbraga.travel\\\/wp-content\\\/uploads\\\/2025\\\/07\\\/florvouga_1.jpg\",\"contentUrl\":\"https:\\\/\\\/visitbraga.travel\\\/wp-content\\\/uploads\\\/2025\\\/07\\\/florvouga_1.jpg\",\"width\":960,\"height\":1440},{\"@type\":\"WebSite\",\"@id\":\"https:\\\/\\\/visitbraga.travel\\\/#website\",\"url\":\"https:\\\/\\\/visitbraga.travel\\\/\",\"name\":\"Visit Braga\",\"description\":\"Turismo Braga | Site Oficial de Braga\",\"publisher\":{\"@id\":\"https:\\\/\\\/visitbraga.travel\\\/#organization\"},\"potentialAction\":[{\"@type\":\"SearchAction\",\"target\":{\"@type\":\"EntryPoint\",\"urlTemplate\":\"https:\\\/\\\/visitbraga.travel\\\/?s={search_term_string}\"},\"query-input\":{\"@type\":\"PropertyValueSpecification\",\"valueRequired\":true,\"valueName\":\"search_term_string\"}}],\"inLanguage\":\"es\"},{\"@type\":\"Organization\",\"@id\":\"https:\\\/\\\/visitbraga.travel\\\/#organization\",\"name\":\"Visit Braga\",\"url\":\"https:\\\/\\\/visitbraga.travel\\\/\",\"logo\":{\"@type\":\"ImageObject\",\"inLanguage\":\"es\",\"@id\":\"https:\\\/\\\/visitbraga.travel\\\/#\\\/schema\\\/logo\\\/image\\\/\",\"url\":\"https:\\\/\\\/visitbraga.travel\\\/wp-content\\\/uploads\\\/2025\\\/05\\\/visit-braga.jpg\",\"contentUrl\":\"https:\\\/\\\/visitbraga.travel\\\/wp-content\\\/uploads\\\/2025\\\/05\\\/visit-braga.jpg\",\"width\":2400,\"height\":1256,\"caption\":\"Visit Braga\"},\"image\":{\"@id\":\"https:\\\/\\\/visitbraga.travel\\\/#\\\/schema\\\/logo\\\/image\\\/\"},\"sameAs\":[\"https:\\\/\\\/www.facebook.com\\\/visitbraga.travel\\\/\",\"https:\\\/\\\/x.com\\\/VisitBraga\"]}]}<\/script>\n<!-- \/ Yoast SEO plugin. -->","yoast_head_json":{"title":"Restaurante Flor do Vouga | Visit Braga","description":"O Flor do Vouga foi fundado em 1943 por Adriano Tavares, como uma homenagem \u00e0 sua terra natal, Sever do Vouga.","robots":{"index":"index","follow":"follow","max-snippet":"max-snippet:-1","max-image-preview":"max-image-preview:large","max-video-preview":"max-video-preview:-1"},"canonical":"https:\/\/visitbraga.travel\/es\/highlights\/comercio-local\/flor-do-vouga\/","og_locale":"es_ES","og_type":"article","og_title":"Restaurante Flor do Vouga | Visit Braga","og_description":"O Flor do Vouga foi fundado em 1943 por Adriano Tavares, como uma homenagem \u00e0 sua terra natal, Sever do Vouga.","og_url":"https:\/\/visitbraga.travel\/es\/highlights\/comercio-local\/flor-do-vouga\/","og_site_name":"Visit Braga","article_publisher":"https:\/\/www.facebook.com\/visitbraga.travel\/","article_modified_time":"2025-07-28T09:28:59+00:00","og_image":[{"width":960,"height":1440,"url":"https:\/\/visitbraga.travel\/wp-content\/uploads\/2025\/07\/florvouga_1.jpg","type":"image\/jpeg"}],"twitter_card":"summary_large_image","twitter_site":"@VisitBraga","twitter_misc":{"Tiempo de lectura":"4 minutos"},"schema":{"@context":"https:\/\/schema.org","@graph":[{"@type":"WebPage","@id":"https:\/\/visitbraga.travel\/highlights\/comercio-local\/flor-do-vouga\/","url":"https:\/\/visitbraga.travel\/highlights\/comercio-local\/flor-do-vouga\/","name":"Restaurante Flor do Vouga | Visit Braga","isPartOf":{"@id":"https:\/\/visitbraga.travel\/#website"},"primaryImageOfPage":{"@id":"https:\/\/visitbraga.travel\/highlights\/comercio-local\/flor-do-vouga\/#primaryimage"},"image":{"@id":"https:\/\/visitbraga.travel\/highlights\/comercio-local\/flor-do-vouga\/#primaryimage"},"thumbnailUrl":"https:\/\/visitbraga.travel\/wp-content\/uploads\/2025\/07\/florvouga_1.jpg","datePublished":"2025-07-17T10:38:13+00:00","dateModified":"2025-07-28T09:28:59+00:00","description":"O Flor do Vouga foi fundado em 1943 por Adriano Tavares, como uma homenagem \u00e0 sua terra natal, Sever do Vouga.","inLanguage":"es","potentialAction":[{"@type":"ReadAction","target":["https:\/\/visitbraga.travel\/highlights\/comercio-local\/flor-do-vouga\/"]}]},{"@type":"ImageObject","inLanguage":"es","@id":"https:\/\/visitbraga.travel\/highlights\/comercio-local\/flor-do-vouga\/#primaryimage","url":"https:\/\/visitbraga.travel\/wp-content\/uploads\/2025\/07\/florvouga_1.jpg","contentUrl":"https:\/\/visitbraga.travel\/wp-content\/uploads\/2025\/07\/florvouga_1.jpg","width":960,"height":1440},{"@type":"WebSite","@id":"https:\/\/visitbraga.travel\/#website","url":"https:\/\/visitbraga.travel\/","name":"Visitar Braga","description":"Turismo Braga | Site Oficial de Braga","publisher":{"@id":"https:\/\/visitbraga.travel\/#organization"},"potentialAction":[{"@type":"SearchAction","target":{"@type":"EntryPoint","urlTemplate":"https:\/\/visitbraga.travel\/?s={search_term_string}"},"query-input":{"@type":"PropertyValueSpecification","valueRequired":true,"valueName":"search_term_string"}}],"inLanguage":"es"},{"@type":"Organization","@id":"https:\/\/visitbraga.travel\/#organization","name":"Visitar Braga","url":"https:\/\/visitbraga.travel\/","logo":{"@type":"ImageObject","inLanguage":"es","@id":"https:\/\/visitbraga.travel\/#\/schema\/logo\/image\/","url":"https:\/\/visitbraga.travel\/wp-content\/uploads\/2025\/05\/visit-braga.jpg","contentUrl":"https:\/\/visitbraga.travel\/wp-content\/uploads\/2025\/05\/visit-braga.jpg","width":2400,"height":1256,"caption":"Visit Braga"},"image":{"@id":"https:\/\/visitbraga.travel\/#\/schema\/logo\/image\/"},"sameAs":["https:\/\/www.facebook.com\/visitbraga.travel\/","https:\/\/x.com\/VisitBraga"]}]}},"_links":{"self":[{"href":"https:\/\/visitbraga.travel\/es\/wp-json\/wp\/v2\/highlight\/6825","targetHints":{"allow":["GET"]}}],"collection":[{"href":"https:\/\/visitbraga.travel\/es\/wp-json\/wp\/v2\/highlight"}],"about":[{"href":"https:\/\/visitbraga.travel\/es\/wp-json\/wp\/v2\/types\/highlight"}],"version-history":[{"count":0,"href":"https:\/\/visitbraga.travel\/es\/wp-json\/wp\/v2\/highlight\/6825\/revisions"}],"wp:featuredmedia":[{"embeddable":true,"href":"https:\/\/visitbraga.travel\/es\/wp-json\/wp\/v2\/media\/8131"}],"wp:attachment":[{"href":"https:\/\/visitbraga.travel\/es\/wp-json\/wp\/v2\/media?parent=6825"}],"wp:term":[{"taxonomy":"highlight_category","embeddable":true,"href":"https:\/\/visitbraga.travel\/es\/wp-json\/wp\/v2\/highlight_category?post=6825"}],"curies":[{"name":"wp","href":"https:\/\/api.w.org\/{rel}","templated":true}]}}

<p><strong>La tienda</strong><br />
O Flor do Vouga é um dos restaurantes de referência na gastronomia minhota, abrindo, todos os dias, a sua porta às 8 da manhã para servir os melhores petiscos, sendo os mais procurados pelos seus clientes.</p>
<p><strong>Historia</strong><br />
O Flor do Vouga foi fundado em 1943 por Adriano Tavares, como uma homenagem à sua terra natal, Sever do Vouga. Nos anos 40, a venda de bebidas com teor alcoólico depois das 24h00 só era possível, se acompanhado com um prato de comida. Assim, este restaurante criou um prato com dois ovos estrelados e batatas fritas e com um caldo verde para poder acompanhar o famoso vinho verde tinto vendido à tigela. Desta forma, começou a abrir as suas portas às 7h00 e a fechar às 6h00. Na sua cozinha prevaleciam os pratos tipicamente tradicionais minhotos, tais como a feijoada, as papas de sarrabulho, a lampreia, a vitela, o cabrito, o bacalhau e os filetes de pescada com salada russa. Desta forma, tornou-se numa referência para os bracarenses. Em 1977, a empresa passa para o atual proprietário Manuel Joaquim Marques Pereira.</p>
<p><strong>Productos y servicios</strong><br />
Grande variedade de pratos: bacalhau à Flor do Vouga, vitela assada, sandes de fígado de cebolada, sandes de bacalhau frito, sandes de pando e bolinhos de bacalhau. Aqui encontra também vinho verde tinto biológico.</p>
<p><strong>Póngase en contacto con</strong><br />
Telefone: 253 273 016<br />
Correo electrónico: <a href="/es/&/#x6d;&#x61;&#105;&#108;&#116;o&#x3a;&#x62;&#x38;&#55;&#64;sa&#x70;&#x6f;&#x2e;&#112;&#116;">&#98;&#x38;&#55;&#x40;s&#97;&#x70;&#111;&#x2e;p&#x74;</a></p>

<p>O Flor do Vouga foi fundado em 1943 por Adriano Tavares, como uma homenagem à sua terra natal, Sever do Vouga.</p>

<!-- This site is optimized with the Yoast SEO plugin v27.5 - https://yoast.com/product/yoast-seo-wordpress/ -->
<title>Restaurante Flor do Vouga | Visit Braga</title>
<meta name="description" content="O Flor do Vouga foi fundado em 1943 por Adriano Tavares, como uma homenagem à sua terra natal, Sever do Vouga." />
<meta name="robots" content="index, follow, max-snippet:-1, max-image-preview:large, max-video-preview:-1" />
<link rel="canonical" href="https://visitbraga.travel/es/highlights/comercio-local/flor-do-vouga/" />
<meta property="og:locale" content="es_ES" />
<meta property="og:type" content="article" />
<meta property="og:title" content="Restaurante Flor do Vouga | Visit Braga" />
<meta property="og:description" content="O Flor do Vouga foi fundado em 1943 por Adriano Tavares, como uma homenagem à sua terra natal, Sever do Vouga." />
<meta property="og:url" content="https://visitbraga.travel/es/highlights/comercio-local/flor-do-vouga/" />
<meta property="og:site_name" content="Visit Braga" />
<meta property="article:publisher" content="https://www.facebook.com/visitbraga.travel/" />
<meta property="article:modified_time" content="2025-07-28T09:28:59+00:00" />
<meta property="og:image" content="https://visitbraga.travel/wp-content/uploads/2025/07/florvouga_1.jpg" />
	<meta property="og:image:width" content="960" />
	<meta property="og:image:height" content="1440" />
	<meta property="og:image:type" content="image/jpeg" />
<meta name="twitter:card" content="summary_large_image" />
<meta name="twitter:site" content="@VisitBraga" />
<meta name="twitter:label1" content="Tiempo de lectura" />
	<meta name="twitter:data1" content="4 minutos" />
<script type="application/ld+json" class="yoast-schema-graph">{"@context":"https:\/\/schema.org","@graph":[{"@type":"WebPage","@id":"https:\/\/visitbraga.travel\/highlights\/comercio-local\/flor-do-vouga\/","url":"https:\/\/visitbraga.travel\/highlights\/comercio-local\/flor-do-vouga\/","name":"Restaurante Flor do Vouga | Visit Braga","isPartOf":{"@id":"https:\/\/visitbraga.travel\/#website"},"primaryImageOfPage":{"@id":"https:\/\/visitbraga.travel\/highlights\/comercio-local\/flor-do-vouga\/#primaryimage"},"image":{"@id":"https:\/\/visitbraga.travel\/highlights\/comercio-local\/flor-do-vouga\/#primaryimage"},"thumbnailUrl":"https:\/\/visitbraga.travel\/wp-content\/uploads\/2025\/07\/florvouga_1.jpg","datePublished":"2025-07-17T10:38:13+00:00","dateModified":"2025-07-28T09:28:59+00:00","description":"O Flor do Vouga foi fundado em 1943 por Adriano Tavares, como uma homenagem à sua terra natal, Sever do Vouga.","inLanguage":"es","potentialAction":[{"@type":"ReadAction","target":["https:\/\/visitbraga.travel\/highlights\/comercio-local\/flor-do-vouga\/"]}]},{"@type":"ImageObject","inLanguage":"es","@id":"https:\/\/visitbraga.travel\/highlights\/comercio-local\/flor-do-vouga\/#primaryimage","url":"https:\/\/visitbraga.travel\/wp-content\/uploads\/2025\/07\/florvouga_1.jpg","contentUrl":"https:\/\/visitbraga.travel\/wp-content\/uploads\/2025\/07\/florvouga_1.jpg","width":960,"height":1440},{"@type":"WebSite","@id":"https:\/\/visitbraga.travel\/#website","url":"https:\/\/visitbraga.travel\/","name":"Visit Braga","description":"Turismo Braga | Site Oficial de Braga","publisher":{"@id":"https:\/\/visitbraga.travel\/#organization"},"potentialAction":[{"@type":"SearchAction","target":{"@type":"EntryPoint","urlTemplate":"https:\/\/visitbraga.travel\/?s={search_term_string}"},"query-input":{"@type":"PropertyValueSpecification","valueRequired":true,"valueName":"search_term_string"}}],"inLanguage":"es"},{"@type":"Organization","@id":"https:\/\/visitbraga.travel\/#organization","name":"Visit Braga","url":"https:\/\/visitbraga.travel\/","logo":{"@type":"ImageObject","inLanguage":"es","@id":"https:\/\/visitbraga.travel\/#\/schema\/logo\/image\/","url":"https:\/\/visitbraga.travel\/wp-content\/uploads\/2025\/05\/visit-braga.jpg","contentUrl":"https:\/\/visitbraga.travel\/wp-content\/uploads\/2025\/05\/visit-braga.jpg","width":2400,"height":1256,"caption":"Visit Braga"},"image":{"@id":"https:\/\/visitbraga.travel\/#\/schema\/logo\/image\/"},"sameAs":["https:\/\/www.facebook.com\/visitbraga.travel\/","https:\/\/x.com\/VisitBraga"]}]}</script>
<!-- / Yoast SEO plugin. -->

O Flor do Vouga foi fundado em 1943 por Adriano Tavares, como uma homenagem à sua terra natal, Sever do Vouga.
