{"id":6667,"date":"2025-06-12T16:34:18","date_gmt":"2025-06-12T15:34:18","guid":{"rendered":"https:\/\/visitbraga.travel\/highlights\/%highlight_category%\/festa-de-nossa-senhora-do-rosario-este-s-mamede\/"},"modified":"2025-07-26T16:06:45","modified_gmt":"2025-07-26T15:06:45","slug":"festa-de-nossa-senhora-do-rosario-este-s-mamede","status":"publish","type":"highlight","link":"https:\/\/visitbraga.travel\/fr\/highlights\/feiras-e-romarias\/festa-de-nossa-senhora-do-rosario-este-s-mamede\/","title":{"rendered":"Festa de Nossa Senhora do Ros\u00e1rio &#8211; Este (S. Mamede)"},"content":{"rendered":"<p>A Festa de Nossa Senhora do Ros\u00e1rio em S\u00e3o Mamede do Este \u00e9 uma celebra\u00e7\u00e3o religiosa simples, que se realiza anualmente e consiste apenas na celebra\u00e7\u00e3o da eucaristia na igreja paroquial.<\/p>\n<p>Realiza\u00e7\u00e3o: Meados de Maio<br \/>\nT\u00e9l\u00e9phone : 253 679 726<br \/>\nApenas se realiza eucaristia.<\/p>","protected":false},"excerpt":{"rendered":"<p>A Festa de Nossa Senhora do Ros\u00e1rio em S\u00e3o Mamede do Este \u00e9 uma celebra\u00e7\u00e3o religiosa simples.<\/p>","protected":false},"featured_media":10963,"template":"","highlight_category":[43],"class_list":["post-6667","highlight","type-highlight","status-publish","has-post-thumbnail","hentry","highlight_category-feiras-e-romarias"],"acf":[],"yoast_head":"<!-- This site is optimized with the Yoast SEO plugin v27.5 - https:\/\/yoast.com\/product\/yoast-seo-wordpress\/ -->\n<title>Festa de Nossa Senhora do Ros\u00e1rio - Este (S. Mamede) | Visit Braga<\/title>\n<meta name=\"description\" content=\"A Festa de Nossa Senhora do Ros\u00e1rio em S\u00e3o Mamede do Este \u00e9 uma celebra\u00e7\u00e3o religiosa simples.\" \/>\n<meta name=\"robots\" content=\"index, follow, max-snippet:-1, max-image-preview:large, max-video-preview:-1\" \/>\n<link rel=\"canonical\" href=\"https:\/\/visitbraga.travel\/fr\/highlights\/feiras-e-romarias\/festa-de-nossa-senhora-do-rosario-este-s-mamede\/\" \/>\n<meta property=\"og:locale\" content=\"fr_FR\" \/>\n<meta property=\"og:type\" content=\"article\" \/>\n<meta property=\"og:title\" content=\"Festa de Nossa Senhora do Ros\u00e1rio - Este (S. Mamede) | Visit Braga\" \/>\n<meta property=\"og:description\" content=\"A Festa de Nossa Senhora do Ros\u00e1rio em S\u00e3o Mamede do Este \u00e9 uma celebra\u00e7\u00e3o religiosa simples.\" \/>\n<meta property=\"og:url\" content=\"https:\/\/visitbraga.travel\/fr\/highlights\/feiras-e-romarias\/festa-de-nossa-senhora-do-rosario-este-s-mamede\/\" \/>\n<meta property=\"og:site_name\" content=\"Visit Braga\" \/>\n<meta property=\"article:publisher\" content=\"https:\/\/www.facebook.com\/visitbraga.travel\/\" \/>\n<meta property=\"article:modified_time\" content=\"2025-07-26T15:06:45+00:00\" \/>\n<meta property=\"og:image\" content=\"https:\/\/visitbraga.travel\/wp-content\/uploads\/2025\/06\/Trajes-1.jpg\" \/>\n\t<meta property=\"og:image:width\" content=\"1050\" \/>\n\t<meta property=\"og:image:height\" content=\"700\" \/>\n\t<meta property=\"og:image:type\" content=\"image\/jpeg\" \/>\n<meta name=\"twitter:card\" content=\"summary_large_image\" \/>\n<meta name=\"twitter:site\" content=\"@VisitBraga\" \/>\n<meta name=\"twitter:label1\" content=\"Dur\u00e9e de lecture estim\u00e9e\" \/>\n\t<meta name=\"twitter:data1\" content=\"1 minute\" \/>\n<script type=\"application\/ld+json\" class=\"yoast-schema-graph\">{\"@context\":\"https:\\\/\\\/schema.org\",\"@graph\":[{\"@type\":\"WebPage\",\"@id\":\"https:\\\/\\\/visitbraga.travel\\\/highlights\\\/feiras-e-romarias\\\/festa-de-nossa-senhora-do-rosario-este-s-mamede\\\/\",\"url\":\"https:\\\/\\\/visitbraga.travel\\\/highlights\\\/feiras-e-romarias\\\/festa-de-nossa-senhora-do-rosario-este-s-mamede\\\/\",\"name\":\"Festa de Nossa Senhora do Ros\u00e1rio - Este (S. Mamede) | Visit Braga\",\"isPartOf\":{\"@id\":\"https:\\\/\\\/visitbraga.travel\\\/#website\"},\"primaryImageOfPage\":{\"@id\":\"https:\\\/\\\/visitbraga.travel\\\/highlights\\\/feiras-e-romarias\\\/festa-de-nossa-senhora-do-rosario-este-s-mamede\\\/#primaryimage\"},\"image\":{\"@id\":\"https:\\\/\\\/visitbraga.travel\\\/highlights\\\/feiras-e-romarias\\\/festa-de-nossa-senhora-do-rosario-este-s-mamede\\\/#primaryimage\"},\"thumbnailUrl\":\"https:\\\/\\\/visitbraga.travel\\\/wp-content\\\/uploads\\\/2025\\\/06\\\/Trajes-1.jpg\",\"datePublished\":\"2025-06-12T15:34:18+00:00\",\"dateModified\":\"2025-07-26T15:06:45+00:00\",\"description\":\"A Festa de Nossa Senhora do Ros\u00e1rio em S\u00e3o Mamede do Este \u00e9 uma celebra\u00e7\u00e3o religiosa simples.\",\"inLanguage\":\"fr-FR\",\"potentialAction\":[{\"@type\":\"ReadAction\",\"target\":[\"https:\\\/\\\/visitbraga.travel\\\/highlights\\\/feiras-e-romarias\\\/festa-de-nossa-senhora-do-rosario-este-s-mamede\\\/\"]}]},{\"@type\":\"ImageObject\",\"inLanguage\":\"fr-FR\",\"@id\":\"https:\\\/\\\/visitbraga.travel\\\/highlights\\\/feiras-e-romarias\\\/festa-de-nossa-senhora-do-rosario-este-s-mamede\\\/#primaryimage\",\"url\":\"https:\\\/\\\/visitbraga.travel\\\/wp-content\\\/uploads\\\/2025\\\/06\\\/Trajes-1.jpg\",\"contentUrl\":\"https:\\\/\\\/visitbraga.travel\\\/wp-content\\\/uploads\\\/2025\\\/06\\\/Trajes-1.jpg\",\"width\":1050,\"height\":700},{\"@type\":\"WebSite\",\"@id\":\"https:\\\/\\\/visitbraga.travel\\\/#website\",\"url\":\"https:\\\/\\\/visitbraga.travel\\\/\",\"name\":\"Visit Braga\",\"description\":\"Turismo Braga | Site Oficial de Braga\",\"publisher\":{\"@id\":\"https:\\\/\\\/visitbraga.travel\\\/#organization\"},\"potentialAction\":[{\"@type\":\"SearchAction\",\"target\":{\"@type\":\"EntryPoint\",\"urlTemplate\":\"https:\\\/\\\/visitbraga.travel\\\/?s={search_term_string}\"},\"query-input\":{\"@type\":\"PropertyValueSpecification\",\"valueRequired\":true,\"valueName\":\"search_term_string\"}}],\"inLanguage\":\"fr-FR\"},{\"@type\":\"Organization\",\"@id\":\"https:\\\/\\\/visitbraga.travel\\\/#organization\",\"name\":\"Visit Braga\",\"url\":\"https:\\\/\\\/visitbraga.travel\\\/\",\"logo\":{\"@type\":\"ImageObject\",\"inLanguage\":\"fr-FR\",\"@id\":\"https:\\\/\\\/visitbraga.travel\\\/#\\\/schema\\\/logo\\\/image\\\/\",\"url\":\"https:\\\/\\\/visitbraga.travel\\\/wp-content\\\/uploads\\\/2025\\\/05\\\/visit-braga.jpg\",\"contentUrl\":\"https:\\\/\\\/visitbraga.travel\\\/wp-content\\\/uploads\\\/2025\\\/05\\\/visit-braga.jpg\",\"width\":2400,\"height\":1256,\"caption\":\"Visit Braga\"},\"image\":{\"@id\":\"https:\\\/\\\/visitbraga.travel\\\/#\\\/schema\\\/logo\\\/image\\\/\"},\"sameAs\":[\"https:\\\/\\\/www.facebook.com\\\/visitbraga.travel\\\/\",\"https:\\\/\\\/x.com\\\/VisitBraga\"]}]}<\/script>\n<!-- \/ Yoast SEO plugin. -->","yoast_head_json":{"title":"Festa de Nossa Senhora do Ros\u00e1rio - Este (S. Mamede) | Visit Braga","description":"A Festa de Nossa Senhora do Ros\u00e1rio em S\u00e3o Mamede do Este \u00e9 uma celebra\u00e7\u00e3o religiosa simples.","robots":{"index":"index","follow":"follow","max-snippet":"max-snippet:-1","max-image-preview":"max-image-preview:large","max-video-preview":"max-video-preview:-1"},"canonical":"https:\/\/visitbraga.travel\/fr\/highlights\/feiras-e-romarias\/festa-de-nossa-senhora-do-rosario-este-s-mamede\/","og_locale":"fr_FR","og_type":"article","og_title":"Festa de Nossa Senhora do Ros\u00e1rio - Este (S. Mamede) | Visit Braga","og_description":"A Festa de Nossa Senhora do Ros\u00e1rio em S\u00e3o Mamede do Este \u00e9 uma celebra\u00e7\u00e3o religiosa simples.","og_url":"https:\/\/visitbraga.travel\/fr\/highlights\/feiras-e-romarias\/festa-de-nossa-senhora-do-rosario-este-s-mamede\/","og_site_name":"Visit Braga","article_publisher":"https:\/\/www.facebook.com\/visitbraga.travel\/","article_modified_time":"2025-07-26T15:06:45+00:00","og_image":[{"width":1050,"height":700,"url":"https:\/\/visitbraga.travel\/wp-content\/uploads\/2025\/06\/Trajes-1.jpg","type":"image\/jpeg"}],"twitter_card":"summary_large_image","twitter_site":"@VisitBraga","twitter_misc":{"Dur\u00e9e de lecture estim\u00e9e":"1 minute"},"schema":{"@context":"https:\/\/schema.org","@graph":[{"@type":"WebPage","@id":"https:\/\/visitbraga.travel\/highlights\/feiras-e-romarias\/festa-de-nossa-senhora-do-rosario-este-s-mamede\/","url":"https:\/\/visitbraga.travel\/highlights\/feiras-e-romarias\/festa-de-nossa-senhora-do-rosario-este-s-mamede\/","name":"Festa de Nossa Senhora do Ros\u00e1rio - Este (S. Mamede) | Visit Braga","isPartOf":{"@id":"https:\/\/visitbraga.travel\/#website"},"primaryImageOfPage":{"@id":"https:\/\/visitbraga.travel\/highlights\/feiras-e-romarias\/festa-de-nossa-senhora-do-rosario-este-s-mamede\/#primaryimage"},"image":{"@id":"https:\/\/visitbraga.travel\/highlights\/feiras-e-romarias\/festa-de-nossa-senhora-do-rosario-este-s-mamede\/#primaryimage"},"thumbnailUrl":"https:\/\/visitbraga.travel\/wp-content\/uploads\/2025\/06\/Trajes-1.jpg","datePublished":"2025-06-12T15:34:18+00:00","dateModified":"2025-07-26T15:06:45+00:00","description":"A Festa de Nossa Senhora do Ros\u00e1rio em S\u00e3o Mamede do Este \u00e9 uma celebra\u00e7\u00e3o religiosa simples.","inLanguage":"fr-FR","potentialAction":[{"@type":"ReadAction","target":["https:\/\/visitbraga.travel\/highlights\/feiras-e-romarias\/festa-de-nossa-senhora-do-rosario-este-s-mamede\/"]}]},{"@type":"ImageObject","inLanguage":"fr-FR","@id":"https:\/\/visitbraga.travel\/highlights\/feiras-e-romarias\/festa-de-nossa-senhora-do-rosario-este-s-mamede\/#primaryimage","url":"https:\/\/visitbraga.travel\/wp-content\/uploads\/2025\/06\/Trajes-1.jpg","contentUrl":"https:\/\/visitbraga.travel\/wp-content\/uploads\/2025\/06\/Trajes-1.jpg","width":1050,"height":700},{"@type":"WebSite","@id":"https:\/\/visitbraga.travel\/#website","url":"https:\/\/visitbraga.travel\/","name":"Visiter Braga","description":"Turismo Braga | Site Oficial de Braga","publisher":{"@id":"https:\/\/visitbraga.travel\/#organization"},"potentialAction":[{"@type":"SearchAction","target":{"@type":"EntryPoint","urlTemplate":"https:\/\/visitbraga.travel\/?s={search_term_string}"},"query-input":{"@type":"PropertyValueSpecification","valueRequired":true,"valueName":"search_term_string"}}],"inLanguage":"fr-FR"},{"@type":"Organization","@id":"https:\/\/visitbraga.travel\/#organization","name":"Visiter Braga","url":"https:\/\/visitbraga.travel\/","logo":{"@type":"ImageObject","inLanguage":"fr-FR","@id":"https:\/\/visitbraga.travel\/#\/schema\/logo\/image\/","url":"https:\/\/visitbraga.travel\/wp-content\/uploads\/2025\/05\/visit-braga.jpg","contentUrl":"https:\/\/visitbraga.travel\/wp-content\/uploads\/2025\/05\/visit-braga.jpg","width":2400,"height":1256,"caption":"Visit Braga"},"image":{"@id":"https:\/\/visitbraga.travel\/#\/schema\/logo\/image\/"},"sameAs":["https:\/\/www.facebook.com\/visitbraga.travel\/","https:\/\/x.com\/VisitBraga"]}]}},"_links":{"self":[{"href":"https:\/\/visitbraga.travel\/fr\/wp-json\/wp\/v2\/highlight\/6667","targetHints":{"allow":["GET"]}}],"collection":[{"href":"https:\/\/visitbraga.travel\/fr\/wp-json\/wp\/v2\/highlight"}],"about":[{"href":"https:\/\/visitbraga.travel\/fr\/wp-json\/wp\/v2\/types\/highlight"}],"version-history":[{"count":0,"href":"https:\/\/visitbraga.travel\/fr\/wp-json\/wp\/v2\/highlight\/6667\/revisions"}],"wp:featuredmedia":[{"embeddable":true,"href":"https:\/\/visitbraga.travel\/fr\/wp-json\/wp\/v2\/media\/10963"}],"wp:attachment":[{"href":"https:\/\/visitbraga.travel\/fr\/wp-json\/wp\/v2\/media?parent=6667"}],"wp:term":[{"taxonomy":"highlight_category","embeddable":true,"href":"https:\/\/visitbraga.travel\/fr\/wp-json\/wp\/v2\/highlight_category?post=6667"}],"curies":[{"name":"wp","href":"https:\/\/api.w.org\/{rel}","templated":true}]}}

Festa de Nossa Senhora do Rosário &#8211; Este (S. Mamede)

<p>A Festa de Nossa Senhora do Rosário em São Mamede do Este é uma celebração religiosa simples, que se realiza anualmente e consiste apenas na celebração da eucaristia na igreja paroquial.</p>
<p>Realização: Meados de Maio<br />
Téléphone : 253 679 726<br />
Apenas se realiza eucaristia.</p>

<p>A Festa de Nossa Senhora do Rosário em São Mamede do Este é uma celebração religiosa simples.</p>

<!-- This site is optimized with the Yoast SEO plugin v27.5 - https://yoast.com/product/yoast-seo-wordpress/ -->
<title>Festa de Nossa Senhora do Rosário - Este (S. Mamede) | Visit Braga</title>
<meta name="description" content="A Festa de Nossa Senhora do Rosário em São Mamede do Este é uma celebração religiosa simples." />
<meta name="robots" content="index, follow, max-snippet:-1, max-image-preview:large, max-video-preview:-1" />
<link rel="canonical" href="https://visitbraga.travel/fr/highlights/feiras-e-romarias/festa-de-nossa-senhora-do-rosario-este-s-mamede/" />
<meta property="og:locale" content="fr_FR" />
<meta property="og:type" content="article" />
<meta property="og:title" content="Festa de Nossa Senhora do Rosário - Este (S. Mamede) | Visit Braga" />
<meta property="og:description" content="A Festa de Nossa Senhora do Rosário em São Mamede do Este é uma celebração religiosa simples." />
<meta property="og:url" content="https://visitbraga.travel/fr/highlights/feiras-e-romarias/festa-de-nossa-senhora-do-rosario-este-s-mamede/" />
<meta property="og:site_name" content="Visit Braga" />
<meta property="article:publisher" content="https://www.facebook.com/visitbraga.travel/" />
<meta property="article:modified_time" content="2025-07-26T15:06:45+00:00" />
<meta property="og:image" content="https://visitbraga.travel/wp-content/uploads/2025/06/Trajes-1.jpg" />
	<meta property="og:image:width" content="1050" />
	<meta property="og:image:height" content="700" />
	<meta property="og:image:type" content="image/jpeg" />
<meta name="twitter:card" content="summary_large_image" />
<meta name="twitter:site" content="@VisitBraga" />
<meta name="twitter:label1" content="Durée de lecture estimée" />
	<meta name="twitter:data1" content="1 minute" />
<script type="application/ld+json" class="yoast-schema-graph">{"@context":"https:\/\/schema.org","@graph":[{"@type":"WebPage","@id":"https:\/\/visitbraga.travel\/highlights\/feiras-e-romarias\/festa-de-nossa-senhora-do-rosario-este-s-mamede\/","url":"https:\/\/visitbraga.travel\/highlights\/feiras-e-romarias\/festa-de-nossa-senhora-do-rosario-este-s-mamede\/","name":"Festa de Nossa Senhora do Rosário - Este (S. Mamede) | Visit Braga","isPartOf":{"@id":"https:\/\/visitbraga.travel\/#website"},"primaryImageOfPage":{"@id":"https:\/\/visitbraga.travel\/highlights\/feiras-e-romarias\/festa-de-nossa-senhora-do-rosario-este-s-mamede\/#primaryimage"},"image":{"@id":"https:\/\/visitbraga.travel\/highlights\/feiras-e-romarias\/festa-de-nossa-senhora-do-rosario-este-s-mamede\/#primaryimage"},"thumbnailUrl":"https:\/\/visitbraga.travel\/wp-content\/uploads\/2025\/06\/Trajes-1.jpg","datePublished":"2025-06-12T15:34:18+00:00","dateModified":"2025-07-26T15:06:45+00:00","description":"A Festa de Nossa Senhora do Rosário em São Mamede do Este é uma celebração religiosa simples.","inLanguage":"fr-FR","potentialAction":[{"@type":"ReadAction","target":["https:\/\/visitbraga.travel\/highlights\/feiras-e-romarias\/festa-de-nossa-senhora-do-rosario-este-s-mamede\/"]}]},{"@type":"ImageObject","inLanguage":"fr-FR","@id":"https:\/\/visitbraga.travel\/highlights\/feiras-e-romarias\/festa-de-nossa-senhora-do-rosario-este-s-mamede\/#primaryimage","url":"https:\/\/visitbraga.travel\/wp-content\/uploads\/2025\/06\/Trajes-1.jpg","contentUrl":"https:\/\/visitbraga.travel\/wp-content\/uploads\/2025\/06\/Trajes-1.jpg","width":1050,"height":700},{"@type":"WebSite","@id":"https:\/\/visitbraga.travel\/#website","url":"https:\/\/visitbraga.travel\/","name":"Visit Braga","description":"Turismo Braga | Site Oficial de Braga","publisher":{"@id":"https:\/\/visitbraga.travel\/#organization"},"potentialAction":[{"@type":"SearchAction","target":{"@type":"EntryPoint","urlTemplate":"https:\/\/visitbraga.travel\/?s={search_term_string}"},"query-input":{"@type":"PropertyValueSpecification","valueRequired":true,"valueName":"search_term_string"}}],"inLanguage":"fr-FR"},{"@type":"Organization","@id":"https:\/\/visitbraga.travel\/#organization","name":"Visit Braga","url":"https:\/\/visitbraga.travel\/","logo":{"@type":"ImageObject","inLanguage":"fr-FR","@id":"https:\/\/visitbraga.travel\/#\/schema\/logo\/image\/","url":"https:\/\/visitbraga.travel\/wp-content\/uploads\/2025\/05\/visit-braga.jpg","contentUrl":"https:\/\/visitbraga.travel\/wp-content\/uploads\/2025\/05\/visit-braga.jpg","width":2400,"height":1256,"caption":"Visit Braga"},"image":{"@id":"https:\/\/visitbraga.travel\/#\/schema\/logo\/image\/"},"sameAs":["https:\/\/www.facebook.com\/visitbraga.travel\/","https:\/\/x.com\/VisitBraga"]}]}</script>
<!-- / Yoast SEO plugin. -->

Festa de Nossa Senhora do Rosário - Este (S. Mamede) | Visit Braga

A Festa de Nossa Senhora do Rosário em São Mamede do Este é uma celebração religiosa simples.
