{"id":6782,"date":"2025-07-17T11:28:32","date_gmt":"2025-07-17T10:28:32","guid":{"rendered":"https:\/\/visitbraga.travel\/highlights\/%highlight_category%\/a-colonial\/"},"modified":"2025-07-25T12:41:47","modified_gmt":"2025-07-25T11:41:47","slug":"a-colonial","status":"publish","type":"highlight","link":"https:\/\/visitbraga.travel\/it\/highlights\/comercio-local\/a-colonial\/","title":{"rendered":"Il Coloniale"},"content":{"rendered":"<p><strong>Il negozio<\/strong><br \/>\nLocalizada no n\u00famero 147 da Pra\u00e7a Conde de Agrolongo, tamb\u00e9m conhecida como Campo da Vinha, a Colonial ocupa o r\/c de um emblem\u00e1tico edif\u00edcio de gaveto, que se dedica \u00e0 comercializa\u00e7\u00e3o de mercearia tradicional.<br \/>\nA Colonial \u00e9 um estabelecimento que se dedica desde a funda\u00e7\u00e3o \u00e0 mercearia tradicional. N\u00e3o \u00e9 s\u00f3 um espa\u00e7o de venda de produtos, \u00e9 tamb\u00e9m um espa\u00e7o de conv\u00edvio e de encontro entre o passado e o presente.<br \/>\nTal como no passado, privilegia-se a comercializa\u00e7\u00e3o de produtos com tradi\u00e7\u00e3o em Portugal: uma vasta oferta de produtos com venda a granel, a moagem do caf\u00e9 na hora e o bacalhau, partido \u00e0 m\u00e3o de acordo com as prefer\u00eancias do cliente.<\/p>\n<p><strong>La storia<\/strong><br \/>\nA Colonial foi fundada em 1936 por Meira da Silva e Ascenso, sendo esta a designa\u00e7\u00e3o comercial original. Em 1955, a casa foi adquirida por Alfredo Marques, funcion\u00e1rio da loja e por Fernando Marques, que delegou a ger\u00eancia do estabelecimento a um dos seus cinco filhos, que desde tenra idade o acompanhava no neg\u00f3cio. Em 2023, a necessidade de realiza\u00e7\u00e3o de obras obrigou a uma profunda interven\u00e7\u00e3o no edif\u00edcio, que abrangeu tamb\u00e9m o estabelecimento, contudo foram preservadas as suas caracter\u00edsticas e o espa\u00e7o mant\u00e9m o seu car\u00e1ter primitivo.<br \/>\nO aparecimento das grandes superf\u00edcies e o crescimento do turismo, tornou os seus clientes mais diversificados, conhecendo os vinhos uma presen\u00e7a mais relevante. Na mercearia continuam a ser usados velhos equipamentos, como os moinhos e as balan\u00e7as, assim como o atendimento personalizado ao balc\u00e3o, cliente a cliente.<br \/>\nUm espa\u00e7o que guarda mem\u00f3rias de um longo passado, servindo de conv\u00edvio e de encontro entre o passado e o presente.<\/p>\n<p><strong>Prodotti e servizi<\/strong><br \/>\nA Colonial fornece vinhos do Porto, vinhos de mesa, aguardentes, whisky, licores, caf\u00e9s, cevada, ch\u00e1s, frutos secos, bacalhau, enchidos, queijos, biscoitos e bolachas, chocolates, especiarias, conservas, e outros produtos de mercearia.<\/p>\n<p><strong>Contatto<\/strong><br \/>\nTelefone: 962 104 582<br \/>\nE-mail: <a href=\"\/it\/m&\/#97;&#105;&#x6c;&#x74;&#x6f;&#x3a;r&#97;&#105;&#122;&#x66;&#x6c;&#x75;id&#97;&#64;&#x67;&#x6d;&#x61;il&#46;&#99;&#x6f;&#x6d;\">rai&#122;&#102;&#108;&#117;&#x69;&#x64;&#x61;&#x40;&#x67;&#x6d;&#x61;il&#46;&#99;&#111;&#109;<\/a><\/p>","protected":false},"excerpt":{"rendered":"<p>Fin dalla sua fondazione, Colonial si \u00e8 dedicato ai prodotti alimentari tradizionali.<\/p>","protected":false},"featured_media":8434,"template":"","highlight_category":[59],"class_list":["post-6782","highlight","type-highlight","status-publish","has-post-thumbnail","hentry","highlight_category-lojas-com-historia"],"acf":[],"yoast_head":"<!-- This site is optimized with the Yoast SEO plugin v27.5 - https:\/\/yoast.com\/product\/yoast-seo-wordpress\/ -->\n<title>A Colonial | Visit Braga<\/title>\n<meta name=\"description\" content=\"A Colonial \u00e9 um estabelecimento que se dedica desde a funda\u00e7\u00e3o \u00e0 mercearia tradicional.\" \/>\n<meta name=\"robots\" content=\"index, follow, max-snippet:-1, max-image-preview:large, max-video-preview:-1\" \/>\n<link rel=\"canonical\" href=\"https:\/\/visitbraga.travel\/it\/highlights\/comercio-local\/a-colonial\/\" \/>\n<meta property=\"og:locale\" content=\"it_IT\" \/>\n<meta property=\"og:type\" content=\"article\" \/>\n<meta property=\"og:title\" content=\"A Colonial | Visit Braga\" \/>\n<meta property=\"og:description\" content=\"A Colonial \u00e9 um estabelecimento que se dedica desde a funda\u00e7\u00e3o \u00e0 mercearia tradicional.\" \/>\n<meta property=\"og:url\" content=\"https:\/\/visitbraga.travel\/it\/highlights\/comercio-local\/a-colonial\/\" \/>\n<meta property=\"og:site_name\" content=\"Visit Braga\" \/>\n<meta property=\"article:publisher\" content=\"https:\/\/www.facebook.com\/visitbraga.travel\/\" \/>\n<meta property=\"article:modified_time\" content=\"2025-07-25T11:41:47+00:00\" \/>\n<meta property=\"og:image\" content=\"https:\/\/visitbraga.travel\/wp-content\/uploads\/2025\/07\/colonial_1.jpg\" \/>\n\t<meta property=\"og:image:width\" content=\"1332\" \/>\n\t<meta property=\"og:image:height\" content=\"887\" \/>\n\t<meta property=\"og:image:type\" content=\"image\/jpeg\" \/>\n<meta name=\"twitter:card\" content=\"summary_large_image\" \/>\n<meta name=\"twitter:site\" content=\"@VisitBraga\" \/>\n<meta name=\"twitter:label1\" content=\"Tempo di lettura stimato\" \/>\n\t<meta name=\"twitter:data1\" content=\"6 minuti\" \/>\n<script type=\"application\/ld+json\" class=\"yoast-schema-graph\">{\"@context\":\"https:\\\/\\\/schema.org\",\"@graph\":[{\"@type\":\"WebPage\",\"@id\":\"https:\\\/\\\/visitbraga.travel\\\/highlights\\\/comercio-local\\\/a-colonial\\\/\",\"url\":\"https:\\\/\\\/visitbraga.travel\\\/highlights\\\/comercio-local\\\/a-colonial\\\/\",\"name\":\"A Colonial | Visit Braga\",\"isPartOf\":{\"@id\":\"https:\\\/\\\/visitbraga.travel\\\/#website\"},\"primaryImageOfPage\":{\"@id\":\"https:\\\/\\\/visitbraga.travel\\\/highlights\\\/comercio-local\\\/a-colonial\\\/#primaryimage\"},\"image\":{\"@id\":\"https:\\\/\\\/visitbraga.travel\\\/highlights\\\/comercio-local\\\/a-colonial\\\/#primaryimage\"},\"thumbnailUrl\":\"https:\\\/\\\/visitbraga.travel\\\/wp-content\\\/uploads\\\/2025\\\/07\\\/colonial_1.jpg\",\"datePublished\":\"2025-07-17T10:28:32+00:00\",\"dateModified\":\"2025-07-25T11:41:47+00:00\",\"description\":\"A Colonial \u00e9 um estabelecimento que se dedica desde a funda\u00e7\u00e3o \u00e0 mercearia tradicional.\",\"inLanguage\":\"it-IT\",\"potentialAction\":[{\"@type\":\"ReadAction\",\"target\":[\"https:\\\/\\\/visitbraga.travel\\\/highlights\\\/comercio-local\\\/a-colonial\\\/\"]}]},{\"@type\":\"ImageObject\",\"inLanguage\":\"it-IT\",\"@id\":\"https:\\\/\\\/visitbraga.travel\\\/highlights\\\/comercio-local\\\/a-colonial\\\/#primaryimage\",\"url\":\"https:\\\/\\\/visitbraga.travel\\\/wp-content\\\/uploads\\\/2025\\\/07\\\/colonial_1.jpg\",\"contentUrl\":\"https:\\\/\\\/visitbraga.travel\\\/wp-content\\\/uploads\\\/2025\\\/07\\\/colonial_1.jpg\",\"width\":1332,\"height\":887},{\"@type\":\"WebSite\",\"@id\":\"https:\\\/\\\/visitbraga.travel\\\/#website\",\"url\":\"https:\\\/\\\/visitbraga.travel\\\/\",\"name\":\"Visit Braga\",\"description\":\"Turismo Braga | Site Oficial de Braga\",\"publisher\":{\"@id\":\"https:\\\/\\\/visitbraga.travel\\\/#organization\"},\"potentialAction\":[{\"@type\":\"SearchAction\",\"target\":{\"@type\":\"EntryPoint\",\"urlTemplate\":\"https:\\\/\\\/visitbraga.travel\\\/?s={search_term_string}\"},\"query-input\":{\"@type\":\"PropertyValueSpecification\",\"valueRequired\":true,\"valueName\":\"search_term_string\"}}],\"inLanguage\":\"it-IT\"},{\"@type\":\"Organization\",\"@id\":\"https:\\\/\\\/visitbraga.travel\\\/#organization\",\"name\":\"Visit Braga\",\"url\":\"https:\\\/\\\/visitbraga.travel\\\/\",\"logo\":{\"@type\":\"ImageObject\",\"inLanguage\":\"it-IT\",\"@id\":\"https:\\\/\\\/visitbraga.travel\\\/#\\\/schema\\\/logo\\\/image\\\/\",\"url\":\"https:\\\/\\\/visitbraga.travel\\\/wp-content\\\/uploads\\\/2025\\\/05\\\/visit-braga.jpg\",\"contentUrl\":\"https:\\\/\\\/visitbraga.travel\\\/wp-content\\\/uploads\\\/2025\\\/05\\\/visit-braga.jpg\",\"width\":2400,\"height\":1256,\"caption\":\"Visit Braga\"},\"image\":{\"@id\":\"https:\\\/\\\/visitbraga.travel\\\/#\\\/schema\\\/logo\\\/image\\\/\"},\"sameAs\":[\"https:\\\/\\\/www.facebook.com\\\/visitbraga.travel\\\/\",\"https:\\\/\\\/x.com\\\/VisitBraga\"]}]}<\/script>\n<!-- \/ Yoast SEO plugin. -->","yoast_head_json":{"title":"A Colonial | Visit Braga","description":"Fin dalla sua fondazione, Colonial si \u00e8 dedicato ai prodotti alimentari tradizionali.","robots":{"index":"index","follow":"follow","max-snippet":"max-snippet:-1","max-image-preview":"max-image-preview:large","max-video-preview":"max-video-preview:-1"},"canonical":"https:\/\/visitbraga.travel\/it\/highlights\/comercio-local\/a-colonial\/","og_locale":"it_IT","og_type":"article","og_title":"A Colonial | Visit Braga","og_description":"A Colonial \u00e9 um estabelecimento que se dedica desde a funda\u00e7\u00e3o \u00e0 mercearia tradicional.","og_url":"https:\/\/visitbraga.travel\/it\/highlights\/comercio-local\/a-colonial\/","og_site_name":"Visit Braga","article_publisher":"https:\/\/www.facebook.com\/visitbraga.travel\/","article_modified_time":"2025-07-25T11:41:47+00:00","og_image":[{"width":1332,"height":887,"url":"https:\/\/visitbraga.travel\/wp-content\/uploads\/2025\/07\/colonial_1.jpg","type":"image\/jpeg"}],"twitter_card":"summary_large_image","twitter_site":"@VisitBraga","twitter_misc":{"Tempo di lettura stimato":"6 minuti"},"schema":{"@context":"https:\/\/schema.org","@graph":[{"@type":"WebPage","@id":"https:\/\/visitbraga.travel\/highlights\/comercio-local\/a-colonial\/","url":"https:\/\/visitbraga.travel\/highlights\/comercio-local\/a-colonial\/","name":"A Colonial | Visit Braga","isPartOf":{"@id":"https:\/\/visitbraga.travel\/#website"},"primaryImageOfPage":{"@id":"https:\/\/visitbraga.travel\/highlights\/comercio-local\/a-colonial\/#primaryimage"},"image":{"@id":"https:\/\/visitbraga.travel\/highlights\/comercio-local\/a-colonial\/#primaryimage"},"thumbnailUrl":"https:\/\/visitbraga.travel\/wp-content\/uploads\/2025\/07\/colonial_1.jpg","datePublished":"2025-07-17T10:28:32+00:00","dateModified":"2025-07-25T11:41:47+00:00","description":"Fin dalla sua fondazione, Colonial si \u00e8 dedicato ai prodotti alimentari tradizionali.","inLanguage":"it-IT","potentialAction":[{"@type":"ReadAction","target":["https:\/\/visitbraga.travel\/highlights\/comercio-local\/a-colonial\/"]}]},{"@type":"ImageObject","inLanguage":"it-IT","@id":"https:\/\/visitbraga.travel\/highlights\/comercio-local\/a-colonial\/#primaryimage","url":"https:\/\/visitbraga.travel\/wp-content\/uploads\/2025\/07\/colonial_1.jpg","contentUrl":"https:\/\/visitbraga.travel\/wp-content\/uploads\/2025\/07\/colonial_1.jpg","width":1332,"height":887},{"@type":"WebSite","@id":"https:\/\/visitbraga.travel\/#website","url":"https:\/\/visitbraga.travel\/","name":"Visitare Braga","description":"Turismo Braga | Site Oficial de Braga","publisher":{"@id":"https:\/\/visitbraga.travel\/#organization"},"potentialAction":[{"@type":"SearchAction","target":{"@type":"EntryPoint","urlTemplate":"https:\/\/visitbraga.travel\/?s={search_term_string}"},"query-input":{"@type":"PropertyValueSpecification","valueRequired":true,"valueName":"search_term_string"}}],"inLanguage":"it-IT"},{"@type":"Organization","@id":"https:\/\/visitbraga.travel\/#organization","name":"Visitare Braga","url":"https:\/\/visitbraga.travel\/","logo":{"@type":"ImageObject","inLanguage":"it-IT","@id":"https:\/\/visitbraga.travel\/#\/schema\/logo\/image\/","url":"https:\/\/visitbraga.travel\/wp-content\/uploads\/2025\/05\/visit-braga.jpg","contentUrl":"https:\/\/visitbraga.travel\/wp-content\/uploads\/2025\/05\/visit-braga.jpg","width":2400,"height":1256,"caption":"Visit Braga"},"image":{"@id":"https:\/\/visitbraga.travel\/#\/schema\/logo\/image\/"},"sameAs":["https:\/\/www.facebook.com\/visitbraga.travel\/","https:\/\/x.com\/VisitBraga"]}]}},"_links":{"self":[{"href":"https:\/\/visitbraga.travel\/it\/wp-json\/wp\/v2\/highlight\/6782","targetHints":{"allow":["GET"]}}],"collection":[{"href":"https:\/\/visitbraga.travel\/it\/wp-json\/wp\/v2\/highlight"}],"about":[{"href":"https:\/\/visitbraga.travel\/it\/wp-json\/wp\/v2\/types\/highlight"}],"version-history":[{"count":0,"href":"https:\/\/visitbraga.travel\/it\/wp-json\/wp\/v2\/highlight\/6782\/revisions"}],"wp:featuredmedia":[{"embeddable":true,"href":"https:\/\/visitbraga.travel\/it\/wp-json\/wp\/v2\/media\/8434"}],"wp:attachment":[{"href":"https:\/\/visitbraga.travel\/it\/wp-json\/wp\/v2\/media?parent=6782"}],"wp:term":[{"taxonomy":"highlight_category","embeddable":true,"href":"https:\/\/visitbraga.travel\/it\/wp-json\/wp\/v2\/highlight_category?post=6782"}],"curies":[{"name":"wp","href":"https:\/\/api.w.org\/{rel}","templated":true}]}}

<p><strong>Il negozio</strong><br />
Localizada no número 147 da Praça Conde de Agrolongo, também conhecida como Campo da Vinha, a Colonial ocupa o r/c de um emblemático edifício de gaveto, que se dedica à comercialização de mercearia tradicional.<br />
A Colonial é um estabelecimento que se dedica desde a fundação à mercearia tradicional. Não é só um espaço de venda de produtos, é também um espaço de convívio e de encontro entre o passado e o presente.<br />
Tal como no passado, privilegia-se a comercialização de produtos com tradição em Portugal: uma vasta oferta de produtos com venda a granel, a moagem do café na hora e o bacalhau, partido à mão de acordo com as preferências do cliente.</p>
<p><strong>La storia</strong><br />
A Colonial foi fundada em 1936 por Meira da Silva e Ascenso, sendo esta a designação comercial original. Em 1955, a casa foi adquirida por Alfredo Marques, funcionário da loja e por Fernando Marques, que delegou a gerência do estabelecimento a um dos seus cinco filhos, que desde tenra idade o acompanhava no negócio. Em 2023, a necessidade de realização de obras obrigou a uma profunda intervenção no edifício, que abrangeu também o estabelecimento, contudo foram preservadas as suas características e o espaço mantém o seu caráter primitivo.<br />
O aparecimento das grandes superfícies e o crescimento do turismo, tornou os seus clientes mais diversificados, conhecendo os vinhos uma presença mais relevante. Na mercearia continuam a ser usados velhos equipamentos, como os moinhos e as balanças, assim como o atendimento personalizado ao balcão, cliente a cliente.<br />
Um espaço que guarda memórias de um longo passado, servindo de convívio e de encontro entre o passado e o presente.</p>
<p><strong>Prodotti e servizi</strong><br />
A Colonial fornece vinhos do Porto, vinhos de mesa, aguardentes, whisky, licores, cafés, cevada, chás, frutos secos, bacalhau, enchidos, queijos, biscoitos e bolachas, chocolates, especiarias, conservas, e outros produtos de mercearia.</p>
<p><strong>Contatto</strong><br />
Telefone: 962 104 582<br />
E-mail: <a href="/it/m&/#97;&#105;&#x6c;&#x74;&#x6f;&#x3a;r&#97;&#105;&#122;&#x66;&#x6c;&#x75;id&#97;&#64;&#x67;&#x6d;&#x61;il&#46;&#99;&#x6f;&#x6d;">rai&#122;&#102;&#108;&#117;&#x69;&#x64;&#x61;&#x40;&#x67;&#x6d;&#x61;il&#46;&#99;&#111;&#109;</a></p>

<p>Fin dalla sua fondazione, Colonial si è dedicato ai prodotti alimentari tradizionali.</p>

<!-- This site is optimized with the Yoast SEO plugin v27.5 - https://yoast.com/product/yoast-seo-wordpress/ -->
<title>A Colonial | Visit Braga</title>
<meta name="description" content="A Colonial é um estabelecimento que se dedica desde a fundação à mercearia tradicional." />
<meta name="robots" content="index, follow, max-snippet:-1, max-image-preview:large, max-video-preview:-1" />
<link rel="canonical" href="https://visitbraga.travel/it/highlights/comercio-local/a-colonial/" />
<meta property="og:locale" content="it_IT" />
<meta property="og:type" content="article" />
<meta property="og:title" content="A Colonial | Visit Braga" />
<meta property="og:description" content="A Colonial é um estabelecimento que se dedica desde a fundação à mercearia tradicional." />
<meta property="og:url" content="https://visitbraga.travel/it/highlights/comercio-local/a-colonial/" />
<meta property="og:site_name" content="Visit Braga" />
<meta property="article:publisher" content="https://www.facebook.com/visitbraga.travel/" />
<meta property="article:modified_time" content="2025-07-25T11:41:47+00:00" />
<meta property="og:image" content="https://visitbraga.travel/wp-content/uploads/2025/07/colonial_1.jpg" />
	<meta property="og:image:width" content="1332" />
	<meta property="og:image:height" content="887" />
	<meta property="og:image:type" content="image/jpeg" />
<meta name="twitter:card" content="summary_large_image" />
<meta name="twitter:site" content="@VisitBraga" />
<meta name="twitter:label1" content="Tempo di lettura stimato" />
	<meta name="twitter:data1" content="6 minuti" />
<script type="application/ld+json" class="yoast-schema-graph">{"@context":"https:\/\/schema.org","@graph":[{"@type":"WebPage","@id":"https:\/\/visitbraga.travel\/highlights\/comercio-local\/a-colonial\/","url":"https:\/\/visitbraga.travel\/highlights\/comercio-local\/a-colonial\/","name":"A Colonial | Visit Braga","isPartOf":{"@id":"https:\/\/visitbraga.travel\/#website"},"primaryImageOfPage":{"@id":"https:\/\/visitbraga.travel\/highlights\/comercio-local\/a-colonial\/#primaryimage"},"image":{"@id":"https:\/\/visitbraga.travel\/highlights\/comercio-local\/a-colonial\/#primaryimage"},"thumbnailUrl":"https:\/\/visitbraga.travel\/wp-content\/uploads\/2025\/07\/colonial_1.jpg","datePublished":"2025-07-17T10:28:32+00:00","dateModified":"2025-07-25T11:41:47+00:00","description":"A Colonial é um estabelecimento que se dedica desde a fundação à mercearia tradicional.","inLanguage":"it-IT","potentialAction":[{"@type":"ReadAction","target":["https:\/\/visitbraga.travel\/highlights\/comercio-local\/a-colonial\/"]}]},{"@type":"ImageObject","inLanguage":"it-IT","@id":"https:\/\/visitbraga.travel\/highlights\/comercio-local\/a-colonial\/#primaryimage","url":"https:\/\/visitbraga.travel\/wp-content\/uploads\/2025\/07\/colonial_1.jpg","contentUrl":"https:\/\/visitbraga.travel\/wp-content\/uploads\/2025\/07\/colonial_1.jpg","width":1332,"height":887},{"@type":"WebSite","@id":"https:\/\/visitbraga.travel\/#website","url":"https:\/\/visitbraga.travel\/","name":"Visit Braga","description":"Turismo Braga | Site Oficial de Braga","publisher":{"@id":"https:\/\/visitbraga.travel\/#organization"},"potentialAction":[{"@type":"SearchAction","target":{"@type":"EntryPoint","urlTemplate":"https:\/\/visitbraga.travel\/?s={search_term_string}"},"query-input":{"@type":"PropertyValueSpecification","valueRequired":true,"valueName":"search_term_string"}}],"inLanguage":"it-IT"},{"@type":"Organization","@id":"https:\/\/visitbraga.travel\/#organization","name":"Visit Braga","url":"https:\/\/visitbraga.travel\/","logo":{"@type":"ImageObject","inLanguage":"it-IT","@id":"https:\/\/visitbraga.travel\/#\/schema\/logo\/image\/","url":"https:\/\/visitbraga.travel\/wp-content\/uploads\/2025\/05\/visit-braga.jpg","contentUrl":"https:\/\/visitbraga.travel\/wp-content\/uploads\/2025\/05\/visit-braga.jpg","width":2400,"height":1256,"caption":"Visit Braga"},"image":{"@id":"https:\/\/visitbraga.travel\/#\/schema\/logo\/image\/"},"sameAs":["https:\/\/www.facebook.com\/visitbraga.travel\/","https:\/\/x.com\/VisitBraga"]}]}</script>
<!-- / Yoast SEO plugin. -->

Fin dalla sua fondazione, Colonial si è dedicato ai prodotti alimentari tradizionali.

A Colonial é um estabelecimento que se dedica desde a fundação à mercearia tradicional.
