{"id":6789,"date":"2025-07-17T11:38:13","date_gmt":"2025-07-17T10:38:13","guid":{"rendered":"https:\/\/visitbraga.travel\/highlights\/%highlight_category%\/a-louceira\/"},"modified":"2025-07-25T11:49:01","modified_gmt":"2025-07-25T10:49:01","slug":"a-louceira","status":"publish","type":"highlight","link":"https:\/\/visitbraga.travel\/it\/highlights\/comercio-local\/a-louceira\/","title":{"rendered":"La lavastoviglie"},"content":{"rendered":"<p><strong>Il negozio<\/strong><br \/>\nLouceira \u00e8 un negozio centenario dedicato alla vendita di artigianato regionale, stoviglie e utensili per la casa, rinomato per la qualit\u00e0 e la variet\u00e0 dei suoi prodotti, il servizio personalizzato e le sue radici storiche. Si trova in Rua do Alferes Alfredo Ferreira 9, accanto a Pra\u00e7a Conde de Agrolongo.<\/p>\n<p><strong>La storia<\/strong><br \/>\nFondato nel 1934, come testimonia un documento ritrovato con quella data, che ne attribuisce la propriet\u00e0 alla nonna dell'attuale proprietario, fu aperto dalle tre sorelle maggiori della famiglia. La storia di questo negozio \u00e8 strettamente legata alla fiera delle porcellane di Braga, che all'epoca si teneva nel Campo da Vinha, oggi Pra\u00e7a Conde de Agrolongo, a met\u00e0 strada da Louceira.<br \/>\nLa gestione di questo storico negozio \u00e8 stata tramandata da tre generazioni della famiglia, nonna, madre e nipote; Manuela Oliveira \u00e8 l'attuale titolare, succeduta alla madre. L'attuale titolare Manuela Oliveira, succeduta alla madre, ha iniziato a lavorare nell'azienda di famiglia fin dalla pi\u00f9 tenera et\u00e0 e ha dedicato la sua vita al commercio di stoviglie, continuando la storia di questo negozio.<\/p>\n<p><strong>Prodotti e servizi<\/strong><br \/>\nCommercio al dettaglio di porcellana, terracotta, gres, stoviglie regionali smaltate e cesteria.<\/p>\n<p><strong>Contatto<\/strong><br \/>\nTelefono: 965702882<br \/>\nE-mail: <a href=\"\/it\/&\/#x6d;a&#x69;&#108;&#x74;&#x6f;:&#x6d;&#109;&#x6c;&#x6f;b&#x40;&#115;&#x61;&#x70;o&#x2e;&#112;&#x74;\">mmlob@sapo.pt<\/a><\/p>","protected":false},"excerpt":{"rendered":"<p>Louceira \u00e8 un negozio centenario dedicato alla vendita di artigianato regionale, stoviglie e utensili per la casa.<\/p>","protected":false},"featured_media":7986,"template":"","highlight_category":[59],"class_list":["post-6789","highlight","type-highlight","status-publish","has-post-thumbnail","hentry","highlight_category-lojas-com-historia"],"acf":[],"yoast_head":"<!-- This site is optimized with the Yoast SEO plugin v27.5 - https:\/\/yoast.com\/product\/yoast-seo-wordpress\/ -->\n<title>A Louceira | Visit Braga<\/title>\n<meta name=\"description\" content=\"A Louceira \u00e9 uma loja centen\u00e1ria dedicada ao com\u00e9rcio de artesanato regional de loi\u00e7as e utens\u00edlios dom\u00e9sticos.\" \/>\n<meta name=\"robots\" content=\"index, follow, max-snippet:-1, max-image-preview:large, max-video-preview:-1\" \/>\n<link rel=\"canonical\" href=\"https:\/\/visitbraga.travel\/it\/highlights\/comercio-local\/a-louceira\/\" \/>\n<meta property=\"og:locale\" content=\"it_IT\" \/>\n<meta property=\"og:type\" content=\"article\" \/>\n<meta property=\"og:title\" content=\"A Louceira | Visit Braga\" \/>\n<meta property=\"og:description\" content=\"A Louceira \u00e9 uma loja centen\u00e1ria dedicada ao com\u00e9rcio de artesanato regional de loi\u00e7as e utens\u00edlios dom\u00e9sticos.\" \/>\n<meta property=\"og:url\" content=\"https:\/\/visitbraga.travel\/it\/highlights\/comercio-local\/a-louceira\/\" \/>\n<meta property=\"og:site_name\" content=\"Visit Braga\" \/>\n<meta property=\"article:publisher\" content=\"https:\/\/www.facebook.com\/visitbraga.travel\/\" \/>\n<meta property=\"article:modified_time\" content=\"2025-07-25T10:49:01+00:00\" \/>\n<meta property=\"og:image\" content=\"https:\/\/visitbraga.travel\/wp-content\/uploads\/2025\/07\/alouceira_1.jpg\" \/>\n\t<meta property=\"og:image:width\" content=\"1274\" \/>\n\t<meta property=\"og:image:height\" content=\"849\" \/>\n\t<meta property=\"og:image:type\" content=\"image\/jpeg\" \/>\n<meta name=\"twitter:card\" content=\"summary_large_image\" \/>\n<meta name=\"twitter:site\" content=\"@VisitBraga\" \/>\n<meta name=\"twitter:label1\" content=\"Tempo di lettura stimato\" \/>\n\t<meta name=\"twitter:data1\" content=\"4 minuti\" \/>\n<script type=\"application\/ld+json\" class=\"yoast-schema-graph\">{\"@context\":\"https:\\\/\\\/schema.org\",\"@graph\":[{\"@type\":\"WebPage\",\"@id\":\"https:\\\/\\\/visitbraga.travel\\\/highlights\\\/comercio-local\\\/a-louceira\\\/\",\"url\":\"https:\\\/\\\/visitbraga.travel\\\/highlights\\\/comercio-local\\\/a-louceira\\\/\",\"name\":\"A Louceira | Visit Braga\",\"isPartOf\":{\"@id\":\"https:\\\/\\\/visitbraga.travel\\\/#website\"},\"primaryImageOfPage\":{\"@id\":\"https:\\\/\\\/visitbraga.travel\\\/highlights\\\/comercio-local\\\/a-louceira\\\/#primaryimage\"},\"image\":{\"@id\":\"https:\\\/\\\/visitbraga.travel\\\/highlights\\\/comercio-local\\\/a-louceira\\\/#primaryimage\"},\"thumbnailUrl\":\"https:\\\/\\\/visitbraga.travel\\\/wp-content\\\/uploads\\\/2025\\\/07\\\/alouceira_1.jpg\",\"datePublished\":\"2025-07-17T10:38:13+00:00\",\"dateModified\":\"2025-07-25T10:49:01+00:00\",\"description\":\"A Louceira \u00e9 uma loja centen\u00e1ria dedicada ao com\u00e9rcio de artesanato regional de loi\u00e7as e utens\u00edlios dom\u00e9sticos.\",\"inLanguage\":\"it-IT\",\"potentialAction\":[{\"@type\":\"ReadAction\",\"target\":[\"https:\\\/\\\/visitbraga.travel\\\/highlights\\\/comercio-local\\\/a-louceira\\\/\"]}]},{\"@type\":\"ImageObject\",\"inLanguage\":\"it-IT\",\"@id\":\"https:\\\/\\\/visitbraga.travel\\\/highlights\\\/comercio-local\\\/a-louceira\\\/#primaryimage\",\"url\":\"https:\\\/\\\/visitbraga.travel\\\/wp-content\\\/uploads\\\/2025\\\/07\\\/alouceira_1.jpg\",\"contentUrl\":\"https:\\\/\\\/visitbraga.travel\\\/wp-content\\\/uploads\\\/2025\\\/07\\\/alouceira_1.jpg\",\"width\":1274,\"height\":849},{\"@type\":\"WebSite\",\"@id\":\"https:\\\/\\\/visitbraga.travel\\\/#website\",\"url\":\"https:\\\/\\\/visitbraga.travel\\\/\",\"name\":\"Visit Braga\",\"description\":\"Turismo Braga | Site Oficial de Braga\",\"publisher\":{\"@id\":\"https:\\\/\\\/visitbraga.travel\\\/#organization\"},\"potentialAction\":[{\"@type\":\"SearchAction\",\"target\":{\"@type\":\"EntryPoint\",\"urlTemplate\":\"https:\\\/\\\/visitbraga.travel\\\/?s={search_term_string}\"},\"query-input\":{\"@type\":\"PropertyValueSpecification\",\"valueRequired\":true,\"valueName\":\"search_term_string\"}}],\"inLanguage\":\"it-IT\"},{\"@type\":\"Organization\",\"@id\":\"https:\\\/\\\/visitbraga.travel\\\/#organization\",\"name\":\"Visit Braga\",\"url\":\"https:\\\/\\\/visitbraga.travel\\\/\",\"logo\":{\"@type\":\"ImageObject\",\"inLanguage\":\"it-IT\",\"@id\":\"https:\\\/\\\/visitbraga.travel\\\/#\\\/schema\\\/logo\\\/image\\\/\",\"url\":\"https:\\\/\\\/visitbraga.travel\\\/wp-content\\\/uploads\\\/2025\\\/05\\\/visit-braga.jpg\",\"contentUrl\":\"https:\\\/\\\/visitbraga.travel\\\/wp-content\\\/uploads\\\/2025\\\/05\\\/visit-braga.jpg\",\"width\":2400,\"height\":1256,\"caption\":\"Visit Braga\"},\"image\":{\"@id\":\"https:\\\/\\\/visitbraga.travel\\\/#\\\/schema\\\/logo\\\/image\\\/\"},\"sameAs\":[\"https:\\\/\\\/www.facebook.com\\\/visitbraga.travel\\\/\",\"https:\\\/\\\/x.com\\\/VisitBraga\"]}]}<\/script>\n<!-- \/ Yoast SEO plugin. -->","yoast_head_json":{"title":"A Louceira | Visit Braga","description":"Louceira \u00e8 un negozio centenario dedicato alla vendita di artigianato regionale, stoviglie e utensili per la casa.","robots":{"index":"index","follow":"follow","max-snippet":"max-snippet:-1","max-image-preview":"max-image-preview:large","max-video-preview":"max-video-preview:-1"},"canonical":"https:\/\/visitbraga.travel\/it\/highlights\/comercio-local\/a-louceira\/","og_locale":"it_IT","og_type":"article","og_title":"A Louceira | Visit Braga","og_description":"A Louceira \u00e9 uma loja centen\u00e1ria dedicada ao com\u00e9rcio de artesanato regional de loi\u00e7as e utens\u00edlios dom\u00e9sticos.","og_url":"https:\/\/visitbraga.travel\/it\/highlights\/comercio-local\/a-louceira\/","og_site_name":"Visit Braga","article_publisher":"https:\/\/www.facebook.com\/visitbraga.travel\/","article_modified_time":"2025-07-25T10:49:01+00:00","og_image":[{"width":1274,"height":849,"url":"https:\/\/visitbraga.travel\/wp-content\/uploads\/2025\/07\/alouceira_1.jpg","type":"image\/jpeg"}],"twitter_card":"summary_large_image","twitter_site":"@VisitBraga","twitter_misc":{"Tempo di lettura stimato":"4 minuti"},"schema":{"@context":"https:\/\/schema.org","@graph":[{"@type":"WebPage","@id":"https:\/\/visitbraga.travel\/highlights\/comercio-local\/a-louceira\/","url":"https:\/\/visitbraga.travel\/highlights\/comercio-local\/a-louceira\/","name":"A Louceira | Visit Braga","isPartOf":{"@id":"https:\/\/visitbraga.travel\/#website"},"primaryImageOfPage":{"@id":"https:\/\/visitbraga.travel\/highlights\/comercio-local\/a-louceira\/#primaryimage"},"image":{"@id":"https:\/\/visitbraga.travel\/highlights\/comercio-local\/a-louceira\/#primaryimage"},"thumbnailUrl":"https:\/\/visitbraga.travel\/wp-content\/uploads\/2025\/07\/alouceira_1.jpg","datePublished":"2025-07-17T10:38:13+00:00","dateModified":"2025-07-25T10:49:01+00:00","description":"Louceira \u00e8 un negozio centenario dedicato alla vendita di artigianato regionale, stoviglie e utensili per la casa.","inLanguage":"it-IT","potentialAction":[{"@type":"ReadAction","target":["https:\/\/visitbraga.travel\/highlights\/comercio-local\/a-louceira\/"]}]},{"@type":"ImageObject","inLanguage":"it-IT","@id":"https:\/\/visitbraga.travel\/highlights\/comercio-local\/a-louceira\/#primaryimage","url":"https:\/\/visitbraga.travel\/wp-content\/uploads\/2025\/07\/alouceira_1.jpg","contentUrl":"https:\/\/visitbraga.travel\/wp-content\/uploads\/2025\/07\/alouceira_1.jpg","width":1274,"height":849},{"@type":"WebSite","@id":"https:\/\/visitbraga.travel\/#website","url":"https:\/\/visitbraga.travel\/","name":"Visitare Braga","description":"Turismo Braga | Site Oficial de Braga","publisher":{"@id":"https:\/\/visitbraga.travel\/#organization"},"potentialAction":[{"@type":"SearchAction","target":{"@type":"EntryPoint","urlTemplate":"https:\/\/visitbraga.travel\/?s={search_term_string}"},"query-input":{"@type":"PropertyValueSpecification","valueRequired":true,"valueName":"search_term_string"}}],"inLanguage":"it-IT"},{"@type":"Organization","@id":"https:\/\/visitbraga.travel\/#organization","name":"Visitare Braga","url":"https:\/\/visitbraga.travel\/","logo":{"@type":"ImageObject","inLanguage":"it-IT","@id":"https:\/\/visitbraga.travel\/#\/schema\/logo\/image\/","url":"https:\/\/visitbraga.travel\/wp-content\/uploads\/2025\/05\/visit-braga.jpg","contentUrl":"https:\/\/visitbraga.travel\/wp-content\/uploads\/2025\/05\/visit-braga.jpg","width":2400,"height":1256,"caption":"Visit Braga"},"image":{"@id":"https:\/\/visitbraga.travel\/#\/schema\/logo\/image\/"},"sameAs":["https:\/\/www.facebook.com\/visitbraga.travel\/","https:\/\/x.com\/VisitBraga"]}]}},"_links":{"self":[{"href":"https:\/\/visitbraga.travel\/it\/wp-json\/wp\/v2\/highlight\/6789","targetHints":{"allow":["GET"]}}],"collection":[{"href":"https:\/\/visitbraga.travel\/it\/wp-json\/wp\/v2\/highlight"}],"about":[{"href":"https:\/\/visitbraga.travel\/it\/wp-json\/wp\/v2\/types\/highlight"}],"version-history":[{"count":0,"href":"https:\/\/visitbraga.travel\/it\/wp-json\/wp\/v2\/highlight\/6789\/revisions"}],"wp:featuredmedia":[{"embeddable":true,"href":"https:\/\/visitbraga.travel\/it\/wp-json\/wp\/v2\/media\/7986"}],"wp:attachment":[{"href":"https:\/\/visitbraga.travel\/it\/wp-json\/wp\/v2\/media?parent=6789"}],"wp:term":[{"taxonomy":"highlight_category","embeddable":true,"href":"https:\/\/visitbraga.travel\/it\/wp-json\/wp\/v2\/highlight_category?post=6789"}],"curies":[{"name":"wp","href":"https:\/\/api.w.org\/{rel}","templated":true}]}}

<p><strong>Il negozio</strong><br />
Louceira è un negozio centenario dedicato alla vendita di artigianato regionale, stoviglie e utensili per la casa, rinomato per la qualità e la varietà dei suoi prodotti, il servizio personalizzato e le sue radici storiche. Si trova in Rua do Alferes Alfredo Ferreira 9, accanto a Praça Conde de Agrolongo.</p>
<p><strong>La storia</strong><br />
Fondato nel 1934, come testimonia un documento ritrovato con quella data, che ne attribuisce la proprietà alla nonna dell'attuale proprietario, fu aperto dalle tre sorelle maggiori della famiglia. La storia di questo negozio è strettamente legata alla fiera delle porcellane di Braga, che all'epoca si teneva nel Campo da Vinha, oggi Praça Conde de Agrolongo, a metà strada da Louceira.<br />
La gestione di questo storico negozio è stata tramandata da tre generazioni della famiglia, nonna, madre e nipote; Manuela Oliveira è l'attuale titolare, succeduta alla madre. L'attuale titolare Manuela Oliveira, succeduta alla madre, ha iniziato a lavorare nell'azienda di famiglia fin dalla più tenera età e ha dedicato la sua vita al commercio di stoviglie, continuando la storia di questo negozio.</p>
<p><strong>Prodotti e servizi</strong><br />
Commercio al dettaglio di porcellana, terracotta, gres, stoviglie regionali smaltate e cesteria.</p>
<p><strong>Contatto</strong><br />
Telefono: 965702882<br />
E-mail: <a href="/it/&/#x6d;a&#x69;&#108;&#x74;&#x6f;:&#x6d;&#109;&#x6c;&#x6f;b&#x40;&#115;&#x61;&#x70;o&#x2e;&#112;&#x74;">mmlob@sapo.pt</a></p>

<p>Louceira è un negozio centenario dedicato alla vendita di artigianato regionale, stoviglie e utensili per la casa.</p>

<!-- This site is optimized with the Yoast SEO plugin v27.5 - https://yoast.com/product/yoast-seo-wordpress/ -->
<title>A Louceira | Visit Braga</title>
<meta name="description" content="A Louceira é uma loja centenária dedicada ao comércio de artesanato regional de loiças e utensílios domésticos." />
<meta name="robots" content="index, follow, max-snippet:-1, max-image-preview:large, max-video-preview:-1" />
<link rel="canonical" href="https://visitbraga.travel/it/highlights/comercio-local/a-louceira/" />
<meta property="og:locale" content="it_IT" />
<meta property="og:type" content="article" />
<meta property="og:title" content="A Louceira | Visit Braga" />
<meta property="og:description" content="A Louceira é uma loja centenária dedicada ao comércio de artesanato regional de loiças e utensílios domésticos." />
<meta property="og:url" content="https://visitbraga.travel/it/highlights/comercio-local/a-louceira/" />
<meta property="og:site_name" content="Visit Braga" />
<meta property="article:publisher" content="https://www.facebook.com/visitbraga.travel/" />
<meta property="article:modified_time" content="2025-07-25T10:49:01+00:00" />
<meta property="og:image" content="https://visitbraga.travel/wp-content/uploads/2025/07/alouceira_1.jpg" />
	<meta property="og:image:width" content="1274" />
	<meta property="og:image:height" content="849" />
	<meta property="og:image:type" content="image/jpeg" />
<meta name="twitter:card" content="summary_large_image" />
<meta name="twitter:site" content="@VisitBraga" />
<meta name="twitter:label1" content="Tempo di lettura stimato" />
	<meta name="twitter:data1" content="4 minuti" />
<script type="application/ld+json" class="yoast-schema-graph">{"@context":"https:\/\/schema.org","@graph":[{"@type":"WebPage","@id":"https:\/\/visitbraga.travel\/highlights\/comercio-local\/a-louceira\/","url":"https:\/\/visitbraga.travel\/highlights\/comercio-local\/a-louceira\/","name":"A Louceira | Visit Braga","isPartOf":{"@id":"https:\/\/visitbraga.travel\/#website"},"primaryImageOfPage":{"@id":"https:\/\/visitbraga.travel\/highlights\/comercio-local\/a-louceira\/#primaryimage"},"image":{"@id":"https:\/\/visitbraga.travel\/highlights\/comercio-local\/a-louceira\/#primaryimage"},"thumbnailUrl":"https:\/\/visitbraga.travel\/wp-content\/uploads\/2025\/07\/alouceira_1.jpg","datePublished":"2025-07-17T10:38:13+00:00","dateModified":"2025-07-25T10:49:01+00:00","description":"A Louceira é uma loja centenária dedicada ao comércio de artesanato regional de loiças e utensílios domésticos.","inLanguage":"it-IT","potentialAction":[{"@type":"ReadAction","target":["https:\/\/visitbraga.travel\/highlights\/comercio-local\/a-louceira\/"]}]},{"@type":"ImageObject","inLanguage":"it-IT","@id":"https:\/\/visitbraga.travel\/highlights\/comercio-local\/a-louceira\/#primaryimage","url":"https:\/\/visitbraga.travel\/wp-content\/uploads\/2025\/07\/alouceira_1.jpg","contentUrl":"https:\/\/visitbraga.travel\/wp-content\/uploads\/2025\/07\/alouceira_1.jpg","width":1274,"height":849},{"@type":"WebSite","@id":"https:\/\/visitbraga.travel\/#website","url":"https:\/\/visitbraga.travel\/","name":"Visit Braga","description":"Turismo Braga | Site Oficial de Braga","publisher":{"@id":"https:\/\/visitbraga.travel\/#organization"},"potentialAction":[{"@type":"SearchAction","target":{"@type":"EntryPoint","urlTemplate":"https:\/\/visitbraga.travel\/?s={search_term_string}"},"query-input":{"@type":"PropertyValueSpecification","valueRequired":true,"valueName":"search_term_string"}}],"inLanguage":"it-IT"},{"@type":"Organization","@id":"https:\/\/visitbraga.travel\/#organization","name":"Visit Braga","url":"https:\/\/visitbraga.travel\/","logo":{"@type":"ImageObject","inLanguage":"it-IT","@id":"https:\/\/visitbraga.travel\/#\/schema\/logo\/image\/","url":"https:\/\/visitbraga.travel\/wp-content\/uploads\/2025\/05\/visit-braga.jpg","contentUrl":"https:\/\/visitbraga.travel\/wp-content\/uploads\/2025\/05\/visit-braga.jpg","width":2400,"height":1256,"caption":"Visit Braga"},"image":{"@id":"https:\/\/visitbraga.travel\/#\/schema\/logo\/image\/"},"sameAs":["https:\/\/www.facebook.com\/visitbraga.travel\/","https:\/\/x.com\/VisitBraga"]}]}</script>
<!-- / Yoast SEO plugin. -->

Louceira è un negozio centenario dedicato alla vendita di artigianato regionale, stoviglie e utensili per la casa.

A Louceira é uma loja centenária dedicada ao comércio de artesanato regional de loiças e utensílios domésticos.
