{"id":6830,"date":"2025-07-17T11:28:37","date_gmt":"2025-07-17T10:28:37","guid":{"rendered":"https:\/\/visitbraga.travel\/highlights\/%highlight_category%\/pastelaria-lusitana\/"},"modified":"2025-07-25T12:11:30","modified_gmt":"2025-07-25T11:11:30","slug":"pastelaria-lusitana","status":"publish","type":"highlight","link":"https:\/\/visitbraga.travel\/it\/highlights\/comercio-local\/pastelaria-lusitana\/","title":{"rendered":"Pastelaria Lusitana"},"content":{"rendered":"<p><strong>Il negozio<\/strong><br \/>\nA Lusitana \u00e9 um espa\u00e7o privilegiado e uma marca com letras azuis. Est\u00e1 localizada na Rua Justino Cruz onde, subtilmente, se vira para o Jardim de Sta. B\u00e1rbara, um dos jardins mais bonitos da cidade de Braga. Ocupa todo o piso t\u00e9rreo de um edif\u00edcio de gaveto com valor arquitet\u00f3nico. Um projeto dos anos 50 do sec. XX, que valoriza o edif\u00edcio adaptando-o \u00e0 envolvente com uma frente toda envidra\u00e7ada. O interior tem um ambiente de charme. Uma decora\u00e7\u00e3o com muitas refer\u00eancias do que seria o sal\u00e3o de ch\u00e1 da sua origem. Voca\u00e7\u00e3o que ainda se mant\u00e9m nos dias de hoje, apesar de continuar a existir uma d\u00favida no ar. Que tipo de ch\u00e1 \u00e9 servido no bule?<\/p>\n<p><strong>La storia<\/strong><br \/>\nA hist\u00f3ria da Lusitana n\u00e3o se pode dissociar da hist\u00f3ria da famosa Padaria Lusitana, na Rua de S. Jo\u00e3o, e que marcou presen\u00e7a na cidade desde 1896 (referido no Anu\u00e1rio Comercial de Braga) at\u00e9 ao encerramento em in\u00edcios do s\u00e9c. XX. S\u00e3o os propriet\u00e1rios da padaria, que em 1955, resolvem abrir um sal\u00e3o de ch\u00e1, aproveitando a abertura da rua Justino Cruz e a requalifica\u00e7\u00e3o da zona envolvente do jardim de Sta. B\u00e1rbara. A firma Oliveira, Malheiro e Gon\u00e7alves vai assumir a dire\u00e7\u00e3o deste novo espa\u00e7o, que para al\u00e9m do servi\u00e7o de confeitaria, tamb\u00e9m era padaria. Em 1960, um dos s\u00f3cios, Jos\u00e9 Barbosa de Oliveira assume o destino da Lusitana, posi\u00e7\u00e3o que se vai manter at\u00e9 1988.<br \/>\nA Lusitana \u00e9 um exemplo de como podem as lojas renovar-se. Palco de sucesso durante d\u00e9cadas estava a viver um per\u00edodo conturbado quando em 2011, o seu atual propriet\u00e1rio, a firma Viana &amp; Pinheiro, Lda. procurou uma resposta para honrar a tradi\u00e7\u00e3o. Hoje, continuamos a poder saborear a pastelaria de excel\u00eancia, de fabrico pr\u00f3prio, mas tamb\u00e9m, comer uma refei\u00e7\u00e3o ligeira na esplanada com o olhar perdido nas flores do jardim.<\/p>\n<p><strong>Prodotti e servizi<\/strong><br \/>\nPastelaria, Sal\u00e3o de Ch\u00e1 e refei\u00e7\u00f5es r\u00e1pidas.<\/p>\n<p><strong>Contatto<\/strong><br \/>\nTelefone: 253 614 791<br \/>\nEmail: &#102;&#x65;&#x72;&#110;&#x61;&#x6e;d&#x6f;&#x2e;p&#105;&#x6e;h&#101;&#x69;r&#111;&#x33;3&#53;&#x35;&#64;&#103;&#x6d;&#x61;&#105;&#x6c;&#x2e;&#99;&#x6f;&#x6d;<\/p>","protected":false},"excerpt":{"rendered":"<p>A hist\u00f3ria da Lusitana n\u00e3o se pode dissociar da hist\u00f3ria da famosa Padaria Lusitana e que marcou presen\u00e7a na cidade desde 1896.<\/p>","protected":false},"featured_media":8453,"template":"","highlight_category":[59],"class_list":["post-6830","highlight","type-highlight","status-publish","has-post-thumbnail","hentry","highlight_category-lojas-com-historia"],"acf":[],"yoast_head":"<!-- This site is optimized with the Yoast SEO plugin v27.5 - https:\/\/yoast.com\/product\/yoast-seo-wordpress\/ -->\n<title>Pastelaria Lusitana | Visit Braga<\/title>\n<meta name=\"description\" content=\"A hist\u00f3ria da Lusitana n\u00e3o se pode dissociar da hist\u00f3ria da famosa Padaria Lusitana e que marcou presen\u00e7a na cidade desde 1896.\" \/>\n<meta name=\"robots\" content=\"index, follow, max-snippet:-1, max-image-preview:large, max-video-preview:-1\" \/>\n<link rel=\"canonical\" href=\"https:\/\/visitbraga.travel\/it\/highlights\/comercio-local\/pastelaria-lusitana\/\" \/>\n<meta property=\"og:locale\" content=\"it_IT\" \/>\n<meta property=\"og:type\" content=\"article\" \/>\n<meta property=\"og:title\" content=\"Pastelaria Lusitana | Visit Braga\" \/>\n<meta property=\"og:description\" content=\"A hist\u00f3ria da Lusitana n\u00e3o se pode dissociar da hist\u00f3ria da famosa Padaria Lusitana e que marcou presen\u00e7a na cidade desde 1896.\" \/>\n<meta property=\"og:url\" content=\"https:\/\/visitbraga.travel\/it\/highlights\/comercio-local\/pastelaria-lusitana\/\" \/>\n<meta property=\"og:site_name\" content=\"Visit Braga\" \/>\n<meta property=\"article:publisher\" content=\"https:\/\/www.facebook.com\/visitbraga.travel\/\" \/>\n<meta property=\"article:modified_time\" content=\"2025-07-25T11:11:30+00:00\" \/>\n<meta property=\"og:image\" content=\"https:\/\/visitbraga.travel\/wp-content\/uploads\/2025\/07\/lusitana_1.jpg\" \/>\n\t<meta property=\"og:image:width\" content=\"1978\" \/>\n\t<meta property=\"og:image:height\" content=\"1319\" \/>\n\t<meta property=\"og:image:type\" content=\"image\/jpeg\" \/>\n<meta name=\"twitter:card\" content=\"summary_large_image\" \/>\n<meta name=\"twitter:site\" content=\"@VisitBraga\" \/>\n<meta name=\"twitter:label1\" content=\"Tempo di lettura stimato\" \/>\n\t<meta name=\"twitter:data1\" content=\"4 minuti\" \/>\n<script type=\"application\/ld+json\" class=\"yoast-schema-graph\">{\"@context\":\"https:\\\/\\\/schema.org\",\"@graph\":[{\"@type\":\"WebPage\",\"@id\":\"https:\\\/\\\/visitbraga.travel\\\/highlights\\\/comercio-local\\\/pastelaria-lusitana\\\/\",\"url\":\"https:\\\/\\\/visitbraga.travel\\\/highlights\\\/comercio-local\\\/pastelaria-lusitana\\\/\",\"name\":\"Pastelaria Lusitana | Visit Braga\",\"isPartOf\":{\"@id\":\"https:\\\/\\\/visitbraga.travel\\\/#website\"},\"primaryImageOfPage\":{\"@id\":\"https:\\\/\\\/visitbraga.travel\\\/highlights\\\/comercio-local\\\/pastelaria-lusitana\\\/#primaryimage\"},\"image\":{\"@id\":\"https:\\\/\\\/visitbraga.travel\\\/highlights\\\/comercio-local\\\/pastelaria-lusitana\\\/#primaryimage\"},\"thumbnailUrl\":\"https:\\\/\\\/visitbraga.travel\\\/wp-content\\\/uploads\\\/2025\\\/07\\\/lusitana_1.jpg\",\"datePublished\":\"2025-07-17T10:28:37+00:00\",\"dateModified\":\"2025-07-25T11:11:30+00:00\",\"description\":\"A hist\u00f3ria da Lusitana n\u00e3o se pode dissociar da hist\u00f3ria da famosa Padaria Lusitana e que marcou presen\u00e7a na cidade desde 1896.\",\"inLanguage\":\"it-IT\",\"potentialAction\":[{\"@type\":\"ReadAction\",\"target\":[\"https:\\\/\\\/visitbraga.travel\\\/highlights\\\/comercio-local\\\/pastelaria-lusitana\\\/\"]}]},{\"@type\":\"ImageObject\",\"inLanguage\":\"it-IT\",\"@id\":\"https:\\\/\\\/visitbraga.travel\\\/highlights\\\/comercio-local\\\/pastelaria-lusitana\\\/#primaryimage\",\"url\":\"https:\\\/\\\/visitbraga.travel\\\/wp-content\\\/uploads\\\/2025\\\/07\\\/lusitana_1.jpg\",\"contentUrl\":\"https:\\\/\\\/visitbraga.travel\\\/wp-content\\\/uploads\\\/2025\\\/07\\\/lusitana_1.jpg\",\"width\":1978,\"height\":1319},{\"@type\":\"WebSite\",\"@id\":\"https:\\\/\\\/visitbraga.travel\\\/#website\",\"url\":\"https:\\\/\\\/visitbraga.travel\\\/\",\"name\":\"Visit Braga\",\"description\":\"Turismo Braga | Site Oficial de Braga\",\"publisher\":{\"@id\":\"https:\\\/\\\/visitbraga.travel\\\/#organization\"},\"potentialAction\":[{\"@type\":\"SearchAction\",\"target\":{\"@type\":\"EntryPoint\",\"urlTemplate\":\"https:\\\/\\\/visitbraga.travel\\\/?s={search_term_string}\"},\"query-input\":{\"@type\":\"PropertyValueSpecification\",\"valueRequired\":true,\"valueName\":\"search_term_string\"}}],\"inLanguage\":\"it-IT\"},{\"@type\":\"Organization\",\"@id\":\"https:\\\/\\\/visitbraga.travel\\\/#organization\",\"name\":\"Visit Braga\",\"url\":\"https:\\\/\\\/visitbraga.travel\\\/\",\"logo\":{\"@type\":\"ImageObject\",\"inLanguage\":\"it-IT\",\"@id\":\"https:\\\/\\\/visitbraga.travel\\\/#\\\/schema\\\/logo\\\/image\\\/\",\"url\":\"https:\\\/\\\/visitbraga.travel\\\/wp-content\\\/uploads\\\/2025\\\/05\\\/visit-braga.jpg\",\"contentUrl\":\"https:\\\/\\\/visitbraga.travel\\\/wp-content\\\/uploads\\\/2025\\\/05\\\/visit-braga.jpg\",\"width\":2400,\"height\":1256,\"caption\":\"Visit Braga\"},\"image\":{\"@id\":\"https:\\\/\\\/visitbraga.travel\\\/#\\\/schema\\\/logo\\\/image\\\/\"},\"sameAs\":[\"https:\\\/\\\/www.facebook.com\\\/visitbraga.travel\\\/\",\"https:\\\/\\\/x.com\\\/VisitBraga\"]}]}<\/script>\n<!-- \/ Yoast SEO plugin. -->","yoast_head_json":{"title":"Pastelaria Lusitana | Visit Braga","description":"A hist\u00f3ria da Lusitana n\u00e3o se pode dissociar da hist\u00f3ria da famosa Padaria Lusitana e que marcou presen\u00e7a na cidade desde 1896.","robots":{"index":"index","follow":"follow","max-snippet":"max-snippet:-1","max-image-preview":"max-image-preview:large","max-video-preview":"max-video-preview:-1"},"canonical":"https:\/\/visitbraga.travel\/it\/highlights\/comercio-local\/pastelaria-lusitana\/","og_locale":"it_IT","og_type":"article","og_title":"Pastelaria Lusitana | Visit Braga","og_description":"A hist\u00f3ria da Lusitana n\u00e3o se pode dissociar da hist\u00f3ria da famosa Padaria Lusitana e que marcou presen\u00e7a na cidade desde 1896.","og_url":"https:\/\/visitbraga.travel\/it\/highlights\/comercio-local\/pastelaria-lusitana\/","og_site_name":"Visit Braga","article_publisher":"https:\/\/www.facebook.com\/visitbraga.travel\/","article_modified_time":"2025-07-25T11:11:30+00:00","og_image":[{"width":1978,"height":1319,"url":"https:\/\/visitbraga.travel\/wp-content\/uploads\/2025\/07\/lusitana_1.jpg","type":"image\/jpeg"}],"twitter_card":"summary_large_image","twitter_site":"@VisitBraga","twitter_misc":{"Tempo di lettura stimato":"4 minuti"},"schema":{"@context":"https:\/\/schema.org","@graph":[{"@type":"WebPage","@id":"https:\/\/visitbraga.travel\/highlights\/comercio-local\/pastelaria-lusitana\/","url":"https:\/\/visitbraga.travel\/highlights\/comercio-local\/pastelaria-lusitana\/","name":"Pastelaria Lusitana | Visit Braga","isPartOf":{"@id":"https:\/\/visitbraga.travel\/#website"},"primaryImageOfPage":{"@id":"https:\/\/visitbraga.travel\/highlights\/comercio-local\/pastelaria-lusitana\/#primaryimage"},"image":{"@id":"https:\/\/visitbraga.travel\/highlights\/comercio-local\/pastelaria-lusitana\/#primaryimage"},"thumbnailUrl":"https:\/\/visitbraga.travel\/wp-content\/uploads\/2025\/07\/lusitana_1.jpg","datePublished":"2025-07-17T10:28:37+00:00","dateModified":"2025-07-25T11:11:30+00:00","description":"A hist\u00f3ria da Lusitana n\u00e3o se pode dissociar da hist\u00f3ria da famosa Padaria Lusitana e que marcou presen\u00e7a na cidade desde 1896.","inLanguage":"it-IT","potentialAction":[{"@type":"ReadAction","target":["https:\/\/visitbraga.travel\/highlights\/comercio-local\/pastelaria-lusitana\/"]}]},{"@type":"ImageObject","inLanguage":"it-IT","@id":"https:\/\/visitbraga.travel\/highlights\/comercio-local\/pastelaria-lusitana\/#primaryimage","url":"https:\/\/visitbraga.travel\/wp-content\/uploads\/2025\/07\/lusitana_1.jpg","contentUrl":"https:\/\/visitbraga.travel\/wp-content\/uploads\/2025\/07\/lusitana_1.jpg","width":1978,"height":1319},{"@type":"WebSite","@id":"https:\/\/visitbraga.travel\/#website","url":"https:\/\/visitbraga.travel\/","name":"Visitare Braga","description":"Turismo Braga | Site Oficial de Braga","publisher":{"@id":"https:\/\/visitbraga.travel\/#organization"},"potentialAction":[{"@type":"SearchAction","target":{"@type":"EntryPoint","urlTemplate":"https:\/\/visitbraga.travel\/?s={search_term_string}"},"query-input":{"@type":"PropertyValueSpecification","valueRequired":true,"valueName":"search_term_string"}}],"inLanguage":"it-IT"},{"@type":"Organization","@id":"https:\/\/visitbraga.travel\/#organization","name":"Visitare Braga","url":"https:\/\/visitbraga.travel\/","logo":{"@type":"ImageObject","inLanguage":"it-IT","@id":"https:\/\/visitbraga.travel\/#\/schema\/logo\/image\/","url":"https:\/\/visitbraga.travel\/wp-content\/uploads\/2025\/05\/visit-braga.jpg","contentUrl":"https:\/\/visitbraga.travel\/wp-content\/uploads\/2025\/05\/visit-braga.jpg","width":2400,"height":1256,"caption":"Visit Braga"},"image":{"@id":"https:\/\/visitbraga.travel\/#\/schema\/logo\/image\/"},"sameAs":["https:\/\/www.facebook.com\/visitbraga.travel\/","https:\/\/x.com\/VisitBraga"]}]}},"_links":{"self":[{"href":"https:\/\/visitbraga.travel\/it\/wp-json\/wp\/v2\/highlight\/6830","targetHints":{"allow":["GET"]}}],"collection":[{"href":"https:\/\/visitbraga.travel\/it\/wp-json\/wp\/v2\/highlight"}],"about":[{"href":"https:\/\/visitbraga.travel\/it\/wp-json\/wp\/v2\/types\/highlight"}],"version-history":[{"count":0,"href":"https:\/\/visitbraga.travel\/it\/wp-json\/wp\/v2\/highlight\/6830\/revisions"}],"wp:featuredmedia":[{"embeddable":true,"href":"https:\/\/visitbraga.travel\/it\/wp-json\/wp\/v2\/media\/8453"}],"wp:attachment":[{"href":"https:\/\/visitbraga.travel\/it\/wp-json\/wp\/v2\/media?parent=6830"}],"wp:term":[{"taxonomy":"highlight_category","embeddable":true,"href":"https:\/\/visitbraga.travel\/it\/wp-json\/wp\/v2\/highlight_category?post=6830"}],"curies":[{"name":"wp","href":"https:\/\/api.w.org\/{rel}","templated":true}]}}

<p><strong>Il negozio</strong><br />
A Lusitana é um espaço privilegiado e uma marca com letras azuis. Está localizada na Rua Justino Cruz onde, subtilmente, se vira para o Jardim de Sta. Bárbara, um dos jardins mais bonitos da cidade de Braga. Ocupa todo o piso térreo de um edifício de gaveto com valor arquitetónico. Um projeto dos anos 50 do sec. XX, que valoriza o edifício adaptando-o à envolvente com uma frente toda envidraçada. O interior tem um ambiente de charme. Uma decoração com muitas referências do que seria o salão de chá da sua origem. Vocação que ainda se mantém nos dias de hoje, apesar de continuar a existir uma dúvida no ar. Que tipo de chá é servido no bule?</p>
<p><strong>La storia</strong><br />
A história da Lusitana não se pode dissociar da história da famosa Padaria Lusitana, na Rua de S. João, e que marcou presença na cidade desde 1896 (referido no Anuário Comercial de Braga) até ao encerramento em inícios do séc. XX. São os proprietários da padaria, que em 1955, resolvem abrir um salão de chá, aproveitando a abertura da rua Justino Cruz e a requalificação da zona envolvente do jardim de Sta. Bárbara. A firma Oliveira, Malheiro e Gonçalves vai assumir a direção deste novo espaço, que para além do serviço de confeitaria, também era padaria. Em 1960, um dos sócios, José Barbosa de Oliveira assume o destino da Lusitana, posição que se vai manter até 1988.<br />
A Lusitana é um exemplo de como podem as lojas renovar-se. Palco de sucesso durante décadas estava a viver um período conturbado quando em 2011, o seu atual proprietário, a firma Viana &amp; Pinheiro, Lda. procurou uma resposta para honrar a tradição. Hoje, continuamos a poder saborear a pastelaria de excelência, de fabrico próprio, mas também, comer uma refeição ligeira na esplanada com o olhar perdido nas flores do jardim.</p>
<p><strong>Prodotti e servizi</strong><br />
Pastelaria, Salão de Chá e refeições rápidas.</p>
<p><strong>Contatto</strong><br />
Telefone: 253 614 791<br />
Email: &#102;&#x65;&#x72;&#110;&#x61;&#x6e;d&#x6f;&#x2e;p&#105;&#x6e;h&#101;&#x69;r&#111;&#x33;3&#53;&#x35;&#64;&#103;&#x6d;&#x61;&#105;&#x6c;&#x2e;&#99;&#x6f;&#x6d;</p>

<p>A história da Lusitana não se pode dissociar da história da famosa Padaria Lusitana e que marcou presença na cidade desde 1896.</p>

<!-- This site is optimized with the Yoast SEO plugin v27.5 - https://yoast.com/product/yoast-seo-wordpress/ -->
<title>Pastelaria Lusitana | Visit Braga</title>
<meta name="description" content="A história da Lusitana não se pode dissociar da história da famosa Padaria Lusitana e que marcou presença na cidade desde 1896." />
<meta name="robots" content="index, follow, max-snippet:-1, max-image-preview:large, max-video-preview:-1" />
<link rel="canonical" href="https://visitbraga.travel/it/highlights/comercio-local/pastelaria-lusitana/" />
<meta property="og:locale" content="it_IT" />
<meta property="og:type" content="article" />
<meta property="og:title" content="Pastelaria Lusitana | Visit Braga" />
<meta property="og:description" content="A história da Lusitana não se pode dissociar da história da famosa Padaria Lusitana e que marcou presença na cidade desde 1896." />
<meta property="og:url" content="https://visitbraga.travel/it/highlights/comercio-local/pastelaria-lusitana/" />
<meta property="og:site_name" content="Visit Braga" />
<meta property="article:publisher" content="https://www.facebook.com/visitbraga.travel/" />
<meta property="article:modified_time" content="2025-07-25T11:11:30+00:00" />
<meta property="og:image" content="https://visitbraga.travel/wp-content/uploads/2025/07/lusitana_1.jpg" />
	<meta property="og:image:width" content="1978" />
	<meta property="og:image:height" content="1319" />
	<meta property="og:image:type" content="image/jpeg" />
<meta name="twitter:card" content="summary_large_image" />
<meta name="twitter:site" content="@VisitBraga" />
<meta name="twitter:label1" content="Tempo di lettura stimato" />
	<meta name="twitter:data1" content="4 minuti" />
<script type="application/ld+json" class="yoast-schema-graph">{"@context":"https:\/\/schema.org","@graph":[{"@type":"WebPage","@id":"https:\/\/visitbraga.travel\/highlights\/comercio-local\/pastelaria-lusitana\/","url":"https:\/\/visitbraga.travel\/highlights\/comercio-local\/pastelaria-lusitana\/","name":"Pastelaria Lusitana | Visit Braga","isPartOf":{"@id":"https:\/\/visitbraga.travel\/#website"},"primaryImageOfPage":{"@id":"https:\/\/visitbraga.travel\/highlights\/comercio-local\/pastelaria-lusitana\/#primaryimage"},"image":{"@id":"https:\/\/visitbraga.travel\/highlights\/comercio-local\/pastelaria-lusitana\/#primaryimage"},"thumbnailUrl":"https:\/\/visitbraga.travel\/wp-content\/uploads\/2025\/07\/lusitana_1.jpg","datePublished":"2025-07-17T10:28:37+00:00","dateModified":"2025-07-25T11:11:30+00:00","description":"A história da Lusitana não se pode dissociar da história da famosa Padaria Lusitana e que marcou presença na cidade desde 1896.","inLanguage":"it-IT","potentialAction":[{"@type":"ReadAction","target":["https:\/\/visitbraga.travel\/highlights\/comercio-local\/pastelaria-lusitana\/"]}]},{"@type":"ImageObject","inLanguage":"it-IT","@id":"https:\/\/visitbraga.travel\/highlights\/comercio-local\/pastelaria-lusitana\/#primaryimage","url":"https:\/\/visitbraga.travel\/wp-content\/uploads\/2025\/07\/lusitana_1.jpg","contentUrl":"https:\/\/visitbraga.travel\/wp-content\/uploads\/2025\/07\/lusitana_1.jpg","width":1978,"height":1319},{"@type":"WebSite","@id":"https:\/\/visitbraga.travel\/#website","url":"https:\/\/visitbraga.travel\/","name":"Visit Braga","description":"Turismo Braga | Site Oficial de Braga","publisher":{"@id":"https:\/\/visitbraga.travel\/#organization"},"potentialAction":[{"@type":"SearchAction","target":{"@type":"EntryPoint","urlTemplate":"https:\/\/visitbraga.travel\/?s={search_term_string}"},"query-input":{"@type":"PropertyValueSpecification","valueRequired":true,"valueName":"search_term_string"}}],"inLanguage":"it-IT"},{"@type":"Organization","@id":"https:\/\/visitbraga.travel\/#organization","name":"Visit Braga","url":"https:\/\/visitbraga.travel\/","logo":{"@type":"ImageObject","inLanguage":"it-IT","@id":"https:\/\/visitbraga.travel\/#\/schema\/logo\/image\/","url":"https:\/\/visitbraga.travel\/wp-content\/uploads\/2025\/05\/visit-braga.jpg","contentUrl":"https:\/\/visitbraga.travel\/wp-content\/uploads\/2025\/05\/visit-braga.jpg","width":2400,"height":1256,"caption":"Visit Braga"},"image":{"@id":"https:\/\/visitbraga.travel\/#\/schema\/logo\/image\/"},"sameAs":["https:\/\/www.facebook.com\/visitbraga.travel\/","https:\/\/x.com\/VisitBraga"]}]}</script>
<!-- / Yoast SEO plugin. -->

A história da Lusitana não se pode dissociar da história da famosa Padaria Lusitana e que marcou presença na cidade desde 1896.
