{"id":6786,"date":"2025-07-18T10:04:17","date_gmt":"2025-07-18T09:04:17","guid":{"rendered":"https:\/\/visitbraga.travel\/highlights\/%highlight_category%\/tasquinha-dom-ferreira\/"},"modified":"2025-07-23T17:04:31","modified_gmt":"2025-07-23T16:04:31","slug":"tasquinha-dom-ferreira","status":"publish","type":"highlight","link":"https:\/\/visitbraga.travel\/pl\/highlights\/comercio-local\/tasquinha-dom-ferreira\/","title":{"rendered":"Tasquinha Dom Ferreira"},"content":{"rendered":"<p><strong>Sklep<\/strong><br \/>\nLocalizada no n\u00famero 33 e 35 da rua de S\u00e3o Vicente, a Tasquinha Dom Ferreira \u00e9 um restaurante t\u00edpico da gastronomia regional e um excelente ponto de encontro \u00e0 hora de almo\u00e7o para degustar um delicioso arroz de pato, especialidade da casa. As portas vermelhas e o letreiro redondo, que balan\u00e7a em dias de vento, assinalam a Tasquinha Dom Ferreira na hist\u00f3rica Rua de S. Vicente. Entrar neste restaurante \u00e9 mergulhar num ambiente r\u00fastico, onde um balc\u00e3o corrido e um arm\u00e1rio de parede repleto de canecas nos recebe, para depois passarmos \u00e0 sala de refei\u00e7\u00f5es com mesas cobertas de toalhas aos quadrados e onde as paredes em pedra nos transporta para os prim\u00f3rdios dos tempos, com recorda\u00e7\u00f5es e mem\u00f3rias passadas.<\/p>\n<p><strong>Historia<\/strong><br \/>\nA primeira refer\u00eancia encontrada foi um requerimento de 1936, em que Maria da Concei\u00e7\u00e3o Ferreira Rego solicitava alvar\u00e1 para venda de vinho a retalho, surgindo em 1939 o registo de taberna com Jos\u00e9 Alberto Sousa Barcelos. Em 1946 \u00e9 concedido o alvar\u00e1 de casa de pasto com os petiscos de Augusta Rodrigues, designa\u00e7\u00e3o que perdurar\u00e1 com os propriet\u00e1rios seguintes, Amaro Fernandes Moreno e Concei\u00e7\u00e3o Gomes da Silva.<br \/>\nDepois de 1995 passa para a sociedade J &amp; Ferrreira, Lda. A responsabilidade de gerir a Tasquinha Dom Ferreira reconhecida como espa\u00e7o acolhedor de degusta\u00e7\u00e3o de petiscos minhotos.<\/p>\n<p><strong>Produkty i us\u0142ugi<\/strong><br \/>\nRestaurante de gastronomia regional.<\/p>\n<p><strong>Kontakt<\/strong><br \/>\nTelefone: 253 262 870<br \/>\nE-mail: <a href=\"\/pl\/m&\/#97;&#105;&#x6c;&#x74;o:&#116;&#97;&#x73;&#x71;ui&#110;&#104;&#x61;&#x64;om&#102;&#x65;&#x72;&#x72;e&#105;&#114;&#x61;&#x40;&#x67;m&#97;&#105;&#x6c;&#x2e;&#x63;o&#109;\">&#x74;&#97;s&#x71;&#117;i&#x6e;&#104;a&#x64;&#111;m&#x66;&#101;r&#x72;&#x65;i&#x72;&#x61;&#64;&#x67;&#x6d;&#97;&#x69;&#x6c;&#46;c&#x6f;&#109;<\/a><\/p>","protected":false},"excerpt":{"rendered":"<p>A Tasquinha Dom Ferreira \u00e9 um restaurante t\u00edpico da gastronomia regional e um excelente ponto de encontro.<\/p>","protected":false},"featured_media":8310,"template":"","highlight_category":[59],"class_list":["post-6786","highlight","type-highlight","status-publish","has-post-thumbnail","hentry","highlight_category-lojas-com-historia"],"acf":[],"yoast_head":"<!-- This site is optimized with the Yoast SEO plugin v27.5 - https:\/\/yoast.com\/product\/yoast-seo-wordpress\/ -->\n<title>Tasquinha Dom Ferreira | Visit Braga<\/title>\n<meta name=\"description\" content=\"A Tasquinha Dom Ferreira \u00e9 um restaurante t\u00edpico da gastronomia regional e um excelente ponto de encontro.\" \/>\n<meta name=\"robots\" content=\"index, follow, max-snippet:-1, max-image-preview:large, max-video-preview:-1\" \/>\n<link rel=\"canonical\" href=\"https:\/\/visitbraga.travel\/pl\/highlights\/comercio-local\/tasquinha-dom-ferreira\/\" \/>\n<meta property=\"og:locale\" content=\"pl_PL\" \/>\n<meta property=\"og:type\" content=\"article\" \/>\n<meta property=\"og:title\" content=\"Tasquinha Dom Ferreira | Visit Braga\" \/>\n<meta property=\"og:description\" content=\"A Tasquinha Dom Ferreira \u00e9 um restaurante t\u00edpico da gastronomia regional e um excelente ponto de encontro.\" \/>\n<meta property=\"og:url\" content=\"https:\/\/visitbraga.travel\/pl\/highlights\/comercio-local\/tasquinha-dom-ferreira\/\" \/>\n<meta property=\"og:site_name\" content=\"Visit Braga\" \/>\n<meta property=\"article:publisher\" content=\"https:\/\/www.facebook.com\/visitbraga.travel\/\" \/>\n<meta property=\"article:modified_time\" content=\"2025-07-23T16:04:31+00:00\" \/>\n<meta property=\"og:image\" content=\"https:\/\/visitbraga.travel\/wp-content\/uploads\/2025\/07\/dferreira_1.jpg\" \/>\n\t<meta property=\"og:image:width\" content=\"1147\" \/>\n\t<meta property=\"og:image:height\" content=\"747\" \/>\n\t<meta property=\"og:image:type\" content=\"image\/jpeg\" \/>\n<meta name=\"twitter:card\" content=\"summary_large_image\" \/>\n<meta name=\"twitter:site\" content=\"@VisitBraga\" \/>\n<meta name=\"twitter:label1\" content=\"Szacowany czas czytania\" \/>\n\t<meta name=\"twitter:data1\" content=\"3 minuty\" \/>\n<script type=\"application\/ld+json\" class=\"yoast-schema-graph\">{\"@context\":\"https:\\\/\\\/schema.org\",\"@graph\":[{\"@type\":\"WebPage\",\"@id\":\"https:\\\/\\\/visitbraga.travel\\\/highlights\\\/comercio-local\\\/tasquinha-dom-ferreira\\\/\",\"url\":\"https:\\\/\\\/visitbraga.travel\\\/highlights\\\/comercio-local\\\/tasquinha-dom-ferreira\\\/\",\"name\":\"Tasquinha Dom Ferreira | Visit Braga\",\"isPartOf\":{\"@id\":\"https:\\\/\\\/visitbraga.travel\\\/#website\"},\"primaryImageOfPage\":{\"@id\":\"https:\\\/\\\/visitbraga.travel\\\/highlights\\\/comercio-local\\\/tasquinha-dom-ferreira\\\/#primaryimage\"},\"image\":{\"@id\":\"https:\\\/\\\/visitbraga.travel\\\/highlights\\\/comercio-local\\\/tasquinha-dom-ferreira\\\/#primaryimage\"},\"thumbnailUrl\":\"https:\\\/\\\/visitbraga.travel\\\/wp-content\\\/uploads\\\/2025\\\/07\\\/dferreira_1.jpg\",\"datePublished\":\"2025-07-18T09:04:17+00:00\",\"dateModified\":\"2025-07-23T16:04:31+00:00\",\"description\":\"A Tasquinha Dom Ferreira \u00e9 um restaurante t\u00edpico da gastronomia regional e um excelente ponto de encontro.\",\"inLanguage\":\"pl-PL\",\"potentialAction\":[{\"@type\":\"ReadAction\",\"target\":[\"https:\\\/\\\/visitbraga.travel\\\/highlights\\\/comercio-local\\\/tasquinha-dom-ferreira\\\/\"]}]},{\"@type\":\"ImageObject\",\"inLanguage\":\"pl-PL\",\"@id\":\"https:\\\/\\\/visitbraga.travel\\\/highlights\\\/comercio-local\\\/tasquinha-dom-ferreira\\\/#primaryimage\",\"url\":\"https:\\\/\\\/visitbraga.travel\\\/wp-content\\\/uploads\\\/2025\\\/07\\\/dferreira_1.jpg\",\"contentUrl\":\"https:\\\/\\\/visitbraga.travel\\\/wp-content\\\/uploads\\\/2025\\\/07\\\/dferreira_1.jpg\",\"width\":1147,\"height\":747},{\"@type\":\"WebSite\",\"@id\":\"https:\\\/\\\/visitbraga.travel\\\/#website\",\"url\":\"https:\\\/\\\/visitbraga.travel\\\/\",\"name\":\"Visit Braga\",\"description\":\"Turismo Braga | Site Oficial de Braga\",\"publisher\":{\"@id\":\"https:\\\/\\\/visitbraga.travel\\\/#organization\"},\"potentialAction\":[{\"@type\":\"SearchAction\",\"target\":{\"@type\":\"EntryPoint\",\"urlTemplate\":\"https:\\\/\\\/visitbraga.travel\\\/?s={search_term_string}\"},\"query-input\":{\"@type\":\"PropertyValueSpecification\",\"valueRequired\":true,\"valueName\":\"search_term_string\"}}],\"inLanguage\":\"pl-PL\"},{\"@type\":\"Organization\",\"@id\":\"https:\\\/\\\/visitbraga.travel\\\/#organization\",\"name\":\"Visit Braga\",\"url\":\"https:\\\/\\\/visitbraga.travel\\\/\",\"logo\":{\"@type\":\"ImageObject\",\"inLanguage\":\"pl-PL\",\"@id\":\"https:\\\/\\\/visitbraga.travel\\\/#\\\/schema\\\/logo\\\/image\\\/\",\"url\":\"https:\\\/\\\/visitbraga.travel\\\/wp-content\\\/uploads\\\/2025\\\/05\\\/visit-braga.jpg\",\"contentUrl\":\"https:\\\/\\\/visitbraga.travel\\\/wp-content\\\/uploads\\\/2025\\\/05\\\/visit-braga.jpg\",\"width\":2400,\"height\":1256,\"caption\":\"Visit Braga\"},\"image\":{\"@id\":\"https:\\\/\\\/visitbraga.travel\\\/#\\\/schema\\\/logo\\\/image\\\/\"},\"sameAs\":[\"https:\\\/\\\/www.facebook.com\\\/visitbraga.travel\\\/\",\"https:\\\/\\\/x.com\\\/VisitBraga\"]}]}<\/script>\n<!-- \/ Yoast SEO plugin. -->","yoast_head_json":{"title":"Tasquinha Dom Ferreira | Visit Braga","description":"A Tasquinha Dom Ferreira \u00e9 um restaurante t\u00edpico da gastronomia regional e um excelente ponto de encontro.","robots":{"index":"index","follow":"follow","max-snippet":"max-snippet:-1","max-image-preview":"max-image-preview:large","max-video-preview":"max-video-preview:-1"},"canonical":"https:\/\/visitbraga.travel\/pl\/highlights\/comercio-local\/tasquinha-dom-ferreira\/","og_locale":"pl_PL","og_type":"article","og_title":"Tasquinha Dom Ferreira | Visit Braga","og_description":"A Tasquinha Dom Ferreira \u00e9 um restaurante t\u00edpico da gastronomia regional e um excelente ponto de encontro.","og_url":"https:\/\/visitbraga.travel\/pl\/highlights\/comercio-local\/tasquinha-dom-ferreira\/","og_site_name":"Visit Braga","article_publisher":"https:\/\/www.facebook.com\/visitbraga.travel\/","article_modified_time":"2025-07-23T16:04:31+00:00","og_image":[{"width":1147,"height":747,"url":"https:\/\/visitbraga.travel\/wp-content\/uploads\/2025\/07\/dferreira_1.jpg","type":"image\/jpeg"}],"twitter_card":"summary_large_image","twitter_site":"@VisitBraga","twitter_misc":{"Szacowany czas czytania":"3 minuty"},"schema":{"@context":"https:\/\/schema.org","@graph":[{"@type":"WebPage","@id":"https:\/\/visitbraga.travel\/highlights\/comercio-local\/tasquinha-dom-ferreira\/","url":"https:\/\/visitbraga.travel\/highlights\/comercio-local\/tasquinha-dom-ferreira\/","name":"Tasquinha Dom Ferreira | Visit Braga","isPartOf":{"@id":"https:\/\/visitbraga.travel\/#website"},"primaryImageOfPage":{"@id":"https:\/\/visitbraga.travel\/highlights\/comercio-local\/tasquinha-dom-ferreira\/#primaryimage"},"image":{"@id":"https:\/\/visitbraga.travel\/highlights\/comercio-local\/tasquinha-dom-ferreira\/#primaryimage"},"thumbnailUrl":"https:\/\/visitbraga.travel\/wp-content\/uploads\/2025\/07\/dferreira_1.jpg","datePublished":"2025-07-18T09:04:17+00:00","dateModified":"2025-07-23T16:04:31+00:00","description":"A Tasquinha Dom Ferreira \u00e9 um restaurante t\u00edpico da gastronomia regional e um excelente ponto de encontro.","inLanguage":"pl-PL","potentialAction":[{"@type":"ReadAction","target":["https:\/\/visitbraga.travel\/highlights\/comercio-local\/tasquinha-dom-ferreira\/"]}]},{"@type":"ImageObject","inLanguage":"pl-PL","@id":"https:\/\/visitbraga.travel\/highlights\/comercio-local\/tasquinha-dom-ferreira\/#primaryimage","url":"https:\/\/visitbraga.travel\/wp-content\/uploads\/2025\/07\/dferreira_1.jpg","contentUrl":"https:\/\/visitbraga.travel\/wp-content\/uploads\/2025\/07\/dferreira_1.jpg","width":1147,"height":747},{"@type":"WebSite","@id":"https:\/\/visitbraga.travel\/#website","url":"https:\/\/visitbraga.travel\/","name":"Odwied\u017a Brag\u0119","description":"Turismo Braga | Site Oficial de Braga","publisher":{"@id":"https:\/\/visitbraga.travel\/#organization"},"potentialAction":[{"@type":"SearchAction","target":{"@type":"EntryPoint","urlTemplate":"https:\/\/visitbraga.travel\/?s={search_term_string}"},"query-input":{"@type":"PropertyValueSpecification","valueRequired":true,"valueName":"search_term_string"}}],"inLanguage":"pl-PL"},{"@type":"Organization","@id":"https:\/\/visitbraga.travel\/#organization","name":"Odwied\u017a Brag\u0119","url":"https:\/\/visitbraga.travel\/","logo":{"@type":"ImageObject","inLanguage":"pl-PL","@id":"https:\/\/visitbraga.travel\/#\/schema\/logo\/image\/","url":"https:\/\/visitbraga.travel\/wp-content\/uploads\/2025\/05\/visit-braga.jpg","contentUrl":"https:\/\/visitbraga.travel\/wp-content\/uploads\/2025\/05\/visit-braga.jpg","width":2400,"height":1256,"caption":"Visit Braga"},"image":{"@id":"https:\/\/visitbraga.travel\/#\/schema\/logo\/image\/"},"sameAs":["https:\/\/www.facebook.com\/visitbraga.travel\/","https:\/\/x.com\/VisitBraga"]}]}},"_links":{"self":[{"href":"https:\/\/visitbraga.travel\/pl\/wp-json\/wp\/v2\/highlight\/6786","targetHints":{"allow":["GET"]}}],"collection":[{"href":"https:\/\/visitbraga.travel\/pl\/wp-json\/wp\/v2\/highlight"}],"about":[{"href":"https:\/\/visitbraga.travel\/pl\/wp-json\/wp\/v2\/types\/highlight"}],"version-history":[{"count":0,"href":"https:\/\/visitbraga.travel\/pl\/wp-json\/wp\/v2\/highlight\/6786\/revisions"}],"wp:featuredmedia":[{"embeddable":true,"href":"https:\/\/visitbraga.travel\/pl\/wp-json\/wp\/v2\/media\/8310"}],"wp:attachment":[{"href":"https:\/\/visitbraga.travel\/pl\/wp-json\/wp\/v2\/media?parent=6786"}],"wp:term":[{"taxonomy":"highlight_category","embeddable":true,"href":"https:\/\/visitbraga.travel\/pl\/wp-json\/wp\/v2\/highlight_category?post=6786"}],"curies":[{"name":"wp","href":"https:\/\/api.w.org\/{rel}","templated":true}]}}

<p><strong>Sklep</strong><br />
Localizada no número 33 e 35 da rua de São Vicente, a Tasquinha Dom Ferreira é um restaurante típico da gastronomia regional e um excelente ponto de encontro à hora de almoço para degustar um delicioso arroz de pato, especialidade da casa. As portas vermelhas e o letreiro redondo, que balança em dias de vento, assinalam a Tasquinha Dom Ferreira na histórica Rua de S. Vicente. Entrar neste restaurante é mergulhar num ambiente rústico, onde um balcão corrido e um armário de parede repleto de canecas nos recebe, para depois passarmos à sala de refeições com mesas cobertas de toalhas aos quadrados e onde as paredes em pedra nos transporta para os primórdios dos tempos, com recordações e memórias passadas.</p>
<p><strong>Historia</strong><br />
A primeira referência encontrada foi um requerimento de 1936, em que Maria da Conceição Ferreira Rego solicitava alvará para venda de vinho a retalho, surgindo em 1939 o registo de taberna com José Alberto Sousa Barcelos. Em 1946 é concedido o alvará de casa de pasto com os petiscos de Augusta Rodrigues, designação que perdurará com os proprietários seguintes, Amaro Fernandes Moreno e Conceição Gomes da Silva.<br />
Depois de 1995 passa para a sociedade J &amp; Ferrreira, Lda. A responsabilidade de gerir a Tasquinha Dom Ferreira reconhecida como espaço acolhedor de degustação de petiscos minhotos.</p>
<p><strong>Produkty i usługi</strong><br />
Restaurante de gastronomia regional.</p>
<p><strong>Kontakt</strong><br />
Telefone: 253 262 870<br />
E-mail: <a href="/pl/m&/#97;&#105;&#x6c;&#x74;o:&#116;&#97;&#x73;&#x71;ui&#110;&#104;&#x61;&#x64;om&#102;&#x65;&#x72;&#x72;e&#105;&#114;&#x61;&#x40;&#x67;m&#97;&#105;&#x6c;&#x2e;&#x63;o&#109;">&#x74;&#97;s&#x71;&#117;i&#x6e;&#104;a&#x64;&#111;m&#x66;&#101;r&#x72;&#x65;i&#x72;&#x61;&#64;&#x67;&#x6d;&#97;&#x69;&#x6c;&#46;c&#x6f;&#109;</a></p>

<p>A Tasquinha Dom Ferreira é um restaurante típico da gastronomia regional e um excelente ponto de encontro.</p>

<!-- This site is optimized with the Yoast SEO plugin v27.5 - https://yoast.com/product/yoast-seo-wordpress/ -->
<title>Tasquinha Dom Ferreira | Visit Braga</title>
<meta name="description" content="A Tasquinha Dom Ferreira é um restaurante típico da gastronomia regional e um excelente ponto de encontro." />
<meta name="robots" content="index, follow, max-snippet:-1, max-image-preview:large, max-video-preview:-1" />
<link rel="canonical" href="https://visitbraga.travel/pl/highlights/comercio-local/tasquinha-dom-ferreira/" />
<meta property="og:locale" content="pl_PL" />
<meta property="og:type" content="article" />
<meta property="og:title" content="Tasquinha Dom Ferreira | Visit Braga" />
<meta property="og:description" content="A Tasquinha Dom Ferreira é um restaurante típico da gastronomia regional e um excelente ponto de encontro." />
<meta property="og:url" content="https://visitbraga.travel/pl/highlights/comercio-local/tasquinha-dom-ferreira/" />
<meta property="og:site_name" content="Visit Braga" />
<meta property="article:publisher" content="https://www.facebook.com/visitbraga.travel/" />
<meta property="article:modified_time" content="2025-07-23T16:04:31+00:00" />
<meta property="og:image" content="https://visitbraga.travel/wp-content/uploads/2025/07/dferreira_1.jpg" />
	<meta property="og:image:width" content="1147" />
	<meta property="og:image:height" content="747" />
	<meta property="og:image:type" content="image/jpeg" />
<meta name="twitter:card" content="summary_large_image" />
<meta name="twitter:site" content="@VisitBraga" />
<meta name="twitter:label1" content="Szacowany czas czytania" />
	<meta name="twitter:data1" content="3 minuty" />
<script type="application/ld+json" class="yoast-schema-graph">{"@context":"https:\/\/schema.org","@graph":[{"@type":"WebPage","@id":"https:\/\/visitbraga.travel\/highlights\/comercio-local\/tasquinha-dom-ferreira\/","url":"https:\/\/visitbraga.travel\/highlights\/comercio-local\/tasquinha-dom-ferreira\/","name":"Tasquinha Dom Ferreira | Visit Braga","isPartOf":{"@id":"https:\/\/visitbraga.travel\/#website"},"primaryImageOfPage":{"@id":"https:\/\/visitbraga.travel\/highlights\/comercio-local\/tasquinha-dom-ferreira\/#primaryimage"},"image":{"@id":"https:\/\/visitbraga.travel\/highlights\/comercio-local\/tasquinha-dom-ferreira\/#primaryimage"},"thumbnailUrl":"https:\/\/visitbraga.travel\/wp-content\/uploads\/2025\/07\/dferreira_1.jpg","datePublished":"2025-07-18T09:04:17+00:00","dateModified":"2025-07-23T16:04:31+00:00","description":"A Tasquinha Dom Ferreira é um restaurante típico da gastronomia regional e um excelente ponto de encontro.","inLanguage":"pl-PL","potentialAction":[{"@type":"ReadAction","target":["https:\/\/visitbraga.travel\/highlights\/comercio-local\/tasquinha-dom-ferreira\/"]}]},{"@type":"ImageObject","inLanguage":"pl-PL","@id":"https:\/\/visitbraga.travel\/highlights\/comercio-local\/tasquinha-dom-ferreira\/#primaryimage","url":"https:\/\/visitbraga.travel\/wp-content\/uploads\/2025\/07\/dferreira_1.jpg","contentUrl":"https:\/\/visitbraga.travel\/wp-content\/uploads\/2025\/07\/dferreira_1.jpg","width":1147,"height":747},{"@type":"WebSite","@id":"https:\/\/visitbraga.travel\/#website","url":"https:\/\/visitbraga.travel\/","name":"Visit Braga","description":"Turismo Braga | Site Oficial de Braga","publisher":{"@id":"https:\/\/visitbraga.travel\/#organization"},"potentialAction":[{"@type":"SearchAction","target":{"@type":"EntryPoint","urlTemplate":"https:\/\/visitbraga.travel\/?s={search_term_string}"},"query-input":{"@type":"PropertyValueSpecification","valueRequired":true,"valueName":"search_term_string"}}],"inLanguage":"pl-PL"},{"@type":"Organization","@id":"https:\/\/visitbraga.travel\/#organization","name":"Visit Braga","url":"https:\/\/visitbraga.travel\/","logo":{"@type":"ImageObject","inLanguage":"pl-PL","@id":"https:\/\/visitbraga.travel\/#\/schema\/logo\/image\/","url":"https:\/\/visitbraga.travel\/wp-content\/uploads\/2025\/05\/visit-braga.jpg","contentUrl":"https:\/\/visitbraga.travel\/wp-content\/uploads\/2025\/05\/visit-braga.jpg","width":2400,"height":1256,"caption":"Visit Braga"},"image":{"@id":"https:\/\/visitbraga.travel\/#\/schema\/logo\/image\/"},"sameAs":["https:\/\/www.facebook.com\/visitbraga.travel\/","https:\/\/x.com\/VisitBraga"]}]}</script>
<!-- / Yoast SEO plugin. -->

A Tasquinha Dom Ferreira é um restaurante típico da gastronomia regional e um excelente ponto de encontro.

Odwiedź Bragę
