{"id":6829,"date":"2025-07-17T11:28:37","date_gmt":"2025-07-17T10:28:37","guid":{"rendered":"https:\/\/visitbraga.travel\/highlights\/%highlight_category%\/relojoaria-e-ourivesaria-oliveira\/"},"modified":"2025-07-25T12:10:04","modified_gmt":"2025-07-25T11:10:04","slug":"relojoaria-e-ourivesaria-oliveira","status":"publish","type":"highlight","link":"https:\/\/visitbraga.travel\/pl\/highlights\/comercio-local\/relojoaria-e-ourivesaria-oliveira\/","title":{"rendered":"Sklep z zegarkami i bi\u017cuteri\u0105 Oliveira"},"content":{"rendered":"<p><strong>Sklep<\/strong><br \/>\nJeden z najstarszych sklep\u00f3w jubilerskich w mie\u015bcie.<br \/>\nOd momentu za\u0142o\u017cenia w 1922 r. stworzyli\u015bmy tradycj\u0119, kt\u00f3ra pozostaje niezmienna: doskona\u0142o\u015b\u0107 w us\u0142ugach, kt\u00f3re staramy si\u0119 \u015bwiadczy\u0107, jest nasz\u0105 Z\u0141OT\u0104 ZASAD\u0104.<\/p>\n<p><strong>Historia<\/strong><br \/>\nFirma Ourivesaria Oliveira zosta\u0142a za\u0142o\u017cona w 1922 r. w mie\u015bcie Braga z my\u015bl\u0105 o rodzinie - obecny w\u0142a\u015bciciel jest bezpo\u015brednim krewnym za\u0142o\u017cyciela.<br \/>\nKontynuacja nazwy, sposobu bycia, reputacji opartej na regu\u0142ach i zasadach, w spos\u00f3b ci\u0105g\u0142y i wytrwa\u0142y.<\/p>\n<p><strong>Produkty i us\u0142ugi<\/strong><br \/>\nNajbardziej ol\u015bniewaj\u0105ce kreacje ze z\u0142ota, srebra, bi\u017cuterii i zegark\u00f3w presti\u017cowych marek. Starannie wybieramy najpi\u0119kniejsze elementy w klasycznych, nowoczesnych i designerskich stylach, uznaj\u0105c, \u017ce najwi\u0119ksze pi\u0119kno bi\u017cuterii wynika z jej zdolno\u015bci do intensyfikowania blasku osoby nosz\u0105cej.<br \/>\nW ca\u0142ej naszej historii nieustannie dbali\u015bmy o obs\u0142ug\u0119 posprzeda\u017cow\u0105, innymi s\u0142owy, o sta\u0142\u0105 opiek\u0119, na kt\u00f3r\u0105 zas\u0142uguj\u0105 nasi klienci.<\/p>\n<p><strong>Kontakt<\/strong><br \/>\nTelefon: 253 044 845<br \/>\nE-mail: <a href=\"\/pl\/&\/#109;&#x61;&#105;&#x6c;t&#111;&#x3a;&#114;&#x65;l&#x6f;j&#111;&#x61;&#114;&#x69;a&#x6f;&#x6c;&#105;&#x76;e&#x69;r&#97;&#x31;&#57;&#x32;6&#x40;g&#109;&#x61;&#105;&#x6c;&#46;&#99;&#x6f;&#109;\">relojoariaoliveira1926@gmail.com<\/a><\/p>","protected":false},"excerpt":{"rendered":"<p>Firma Ourivesaria Oliveira zosta\u0142a za\u0142o\u017cona w 1922 roku w mie\u015bcie Braga, z my\u015bl\u0105 o rodzinie.<\/p>","protected":false},"featured_media":8456,"template":"","highlight_category":[59],"class_list":["post-6829","highlight","type-highlight","status-publish","has-post-thumbnail","hentry","highlight_category-lojas-com-historia"],"acf":[],"yoast_head":"<!-- This site is optimized with the Yoast SEO plugin v27.4 - https:\/\/yoast.com\/product\/yoast-seo-wordpress\/ -->\n<title>Relojoaria e Ourivesaria Oliveira | Visit Braga<\/title>\n<meta name=\"description\" content=\"A Ourivesaria Oliveira foi fundada em 1922, na cidade de Braga, com um conceito de cariz familiar.\" \/>\n<meta name=\"robots\" content=\"index, follow, max-snippet:-1, max-image-preview:large, max-video-preview:-1\" \/>\n<link rel=\"canonical\" href=\"https:\/\/visitbraga.travel\/pl\/highlights\/comercio-local\/relojoaria-e-ourivesaria-oliveira\/\" \/>\n<meta property=\"og:locale\" content=\"pl_PL\" \/>\n<meta property=\"og:type\" content=\"article\" \/>\n<meta property=\"og:title\" content=\"Relojoaria e Ourivesaria Oliveira | Visit Braga\" \/>\n<meta property=\"og:description\" content=\"A Ourivesaria Oliveira foi fundada em 1922, na cidade de Braga, com um conceito de cariz familiar.\" \/>\n<meta property=\"og:url\" content=\"https:\/\/visitbraga.travel\/pl\/highlights\/comercio-local\/relojoaria-e-ourivesaria-oliveira\/\" \/>\n<meta property=\"og:site_name\" content=\"Visit Braga\" \/>\n<meta property=\"article:publisher\" content=\"https:\/\/www.facebook.com\/visitbraga.travel\/\" \/>\n<meta property=\"article:modified_time\" content=\"2025-07-25T11:10:04+00:00\" \/>\n<meta property=\"og:image\" content=\"https:\/\/visitbraga.travel\/wp-content\/uploads\/2025\/07\/oliveira_1.jpg\" \/>\n\t<meta property=\"og:image:width\" content=\"1114\" \/>\n\t<meta property=\"og:image:height\" content=\"742\" \/>\n\t<meta property=\"og:image:type\" content=\"image\/jpeg\" \/>\n<meta name=\"twitter:card\" content=\"summary_large_image\" \/>\n<meta name=\"twitter:site\" content=\"@VisitBraga\" \/>\n<meta name=\"twitter:label1\" content=\"Szacowany czas czytania\" \/>\n\t<meta name=\"twitter:data1\" content=\"3 minuty\" \/>\n<script type=\"application\/ld+json\" class=\"yoast-schema-graph\">{\"@context\":\"https:\\\/\\\/schema.org\",\"@graph\":[{\"@type\":\"WebPage\",\"@id\":\"https:\\\/\\\/visitbraga.travel\\\/highlights\\\/comercio-local\\\/relojoaria-e-ourivesaria-oliveira\\\/\",\"url\":\"https:\\\/\\\/visitbraga.travel\\\/highlights\\\/comercio-local\\\/relojoaria-e-ourivesaria-oliveira\\\/\",\"name\":\"Relojoaria e Ourivesaria Oliveira | Visit Braga\",\"isPartOf\":{\"@id\":\"https:\\\/\\\/visitbraga.travel\\\/#website\"},\"primaryImageOfPage\":{\"@id\":\"https:\\\/\\\/visitbraga.travel\\\/highlights\\\/comercio-local\\\/relojoaria-e-ourivesaria-oliveira\\\/#primaryimage\"},\"image\":{\"@id\":\"https:\\\/\\\/visitbraga.travel\\\/highlights\\\/comercio-local\\\/relojoaria-e-ourivesaria-oliveira\\\/#primaryimage\"},\"thumbnailUrl\":\"https:\\\/\\\/visitbraga.travel\\\/wp-content\\\/uploads\\\/2025\\\/07\\\/oliveira_1.jpg\",\"datePublished\":\"2025-07-17T10:28:37+00:00\",\"dateModified\":\"2025-07-25T11:10:04+00:00\",\"description\":\"A Ourivesaria Oliveira foi fundada em 1922, na cidade de Braga, com um conceito de cariz familiar.\",\"inLanguage\":\"pl-PL\",\"potentialAction\":[{\"@type\":\"ReadAction\",\"target\":[\"https:\\\/\\\/visitbraga.travel\\\/highlights\\\/comercio-local\\\/relojoaria-e-ourivesaria-oliveira\\\/\"]}]},{\"@type\":\"ImageObject\",\"inLanguage\":\"pl-PL\",\"@id\":\"https:\\\/\\\/visitbraga.travel\\\/highlights\\\/comercio-local\\\/relojoaria-e-ourivesaria-oliveira\\\/#primaryimage\",\"url\":\"https:\\\/\\\/visitbraga.travel\\\/wp-content\\\/uploads\\\/2025\\\/07\\\/oliveira_1.jpg\",\"contentUrl\":\"https:\\\/\\\/visitbraga.travel\\\/wp-content\\\/uploads\\\/2025\\\/07\\\/oliveira_1.jpg\",\"width\":1114,\"height\":742},{\"@type\":\"WebSite\",\"@id\":\"https:\\\/\\\/visitbraga.travel\\\/#website\",\"url\":\"https:\\\/\\\/visitbraga.travel\\\/\",\"name\":\"Visit Braga\",\"description\":\"Turismo Braga | Site Oficial de Braga\",\"publisher\":{\"@id\":\"https:\\\/\\\/visitbraga.travel\\\/#organization\"},\"potentialAction\":[{\"@type\":\"SearchAction\",\"target\":{\"@type\":\"EntryPoint\",\"urlTemplate\":\"https:\\\/\\\/visitbraga.travel\\\/?s={search_term_string}\"},\"query-input\":{\"@type\":\"PropertyValueSpecification\",\"valueRequired\":true,\"valueName\":\"search_term_string\"}}],\"inLanguage\":\"pl-PL\"},{\"@type\":\"Organization\",\"@id\":\"https:\\\/\\\/visitbraga.travel\\\/#organization\",\"name\":\"Visit Braga\",\"url\":\"https:\\\/\\\/visitbraga.travel\\\/\",\"logo\":{\"@type\":\"ImageObject\",\"inLanguage\":\"pl-PL\",\"@id\":\"https:\\\/\\\/visitbraga.travel\\\/#\\\/schema\\\/logo\\\/image\\\/\",\"url\":\"https:\\\/\\\/visitbraga.travel\\\/wp-content\\\/uploads\\\/2025\\\/05\\\/visit-braga.jpg\",\"contentUrl\":\"https:\\\/\\\/visitbraga.travel\\\/wp-content\\\/uploads\\\/2025\\\/05\\\/visit-braga.jpg\",\"width\":2400,\"height\":1256,\"caption\":\"Visit Braga\"},\"image\":{\"@id\":\"https:\\\/\\\/visitbraga.travel\\\/#\\\/schema\\\/logo\\\/image\\\/\"},\"sameAs\":[\"https:\\\/\\\/www.facebook.com\\\/visitbraga.travel\\\/\",\"https:\\\/\\\/x.com\\\/VisitBraga\"]}]}<\/script>\n<!-- \/ Yoast SEO plugin. -->","yoast_head_json":{"title":"Relojoaria e Ourivesaria Oliveira | Visit Braga","description":"Firma Ourivesaria Oliveira zosta\u0142a za\u0142o\u017cona w 1922 roku w mie\u015bcie Braga, z my\u015bl\u0105 o rodzinie.","robots":{"index":"index","follow":"follow","max-snippet":"max-snippet:-1","max-image-preview":"max-image-preview:large","max-video-preview":"max-video-preview:-1"},"canonical":"https:\/\/visitbraga.travel\/pl\/highlights\/comercio-local\/relojoaria-e-ourivesaria-oliveira\/","og_locale":"pl_PL","og_type":"article","og_title":"Relojoaria e Ourivesaria Oliveira | Visit Braga","og_description":"A Ourivesaria Oliveira foi fundada em 1922, na cidade de Braga, com um conceito de cariz familiar.","og_url":"https:\/\/visitbraga.travel\/pl\/highlights\/comercio-local\/relojoaria-e-ourivesaria-oliveira\/","og_site_name":"Visit Braga","article_publisher":"https:\/\/www.facebook.com\/visitbraga.travel\/","article_modified_time":"2025-07-25T11:10:04+00:00","og_image":[{"width":1114,"height":742,"url":"https:\/\/visitbraga.travel\/wp-content\/uploads\/2025\/07\/oliveira_1.jpg","type":"image\/jpeg"}],"twitter_card":"summary_large_image","twitter_site":"@VisitBraga","twitter_misc":{"Szacowany czas czytania":"3 minuty"},"schema":{"@context":"https:\/\/schema.org","@graph":[{"@type":"WebPage","@id":"https:\/\/visitbraga.travel\/highlights\/comercio-local\/relojoaria-e-ourivesaria-oliveira\/","url":"https:\/\/visitbraga.travel\/highlights\/comercio-local\/relojoaria-e-ourivesaria-oliveira\/","name":"Relojoaria e Ourivesaria Oliveira | Visit Braga","isPartOf":{"@id":"https:\/\/visitbraga.travel\/#website"},"primaryImageOfPage":{"@id":"https:\/\/visitbraga.travel\/highlights\/comercio-local\/relojoaria-e-ourivesaria-oliveira\/#primaryimage"},"image":{"@id":"https:\/\/visitbraga.travel\/highlights\/comercio-local\/relojoaria-e-ourivesaria-oliveira\/#primaryimage"},"thumbnailUrl":"https:\/\/visitbraga.travel\/wp-content\/uploads\/2025\/07\/oliveira_1.jpg","datePublished":"2025-07-17T10:28:37+00:00","dateModified":"2025-07-25T11:10:04+00:00","description":"Firma Ourivesaria Oliveira zosta\u0142a za\u0142o\u017cona w 1922 roku w mie\u015bcie Braga, z my\u015bl\u0105 o rodzinie.","inLanguage":"pl-PL","potentialAction":[{"@type":"ReadAction","target":["https:\/\/visitbraga.travel\/highlights\/comercio-local\/relojoaria-e-ourivesaria-oliveira\/"]}]},{"@type":"ImageObject","inLanguage":"pl-PL","@id":"https:\/\/visitbraga.travel\/highlights\/comercio-local\/relojoaria-e-ourivesaria-oliveira\/#primaryimage","url":"https:\/\/visitbraga.travel\/wp-content\/uploads\/2025\/07\/oliveira_1.jpg","contentUrl":"https:\/\/visitbraga.travel\/wp-content\/uploads\/2025\/07\/oliveira_1.jpg","width":1114,"height":742},{"@type":"WebSite","@id":"https:\/\/visitbraga.travel\/#website","url":"https:\/\/visitbraga.travel\/","name":"Odwied\u017a Brag\u0119","description":"Turismo Braga | Site Oficial de Braga","publisher":{"@id":"https:\/\/visitbraga.travel\/#organization"},"potentialAction":[{"@type":"SearchAction","target":{"@type":"EntryPoint","urlTemplate":"https:\/\/visitbraga.travel\/?s={search_term_string}"},"query-input":{"@type":"PropertyValueSpecification","valueRequired":true,"valueName":"search_term_string"}}],"inLanguage":"pl-PL"},{"@type":"Organization","@id":"https:\/\/visitbraga.travel\/#organization","name":"Odwied\u017a Brag\u0119","url":"https:\/\/visitbraga.travel\/","logo":{"@type":"ImageObject","inLanguage":"pl-PL","@id":"https:\/\/visitbraga.travel\/#\/schema\/logo\/image\/","url":"https:\/\/visitbraga.travel\/wp-content\/uploads\/2025\/05\/visit-braga.jpg","contentUrl":"https:\/\/visitbraga.travel\/wp-content\/uploads\/2025\/05\/visit-braga.jpg","width":2400,"height":1256,"caption":"Visit Braga"},"image":{"@id":"https:\/\/visitbraga.travel\/#\/schema\/logo\/image\/"},"sameAs":["https:\/\/www.facebook.com\/visitbraga.travel\/","https:\/\/x.com\/VisitBraga"]}]}},"_links":{"self":[{"href":"https:\/\/visitbraga.travel\/pl\/wp-json\/wp\/v2\/highlight\/6829","targetHints":{"allow":["GET"]}}],"collection":[{"href":"https:\/\/visitbraga.travel\/pl\/wp-json\/wp\/v2\/highlight"}],"about":[{"href":"https:\/\/visitbraga.travel\/pl\/wp-json\/wp\/v2\/types\/highlight"}],"version-history":[{"count":0,"href":"https:\/\/visitbraga.travel\/pl\/wp-json\/wp\/v2\/highlight\/6829\/revisions"}],"wp:featuredmedia":[{"embeddable":true,"href":"https:\/\/visitbraga.travel\/pl\/wp-json\/wp\/v2\/media\/8456"}],"wp:attachment":[{"href":"https:\/\/visitbraga.travel\/pl\/wp-json\/wp\/v2\/media?parent=6829"}],"wp:term":[{"taxonomy":"highlight_category","embeddable":true,"href":"https:\/\/visitbraga.travel\/pl\/wp-json\/wp\/v2\/highlight_category?post=6829"}],"curies":[{"name":"wp","href":"https:\/\/api.w.org\/{rel}","templated":true}]}}

Sklep z zegarkami i biżuterią Oliveira

<p><strong>Sklep</strong><br />
Jeden z najstarszych sklepów jubilerskich w mieście.<br />
Od momentu założenia w 1922 r. stworzyliśmy tradycję, która pozostaje niezmienna: doskonałość w usługach, które staramy się świadczyć, jest naszą ZŁOTĄ ZASADĄ.</p>
<p><strong>Historia</strong><br />
Firma Ourivesaria Oliveira została założona w 1922 r. w mieście Braga z myślą o rodzinie - obecny właściciel jest bezpośrednim krewnym założyciela.<br />
Kontynuacja nazwy, sposobu bycia, reputacji opartej na regułach i zasadach, w sposób ciągły i wytrwały.</p>
<p><strong>Produkty i usługi</strong><br />
Najbardziej olśniewające kreacje ze złota, srebra, biżuterii i zegarków prestiżowych marek. Starannie wybieramy najpiękniejsze elementy w klasycznych, nowoczesnych i designerskich stylach, uznając, że największe piękno biżuterii wynika z jej zdolności do intensyfikowania blasku osoby noszącej.<br />
W całej naszej historii nieustannie dbaliśmy o obsługę posprzedażową, innymi słowy, o stałą opiekę, na którą zasługują nasi klienci.</p>
<p><strong>Kontakt</strong><br />
Telefon: 253 044 845<br />
E-mail: <a href="/pl/&/#109;&#x61;&#105;&#x6c;t&#111;&#x3a;&#114;&#x65;l&#x6f;j&#111;&#x61;&#114;&#x69;a&#x6f;&#x6c;&#105;&#x76;e&#x69;r&#97;&#x31;&#57;&#x32;6&#x40;g&#109;&#x61;&#105;&#x6c;&#46;&#99;&#x6f;&#109;">relojoariaoliveira1926@gmail.com</a></p>

<p>Firma Ourivesaria Oliveira została założona w 1922 roku w mieście Braga, z myślą o rodzinie.</p>

Firma Ourivesaria Oliveira została założona w 1922 roku w mieście Braga, z myślą o rodzinie.

Odwiedź Bragę
