{"id":6813,"date":"2025-07-17T11:38:13","date_gmt":"2025-07-17T10:38:13","guid":{"rendered":"https:\/\/visitbraga.travel\/highlights\/%highlight_category%\/a-funeraria-de-sao-vicente\/"},"modified":"2025-07-25T11:57:55","modified_gmt":"2025-07-25T10:57:55","slug":"a-funeraria-de-sao-vicente","status":"publish","type":"highlight","link":"https:\/\/visitbraga.travel\/zh\/highlights\/comercio-local\/a-funeraria-de-sao-vicente\/","title":{"rendered":"\u5723\u6587\u68ee\u7279\u6ba1\u4eea\u9986"},"content":{"rendered":"<p><strong>\u5546\u5e97<\/strong><br \/>\nA Funer\u00e1ria S\u00e3o Vicente \u00e9 uma empresa familiar com mais de um s\u00e9culo de experi\u00eancia, oferecendo um servi\u00e7o personalizado e de confian\u00e7a no cuidado de cerim\u00f3nias f\u00fanebres em Braga.<\/p>\n<p><strong>\u5386\u53f2<\/strong><br \/>\nFundada em 1863 a Funer\u00e1ria de S\u00e3o Vicente \u00e9 uma das empresas mais antigas da cidade, tendo desempenhado um papel muito importante na sociedade bracarense, desde a sua funda\u00e7\u00e3o. \u00c9 uma refer\u00eancia no apoio \u00e0s fam\u00edlias, amparando as fam\u00edlias nos momentos dif\u00edceis e decisivos da vida, combinando tradi\u00e7\u00e3o e profissionalismo na organiza\u00e7\u00e3o de cerim\u00f3nias f\u00fanebres.<br \/>\nUma empresa familiar com mais de 160 anos de experi\u00eancia, destaca-se por oferecer um servi\u00e7o personalizado, de confian\u00e7a e pela seriedade, cuja prioridade \u00e9 proporcionar a tranquilidade que cada fam\u00edlia necessita para melhor suportar os momentos dif\u00edceis.<\/p>\n<p><strong>\u4ea7\u54c1\u548c\u670d\u52a1<\/strong><br \/>\nOrganiza\u00e7\u00e3o de cerim\u00f3nias f\u00fanebres, crema\u00e7\u00f5es, traslada\u00e7\u00f5es e servi\u00e7os administrativos.<\/p>\n<p><strong>\u8054\u7cfb\u65b9\u5f0f<\/strong><br \/>\nTelefone: 253262302<br \/>\n\u7535\u5b50\u90ae\u4ef6\uff1a <a href=\"\/zh\/&\/#x6d;&#x61;&#x69;&#x6c;&#x74;&#x6f;&#x3a;&#97;&#102;&#117;&#110;&#101;rari&#x61;&#x2e;&#x62;&#x72;&#x61;&#x67;&#x61;&#x40;&#115;&#97;&#112;&#111;&#46;pt\">a&#102;&#117;&#x6e;&#x65;&#x72;&#x61;r&#105;&#97;&#46;&#x62;&#x72;&#x61;ga&#64;&#115;&#x61;&#x70;&#x6f;&#46;p&#116;<\/a><\/p>","protected":false},"excerpt":{"rendered":"<p>Funer\u00e1ria S\u00e3o Vicente \u662f\u4e00\u5bb6\u62e5\u6709\u767e\u5e74\u5386\u53f2\u7684\u5bb6\u65cf\u4f01\u4e1a\uff0c\u63d0\u4f9b\u4e2a\u6027\u5316\u670d\u52a1\u3002<\/p>","protected":false},"featured_media":7976,"template":"","highlight_category":[59],"class_list":["post-6813","highlight","type-highlight","status-publish","has-post-thumbnail","hentry","highlight_category-lojas-com-historia"],"acf":[],"yoast_head":"<!-- This site is optimized with the Yoast SEO plugin v27.5 - https:\/\/yoast.com\/product\/yoast-seo-wordpress\/ -->\n<title>A Funer\u00e1ria de S\u00e3o Vicente | Visit Braga<\/title>\n<meta name=\"description\" content=\"A Funer\u00e1ria S\u00e3o Vicente \u00e9 uma empresa familiar com mais de um s\u00e9culo de experi\u00eancia, oferecendo um servi\u00e7o personalizado.\" \/>\n<meta name=\"robots\" content=\"index, follow, max-snippet:-1, max-image-preview:large, max-video-preview:-1\" \/>\n<link rel=\"canonical\" href=\"https:\/\/visitbraga.travel\/zh\/highlights\/comercio-local\/a-funeraria-de-sao-vicente\/\" \/>\n<meta property=\"og:locale\" content=\"zh_CN\" \/>\n<meta property=\"og:type\" content=\"article\" \/>\n<meta property=\"og:title\" content=\"A Funer\u00e1ria de S\u00e3o Vicente | Visit Braga\" \/>\n<meta property=\"og:description\" content=\"A Funer\u00e1ria S\u00e3o Vicente \u00e9 uma empresa familiar com mais de um s\u00e9culo de experi\u00eancia, oferecendo um servi\u00e7o personalizado.\" \/>\n<meta property=\"og:url\" content=\"https:\/\/visitbraga.travel\/zh\/highlights\/comercio-local\/a-funeraria-de-sao-vicente\/\" \/>\n<meta property=\"og:site_name\" content=\"Visit Braga\" \/>\n<meta property=\"article:publisher\" content=\"https:\/\/www.facebook.com\/visitbraga.travel\/\" \/>\n<meta property=\"article:modified_time\" content=\"2025-07-25T10:57:55+00:00\" \/>\n<meta property=\"og:image\" content=\"https:\/\/visitbraga.travel\/wp-content\/uploads\/2025\/07\/funeraria_1.jpg\" \/>\n\t<meta property=\"og:image:width\" content=\"1188\" \/>\n\t<meta property=\"og:image:height\" content=\"792\" \/>\n\t<meta property=\"og:image:type\" content=\"image\/jpeg\" \/>\n<meta name=\"twitter:card\" content=\"summary_large_image\" \/>\n<meta name=\"twitter:site\" content=\"@VisitBraga\" \/>\n<meta name=\"twitter:label1\" content=\"\u9884\u8ba1\u9605\u8bfb\u65f6\u95f4\" \/>\n\t<meta name=\"twitter:data1\" content=\"3 \u5206\" \/>\n<script type=\"application\/ld+json\" class=\"yoast-schema-graph\">{\"@context\":\"https:\\\/\\\/schema.org\",\"@graph\":[{\"@type\":\"WebPage\",\"@id\":\"https:\\\/\\\/visitbraga.travel\\\/highlights\\\/comercio-local\\\/a-funeraria-de-sao-vicente\\\/\",\"url\":\"https:\\\/\\\/visitbraga.travel\\\/highlights\\\/comercio-local\\\/a-funeraria-de-sao-vicente\\\/\",\"name\":\"A Funer\u00e1ria de S\u00e3o Vicente | Visit Braga\",\"isPartOf\":{\"@id\":\"https:\\\/\\\/visitbraga.travel\\\/#website\"},\"primaryImageOfPage\":{\"@id\":\"https:\\\/\\\/visitbraga.travel\\\/highlights\\\/comercio-local\\\/a-funeraria-de-sao-vicente\\\/#primaryimage\"},\"image\":{\"@id\":\"https:\\\/\\\/visitbraga.travel\\\/highlights\\\/comercio-local\\\/a-funeraria-de-sao-vicente\\\/#primaryimage\"},\"thumbnailUrl\":\"https:\\\/\\\/visitbraga.travel\\\/wp-content\\\/uploads\\\/2025\\\/07\\\/funeraria_1.jpg\",\"datePublished\":\"2025-07-17T10:38:13+00:00\",\"dateModified\":\"2025-07-25T10:57:55+00:00\",\"description\":\"A Funer\u00e1ria S\u00e3o Vicente \u00e9 uma empresa familiar com mais de um s\u00e9culo de experi\u00eancia, oferecendo um servi\u00e7o personalizado.\",\"inLanguage\":\"zh-Hans\",\"potentialAction\":[{\"@type\":\"ReadAction\",\"target\":[\"https:\\\/\\\/visitbraga.travel\\\/highlights\\\/comercio-local\\\/a-funeraria-de-sao-vicente\\\/\"]}]},{\"@type\":\"ImageObject\",\"inLanguage\":\"zh-Hans\",\"@id\":\"https:\\\/\\\/visitbraga.travel\\\/highlights\\\/comercio-local\\\/a-funeraria-de-sao-vicente\\\/#primaryimage\",\"url\":\"https:\\\/\\\/visitbraga.travel\\\/wp-content\\\/uploads\\\/2025\\\/07\\\/funeraria_1.jpg\",\"contentUrl\":\"https:\\\/\\\/visitbraga.travel\\\/wp-content\\\/uploads\\\/2025\\\/07\\\/funeraria_1.jpg\",\"width\":1188,\"height\":792},{\"@type\":\"WebSite\",\"@id\":\"https:\\\/\\\/visitbraga.travel\\\/#website\",\"url\":\"https:\\\/\\\/visitbraga.travel\\\/\",\"name\":\"Visit Braga\",\"description\":\"Turismo Braga | Site Oficial de Braga\",\"publisher\":{\"@id\":\"https:\\\/\\\/visitbraga.travel\\\/#organization\"},\"potentialAction\":[{\"@type\":\"SearchAction\",\"target\":{\"@type\":\"EntryPoint\",\"urlTemplate\":\"https:\\\/\\\/visitbraga.travel\\\/?s={search_term_string}\"},\"query-input\":{\"@type\":\"PropertyValueSpecification\",\"valueRequired\":true,\"valueName\":\"search_term_string\"}}],\"inLanguage\":\"zh-Hans\"},{\"@type\":\"Organization\",\"@id\":\"https:\\\/\\\/visitbraga.travel\\\/#organization\",\"name\":\"Visit Braga\",\"url\":\"https:\\\/\\\/visitbraga.travel\\\/\",\"logo\":{\"@type\":\"ImageObject\",\"inLanguage\":\"zh-Hans\",\"@id\":\"https:\\\/\\\/visitbraga.travel\\\/#\\\/schema\\\/logo\\\/image\\\/\",\"url\":\"https:\\\/\\\/visitbraga.travel\\\/wp-content\\\/uploads\\\/2025\\\/05\\\/visit-braga.jpg\",\"contentUrl\":\"https:\\\/\\\/visitbraga.travel\\\/wp-content\\\/uploads\\\/2025\\\/05\\\/visit-braga.jpg\",\"width\":2400,\"height\":1256,\"caption\":\"Visit Braga\"},\"image\":{\"@id\":\"https:\\\/\\\/visitbraga.travel\\\/#\\\/schema\\\/logo\\\/image\\\/\"},\"sameAs\":[\"https:\\\/\\\/www.facebook.com\\\/visitbraga.travel\\\/\",\"https:\\\/\\\/x.com\\\/VisitBraga\"]}]}<\/script>\n<!-- \/ Yoast SEO plugin. -->","yoast_head_json":{"title":"A Funer\u00e1ria de S\u00e3o Vicente | Visit Braga","description":"Funer\u00e1ria S\u00e3o Vicente \u662f\u4e00\u5bb6\u62e5\u6709\u767e\u5e74\u5386\u53f2\u7684\u5bb6\u65cf\u4f01\u4e1a\uff0c\u63d0\u4f9b\u4e2a\u6027\u5316\u670d\u52a1\u3002","robots":{"index":"index","follow":"follow","max-snippet":"max-snippet:-1","max-image-preview":"max-image-preview:large","max-video-preview":"max-video-preview:-1"},"canonical":"https:\/\/visitbraga.travel\/zh\/highlights\/comercio-local\/a-funeraria-de-sao-vicente\/","og_locale":"zh_CN","og_type":"article","og_title":"A Funer\u00e1ria de S\u00e3o Vicente | Visit Braga","og_description":"A Funer\u00e1ria S\u00e3o Vicente \u00e9 uma empresa familiar com mais de um s\u00e9culo de experi\u00eancia, oferecendo um servi\u00e7o personalizado.","og_url":"https:\/\/visitbraga.travel\/zh\/highlights\/comercio-local\/a-funeraria-de-sao-vicente\/","og_site_name":"Visit Braga","article_publisher":"https:\/\/www.facebook.com\/visitbraga.travel\/","article_modified_time":"2025-07-25T10:57:55+00:00","og_image":[{"width":1188,"height":792,"url":"https:\/\/visitbraga.travel\/wp-content\/uploads\/2025\/07\/funeraria_1.jpg","type":"image\/jpeg"}],"twitter_card":"summary_large_image","twitter_site":"@VisitBraga","twitter_misc":{"\u9884\u8ba1\u9605\u8bfb\u65f6\u95f4":"3 \u5206"},"schema":{"@context":"https:\/\/schema.org","@graph":[{"@type":"WebPage","@id":"https:\/\/visitbraga.travel\/highlights\/comercio-local\/a-funeraria-de-sao-vicente\/","url":"https:\/\/visitbraga.travel\/highlights\/comercio-local\/a-funeraria-de-sao-vicente\/","name":"A Funer\u00e1ria de S\u00e3o Vicente | Visit Braga","isPartOf":{"@id":"https:\/\/visitbraga.travel\/#website"},"primaryImageOfPage":{"@id":"https:\/\/visitbraga.travel\/highlights\/comercio-local\/a-funeraria-de-sao-vicente\/#primaryimage"},"image":{"@id":"https:\/\/visitbraga.travel\/highlights\/comercio-local\/a-funeraria-de-sao-vicente\/#primaryimage"},"thumbnailUrl":"https:\/\/visitbraga.travel\/wp-content\/uploads\/2025\/07\/funeraria_1.jpg","datePublished":"2025-07-17T10:38:13+00:00","dateModified":"2025-07-25T10:57:55+00:00","description":"Funer\u00e1ria S\u00e3o Vicente \u662f\u4e00\u5bb6\u62e5\u6709\u767e\u5e74\u5386\u53f2\u7684\u5bb6\u65cf\u4f01\u4e1a\uff0c\u63d0\u4f9b\u4e2a\u6027\u5316\u670d\u52a1\u3002","inLanguage":"zh-Hans","potentialAction":[{"@type":"ReadAction","target":["https:\/\/visitbraga.travel\/highlights\/comercio-local\/a-funeraria-de-sao-vicente\/"]}]},{"@type":"ImageObject","inLanguage":"zh-Hans","@id":"https:\/\/visitbraga.travel\/highlights\/comercio-local\/a-funeraria-de-sao-vicente\/#primaryimage","url":"https:\/\/visitbraga.travel\/wp-content\/uploads\/2025\/07\/funeraria_1.jpg","contentUrl":"https:\/\/visitbraga.travel\/wp-content\/uploads\/2025\/07\/funeraria_1.jpg","width":1188,"height":792},{"@type":"WebSite","@id":"https:\/\/visitbraga.travel\/#website","url":"https:\/\/visitbraga.travel\/","name":"\u6e38\u89c8\u5e03\u62c9\u52a0","description":"Turismo Braga | Site Oficial de Braga","publisher":{"@id":"https:\/\/visitbraga.travel\/#organization"},"potentialAction":[{"@type":"SearchAction","target":{"@type":"EntryPoint","urlTemplate":"https:\/\/visitbraga.travel\/?s={search_term_string}"},"query-input":{"@type":"PropertyValueSpecification","valueRequired":true,"valueName":"search_term_string"}}],"inLanguage":"zh-Hans"},{"@type":"Organization","@id":"https:\/\/visitbraga.travel\/#organization","name":"\u6e38\u89c8\u5e03\u62c9\u52a0","url":"https:\/\/visitbraga.travel\/","logo":{"@type":"ImageObject","inLanguage":"zh-Hans","@id":"https:\/\/visitbraga.travel\/#\/schema\/logo\/image\/","url":"https:\/\/visitbraga.travel\/wp-content\/uploads\/2025\/05\/visit-braga.jpg","contentUrl":"https:\/\/visitbraga.travel\/wp-content\/uploads\/2025\/05\/visit-braga.jpg","width":2400,"height":1256,"caption":"Visit Braga"},"image":{"@id":"https:\/\/visitbraga.travel\/#\/schema\/logo\/image\/"},"sameAs":["https:\/\/www.facebook.com\/visitbraga.travel\/","https:\/\/x.com\/VisitBraga"]}]}},"_links":{"self":[{"href":"https:\/\/visitbraga.travel\/zh\/wp-json\/wp\/v2\/highlight\/6813","targetHints":{"allow":["GET"]}}],"collection":[{"href":"https:\/\/visitbraga.travel\/zh\/wp-json\/wp\/v2\/highlight"}],"about":[{"href":"https:\/\/visitbraga.travel\/zh\/wp-json\/wp\/v2\/types\/highlight"}],"version-history":[{"count":0,"href":"https:\/\/visitbraga.travel\/zh\/wp-json\/wp\/v2\/highlight\/6813\/revisions"}],"wp:featuredmedia":[{"embeddable":true,"href":"https:\/\/visitbraga.travel\/zh\/wp-json\/wp\/v2\/media\/7976"}],"wp:attachment":[{"href":"https:\/\/visitbraga.travel\/zh\/wp-json\/wp\/v2\/media?parent=6813"}],"wp:term":[{"taxonomy":"highlight_category","embeddable":true,"href":"https:\/\/visitbraga.travel\/zh\/wp-json\/wp\/v2\/highlight_category?post=6813"}],"curies":[{"name":"wp","href":"https:\/\/api.w.org\/{rel}","templated":true}]}}

圣文森特殡仪馆

<p><strong>商店</strong><br />
A Funerária São Vicente é uma empresa familiar com mais de um século de experiência, oferecendo um serviço personalizado e de confiança no cuidado de cerimónias fúnebres em Braga.</p>
<p><strong>历史</strong><br />
Fundada em 1863 a Funerária de São Vicente é uma das empresas mais antigas da cidade, tendo desempenhado um papel muito importante na sociedade bracarense, desde a sua fundação. É uma referência no apoio às famílias, amparando as famílias nos momentos difíceis e decisivos da vida, combinando tradição e profissionalismo na organização de cerimónias fúnebres.<br />
Uma empresa familiar com mais de 160 anos de experiência, destaca-se por oferecer um serviço personalizado, de confiança e pela seriedade, cuja prioridade é proporcionar a tranquilidade que cada família necessita para melhor suportar os momentos difíceis.</p>
<p><strong>产品和服务</strong><br />
Organização de cerimónias fúnebres, cremações, trasladações e serviços administrativos.</p>
<p><strong>联系方式</strong><br />
Telefone: 253262302<br />
电子邮件： <a href="/zh/&/#x6d;&#x61;&#x69;&#x6c;&#x74;&#x6f;&#x3a;&#97;&#102;&#117;&#110;&#101;rari&#x61;&#x2e;&#x62;&#x72;&#x61;&#x67;&#x61;&#x40;&#115;&#97;&#112;&#111;&#46;pt">a&#102;&#117;&#x6e;&#x65;&#x72;&#x61;r&#105;&#97;&#46;&#x62;&#x72;&#x61;ga&#64;&#115;&#x61;&#x70;&#x6f;&#46;p&#116;</a></p>

<p>Funerária São Vicente 是一家拥有百年历史的家族企业，提供个性化服务。</p>

<!-- This site is optimized with the Yoast SEO plugin v27.5 - https://yoast.com/product/yoast-seo-wordpress/ -->
<title>A Funerária de São Vicente | Visit Braga</title>
<meta name="description" content="A Funerária São Vicente é uma empresa familiar com mais de um século de experiência, oferecendo um serviço personalizado." />
<meta name="robots" content="index, follow, max-snippet:-1, max-image-preview:large, max-video-preview:-1" />
<link rel="canonical" href="https://visitbraga.travel/zh/highlights/comercio-local/a-funeraria-de-sao-vicente/" />
<meta property="og:locale" content="zh_CN" />
<meta property="og:type" content="article" />
<meta property="og:title" content="A Funerária de São Vicente | Visit Braga" />
<meta property="og:description" content="A Funerária São Vicente é uma empresa familiar com mais de um século de experiência, oferecendo um serviço personalizado." />
<meta property="og:url" content="https://visitbraga.travel/zh/highlights/comercio-local/a-funeraria-de-sao-vicente/" />
<meta property="og:site_name" content="Visit Braga" />
<meta property="article:publisher" content="https://www.facebook.com/visitbraga.travel/" />
<meta property="article:modified_time" content="2025-07-25T10:57:55+00:00" />
<meta property="og:image" content="https://visitbraga.travel/wp-content/uploads/2025/07/funeraria_1.jpg" />
	<meta property="og:image:width" content="1188" />
	<meta property="og:image:height" content="792" />
	<meta property="og:image:type" content="image/jpeg" />
<meta name="twitter:card" content="summary_large_image" />
<meta name="twitter:site" content="@VisitBraga" />
<meta name="twitter:label1" content="预计阅读时间" />
	<meta name="twitter:data1" content="3 分" />
<script type="application/ld+json" class="yoast-schema-graph">{"@context":"https:\/\/schema.org","@graph":[{"@type":"WebPage","@id":"https:\/\/visitbraga.travel\/highlights\/comercio-local\/a-funeraria-de-sao-vicente\/","url":"https:\/\/visitbraga.travel\/highlights\/comercio-local\/a-funeraria-de-sao-vicente\/","name":"A Funerária de São Vicente | Visit Braga","isPartOf":{"@id":"https:\/\/visitbraga.travel\/#website"},"primaryImageOfPage":{"@id":"https:\/\/visitbraga.travel\/highlights\/comercio-local\/a-funeraria-de-sao-vicente\/#primaryimage"},"image":{"@id":"https:\/\/visitbraga.travel\/highlights\/comercio-local\/a-funeraria-de-sao-vicente\/#primaryimage"},"thumbnailUrl":"https:\/\/visitbraga.travel\/wp-content\/uploads\/2025\/07\/funeraria_1.jpg","datePublished":"2025-07-17T10:38:13+00:00","dateModified":"2025-07-25T10:57:55+00:00","description":"A Funerária São Vicente é uma empresa familiar com mais de um século de experiência, oferecendo um serviço personalizado.","inLanguage":"zh-Hans","potentialAction":[{"@type":"ReadAction","target":["https:\/\/visitbraga.travel\/highlights\/comercio-local\/a-funeraria-de-sao-vicente\/"]}]},{"@type":"ImageObject","inLanguage":"zh-Hans","@id":"https:\/\/visitbraga.travel\/highlights\/comercio-local\/a-funeraria-de-sao-vicente\/#primaryimage","url":"https:\/\/visitbraga.travel\/wp-content\/uploads\/2025\/07\/funeraria_1.jpg","contentUrl":"https:\/\/visitbraga.travel\/wp-content\/uploads\/2025\/07\/funeraria_1.jpg","width":1188,"height":792},{"@type":"WebSite","@id":"https:\/\/visitbraga.travel\/#website","url":"https:\/\/visitbraga.travel\/","name":"Visit Braga","description":"Turismo Braga | Site Oficial de Braga","publisher":{"@id":"https:\/\/visitbraga.travel\/#organization"},"potentialAction":[{"@type":"SearchAction","target":{"@type":"EntryPoint","urlTemplate":"https:\/\/visitbraga.travel\/?s={search_term_string}"},"query-input":{"@type":"PropertyValueSpecification","valueRequired":true,"valueName":"search_term_string"}}],"inLanguage":"zh-Hans"},{"@type":"Organization","@id":"https:\/\/visitbraga.travel\/#organization","name":"Visit Braga","url":"https:\/\/visitbraga.travel\/","logo":{"@type":"ImageObject","inLanguage":"zh-Hans","@id":"https:\/\/visitbraga.travel\/#\/schema\/logo\/image\/","url":"https:\/\/visitbraga.travel\/wp-content\/uploads\/2025\/05\/visit-braga.jpg","contentUrl":"https:\/\/visitbraga.travel\/wp-content\/uploads\/2025\/05\/visit-braga.jpg","width":2400,"height":1256,"caption":"Visit Braga"},"image":{"@id":"https:\/\/visitbraga.travel\/#\/schema\/logo\/image\/"},"sameAs":["https:\/\/www.facebook.com\/visitbraga.travel\/","https:\/\/x.com\/VisitBraga"]}]}</script>
<!-- / Yoast SEO plugin. -->

A Funerária de São Vicente | Visit Braga

Funerária São Vicente 是一家拥有百年历史的家族企业，提供个性化服务。

A Funerária São Vicente é uma empresa familiar com mais de um século de experiência, oferecendo um serviço personalizado.

3 分

游览布拉加
