{"id":6837,"date":"2025-06-12T16:34:38","date_gmt":"2025-06-12T15:34:38","guid":{"rendered":"https:\/\/visitbraga.travel\/highlights\/%highlight_category%\/arte-sacra\/"},"modified":"2025-07-25T17:26:37","modified_gmt":"2025-07-25T16:26:37","slug":"arte-sacra","status":"publish","type":"highlight","link":"https:\/\/visitbraga.travel\/zh\/highlights\/comercio-local\/arte-sacra\/","title":{"rendered":"\u795e\u5723\u827a\u672f"},"content":{"rendered":"<p>A arte sacra n\u00e3o s\u00f3 deve servir \u00e0 Liturgia e respeitar os fins especificamente lit\u00fargicos mas manter-se fiel \u00e0s suas exig\u00eancias naturais como arte, deve expressar a est\u00e9tica que, por sua natureza, \u00e0 mesma arte lhe cabe produzir.<br \/>\nAo artista e produtor, compete estar vitalmente penetrado da religiosidade geral, da religiosidade lit\u00fargica para que possa produzir uma obra aut\u00eantica de arte sacra.<\/p>\n<p>Este tipo de arte deve ser compreens\u00edvel, para a vis\u00e3o dos crentes de forma a que as obras apresentadas numa celebra\u00e7\u00e3o ou numa exposi\u00e7\u00e3o se tornem &#8220;teologia em imagens&#8221;.<br \/>\nTer\u00e1 de representar as verdades da f\u00e9, n\u00e3o de um modo arbitr\u00e1rio, mas na apresenta\u00e7\u00e3o do dogma crist\u00e3o atrav\u00e9s da maior fidelidade poss\u00edvel.<\/p>\n<p>\u585e\u535a\u7269\u9986\u73cd\u5b9d\u5546\u5e97<br \/>\nA loja do Tesouro-Museu da S\u00e9 de Braga trabalha diariamente na promo\u00e7\u00e3o e divulga\u00e7\u00e3o do artesanato local e regional. Colaboram com esta loja cerca de 100 artes\u00e3os de diferentes concelhos do distrito de Braga, tendo como tem\u00e1ticas principais a arte sacra e as tradi\u00e7\u00f5es culturais da cidade de Braga.<br \/>\nD. Diogo de Sousa \u8def 114 \u53f7<br \/>\n\u7535\u8bdd\uff1a253 263 317<br \/>loja@se-braga.pt<\/p>\n<p>Arte Sacra de F\u00e2nzeres, Lda.<br \/>\nRua D. Diogo Sousa, 159<br \/>\n4700- 422 Braga<br \/>\nTel. 253 267 435<br \/>\nUrl: www.artesacrafanzeres.pt\/<br \/>\nEmail: &#97;&#x72;t&#101;&#x73;a&#99;&#x72;a&#x66;&#x61;&#110;&#x7a;e&#114;&#x65;s&#64;&#x67;m&#x61;&#x69;&#108;&#x2e;&#x63;&#111;&#x6d;<\/p>\n<p>Casa Arte Sacra David Barros<br \/>\nRua Cruz de Pedra, n\u00ba 41-43<br \/>\n4700-219 Braga<br \/>\nTel. 253 275 753\/ 933 116 605<\/p>\n<p>Domingos Rodrigues da Silva<br \/>\nRua de Baixo, 99<br \/>\n4700-155 Braga<br \/>\nD&#111;&#109;&#x69;&#x6e;&#x67;o&#115;&#114;&#x6f;&#x64;&#x73;il&#118;&#x61;&#x40;&#x73;ap&#111;&#46;&#x70;&#x74;<br \/>\nTelm: 969005129<\/p>\n<p>Paramentaria Vasconcelos<br \/>\nRua do Anjo, 55<br \/>\n4700-305 Braga<br \/>\nTel. 253 262 669<\/p>","protected":false},"excerpt":{"rendered":"<p>\u827a\u672f\u5bb6\u548c\u5236\u4f5c\u4eba\u5fc5\u987b\u88ab\u666e\u904d\u7684\u5b97\u6559\u6027\u6240\u6e17\u900f\u3002<\/p>","protected":false},"featured_media":10171,"template":"","highlight_category":[60],"class_list":["post-6837","highlight","type-highlight","status-publish","has-post-thumbnail","hentry","highlight_category-artesanato-e-produtos-regionais"],"acf":[],"yoast_head":"<!-- This site is optimized with the Yoast SEO plugin v27.4 - https:\/\/yoast.com\/product\/yoast-seo-wordpress\/ -->\n<title>Arte Sacra | Visit Braga<\/title>\n<meta name=\"description\" content=\"Ao artista e produtor, compete estar vitalmente penetrado da religiosidade geral.\" \/>\n<meta name=\"robots\" content=\"index, follow, max-snippet:-1, max-image-preview:large, max-video-preview:-1\" \/>\n<link rel=\"canonical\" href=\"https:\/\/visitbraga.travel\/zh\/highlights\/comercio-local\/arte-sacra\/\" \/>\n<meta property=\"og:locale\" content=\"zh_CN\" \/>\n<meta property=\"og:type\" content=\"article\" \/>\n<meta property=\"og:title\" content=\"Arte Sacra | Visit Braga\" \/>\n<meta property=\"og:description\" content=\"Ao artista e produtor, compete estar vitalmente penetrado da religiosidade geral.\" \/>\n<meta property=\"og:url\" content=\"https:\/\/visitbraga.travel\/zh\/highlights\/comercio-local\/arte-sacra\/\" \/>\n<meta property=\"og:site_name\" content=\"Visit Braga\" \/>\n<meta property=\"article:publisher\" content=\"https:\/\/www.facebook.com\/visitbraga.travel\/\" \/>\n<meta property=\"article:modified_time\" content=\"2025-07-25T16:26:37+00:00\" \/>\n<meta property=\"og:image\" content=\"https:\/\/visitbraga.travel\/wp-content\/uploads\/2025\/06\/Arte-Sacra.jpg\" \/>\n\t<meta property=\"og:image:width\" content=\"1955\" \/>\n\t<meta property=\"og:image:height\" content=\"1304\" \/>\n\t<meta property=\"og:image:type\" content=\"image\/jpeg\" \/>\n<meta name=\"twitter:card\" content=\"summary_large_image\" \/>\n<meta name=\"twitter:site\" content=\"@VisitBraga\" \/>\n<meta name=\"twitter:label1\" content=\"\u9884\u8ba1\u9605\u8bfb\u65f6\u95f4\" \/>\n\t<meta name=\"twitter:data1\" content=\"2 \u5206\" \/>\n<script type=\"application\/ld+json\" class=\"yoast-schema-graph\">{\"@context\":\"https:\\\/\\\/schema.org\",\"@graph\":[{\"@type\":\"WebPage\",\"@id\":\"https:\\\/\\\/visitbraga.travel\\\/highlights\\\/comercio-local\\\/arte-sacra\\\/\",\"url\":\"https:\\\/\\\/visitbraga.travel\\\/highlights\\\/comercio-local\\\/arte-sacra\\\/\",\"name\":\"Arte Sacra | Visit Braga\",\"isPartOf\":{\"@id\":\"https:\\\/\\\/visitbraga.travel\\\/#website\"},\"primaryImageOfPage\":{\"@id\":\"https:\\\/\\\/visitbraga.travel\\\/highlights\\\/comercio-local\\\/arte-sacra\\\/#primaryimage\"},\"image\":{\"@id\":\"https:\\\/\\\/visitbraga.travel\\\/highlights\\\/comercio-local\\\/arte-sacra\\\/#primaryimage\"},\"thumbnailUrl\":\"https:\\\/\\\/visitbraga.travel\\\/wp-content\\\/uploads\\\/2025\\\/06\\\/Arte-Sacra.jpg\",\"datePublished\":\"2025-06-12T15:34:38+00:00\",\"dateModified\":\"2025-07-25T16:26:37+00:00\",\"description\":\"Ao artista e produtor, compete estar vitalmente penetrado da religiosidade geral.\",\"inLanguage\":\"zh-Hans\",\"potentialAction\":[{\"@type\":\"ReadAction\",\"target\":[\"https:\\\/\\\/visitbraga.travel\\\/highlights\\\/comercio-local\\\/arte-sacra\\\/\"]}]},{\"@type\":\"ImageObject\",\"inLanguage\":\"zh-Hans\",\"@id\":\"https:\\\/\\\/visitbraga.travel\\\/highlights\\\/comercio-local\\\/arte-sacra\\\/#primaryimage\",\"url\":\"https:\\\/\\\/visitbraga.travel\\\/wp-content\\\/uploads\\\/2025\\\/06\\\/Arte-Sacra.jpg\",\"contentUrl\":\"https:\\\/\\\/visitbraga.travel\\\/wp-content\\\/uploads\\\/2025\\\/06\\\/Arte-Sacra.jpg\",\"width\":1955,\"height\":1304},{\"@type\":\"WebSite\",\"@id\":\"https:\\\/\\\/visitbraga.travel\\\/#website\",\"url\":\"https:\\\/\\\/visitbraga.travel\\\/\",\"name\":\"Visit Braga\",\"description\":\"Turismo Braga | Site Oficial de Braga\",\"publisher\":{\"@id\":\"https:\\\/\\\/visitbraga.travel\\\/#organization\"},\"potentialAction\":[{\"@type\":\"SearchAction\",\"target\":{\"@type\":\"EntryPoint\",\"urlTemplate\":\"https:\\\/\\\/visitbraga.travel\\\/?s={search_term_string}\"},\"query-input\":{\"@type\":\"PropertyValueSpecification\",\"valueRequired\":true,\"valueName\":\"search_term_string\"}}],\"inLanguage\":\"zh-Hans\"},{\"@type\":\"Organization\",\"@id\":\"https:\\\/\\\/visitbraga.travel\\\/#organization\",\"name\":\"Visit Braga\",\"url\":\"https:\\\/\\\/visitbraga.travel\\\/\",\"logo\":{\"@type\":\"ImageObject\",\"inLanguage\":\"zh-Hans\",\"@id\":\"https:\\\/\\\/visitbraga.travel\\\/#\\\/schema\\\/logo\\\/image\\\/\",\"url\":\"https:\\\/\\\/visitbraga.travel\\\/wp-content\\\/uploads\\\/2025\\\/05\\\/visit-braga.jpg\",\"contentUrl\":\"https:\\\/\\\/visitbraga.travel\\\/wp-content\\\/uploads\\\/2025\\\/05\\\/visit-braga.jpg\",\"width\":2400,\"height\":1256,\"caption\":\"Visit Braga\"},\"image\":{\"@id\":\"https:\\\/\\\/visitbraga.travel\\\/#\\\/schema\\\/logo\\\/image\\\/\"},\"sameAs\":[\"https:\\\/\\\/www.facebook.com\\\/visitbraga.travel\\\/\",\"https:\\\/\\\/x.com\\\/VisitBraga\"]}]}<\/script>\n<!-- \/ Yoast SEO plugin. -->","yoast_head_json":{"title":"Arte Sacra | Visit Braga","description":"\u827a\u672f\u5bb6\u548c\u5236\u4f5c\u4eba\u5fc5\u987b\u88ab\u666e\u904d\u7684\u5b97\u6559\u6027\u6240\u6e17\u900f\u3002","robots":{"index":"index","follow":"follow","max-snippet":"max-snippet:-1","max-image-preview":"max-image-preview:large","max-video-preview":"max-video-preview:-1"},"canonical":"https:\/\/visitbraga.travel\/zh\/highlights\/comercio-local\/arte-sacra\/","og_locale":"zh_CN","og_type":"article","og_title":"Arte Sacra | Visit Braga","og_description":"Ao artista e produtor, compete estar vitalmente penetrado da religiosidade geral.","og_url":"https:\/\/visitbraga.travel\/zh\/highlights\/comercio-local\/arte-sacra\/","og_site_name":"Visit Braga","article_publisher":"https:\/\/www.facebook.com\/visitbraga.travel\/","article_modified_time":"2025-07-25T16:26:37+00:00","og_image":[{"width":1955,"height":1304,"url":"https:\/\/visitbraga.travel\/wp-content\/uploads\/2025\/06\/Arte-Sacra.jpg","type":"image\/jpeg"}],"twitter_card":"summary_large_image","twitter_site":"@VisitBraga","twitter_misc":{"\u9884\u8ba1\u9605\u8bfb\u65f6\u95f4":"2 \u5206"},"schema":{"@context":"https:\/\/schema.org","@graph":[{"@type":"WebPage","@id":"https:\/\/visitbraga.travel\/highlights\/comercio-local\/arte-sacra\/","url":"https:\/\/visitbraga.travel\/highlights\/comercio-local\/arte-sacra\/","name":"Arte Sacra | Visit Braga","isPartOf":{"@id":"https:\/\/visitbraga.travel\/#website"},"primaryImageOfPage":{"@id":"https:\/\/visitbraga.travel\/highlights\/comercio-local\/arte-sacra\/#primaryimage"},"image":{"@id":"https:\/\/visitbraga.travel\/highlights\/comercio-local\/arte-sacra\/#primaryimage"},"thumbnailUrl":"https:\/\/visitbraga.travel\/wp-content\/uploads\/2025\/06\/Arte-Sacra.jpg","datePublished":"2025-06-12T15:34:38+00:00","dateModified":"2025-07-25T16:26:37+00:00","description":"\u827a\u672f\u5bb6\u548c\u5236\u4f5c\u4eba\u5fc5\u987b\u88ab\u666e\u904d\u7684\u5b97\u6559\u6027\u6240\u6e17\u900f\u3002","inLanguage":"zh-Hans","potentialAction":[{"@type":"ReadAction","target":["https:\/\/visitbraga.travel\/highlights\/comercio-local\/arte-sacra\/"]}]},{"@type":"ImageObject","inLanguage":"zh-Hans","@id":"https:\/\/visitbraga.travel\/highlights\/comercio-local\/arte-sacra\/#primaryimage","url":"https:\/\/visitbraga.travel\/wp-content\/uploads\/2025\/06\/Arte-Sacra.jpg","contentUrl":"https:\/\/visitbraga.travel\/wp-content\/uploads\/2025\/06\/Arte-Sacra.jpg","width":1955,"height":1304},{"@type":"WebSite","@id":"https:\/\/visitbraga.travel\/#website","url":"https:\/\/visitbraga.travel\/","name":"\u6e38\u89c8\u5e03\u62c9\u52a0","description":"Turismo Braga | Site Oficial de Braga","publisher":{"@id":"https:\/\/visitbraga.travel\/#organization"},"potentialAction":[{"@type":"SearchAction","target":{"@type":"EntryPoint","urlTemplate":"https:\/\/visitbraga.travel\/?s={search_term_string}"},"query-input":{"@type":"PropertyValueSpecification","valueRequired":true,"valueName":"search_term_string"}}],"inLanguage":"zh-Hans"},{"@type":"Organization","@id":"https:\/\/visitbraga.travel\/#organization","name":"\u6e38\u89c8\u5e03\u62c9\u52a0","url":"https:\/\/visitbraga.travel\/","logo":{"@type":"ImageObject","inLanguage":"zh-Hans","@id":"https:\/\/visitbraga.travel\/#\/schema\/logo\/image\/","url":"https:\/\/visitbraga.travel\/wp-content\/uploads\/2025\/05\/visit-braga.jpg","contentUrl":"https:\/\/visitbraga.travel\/wp-content\/uploads\/2025\/05\/visit-braga.jpg","width":2400,"height":1256,"caption":"Visit Braga"},"image":{"@id":"https:\/\/visitbraga.travel\/#\/schema\/logo\/image\/"},"sameAs":["https:\/\/www.facebook.com\/visitbraga.travel\/","https:\/\/x.com\/VisitBraga"]}]}},"_links":{"self":[{"href":"https:\/\/visitbraga.travel\/zh\/wp-json\/wp\/v2\/highlight\/6837","targetHints":{"allow":["GET"]}}],"collection":[{"href":"https:\/\/visitbraga.travel\/zh\/wp-json\/wp\/v2\/highlight"}],"about":[{"href":"https:\/\/visitbraga.travel\/zh\/wp-json\/wp\/v2\/types\/highlight"}],"version-history":[{"count":0,"href":"https:\/\/visitbraga.travel\/zh\/wp-json\/wp\/v2\/highlight\/6837\/revisions"}],"wp:featuredmedia":[{"embeddable":true,"href":"https:\/\/visitbraga.travel\/zh\/wp-json\/wp\/v2\/media\/10171"}],"wp:attachment":[{"href":"https:\/\/visitbraga.travel\/zh\/wp-json\/wp\/v2\/media?parent=6837"}],"wp:term":[{"taxonomy":"highlight_category","embeddable":true,"href":"https:\/\/visitbraga.travel\/zh\/wp-json\/wp\/v2\/highlight_category?post=6837"}],"curies":[{"name":"wp","href":"https:\/\/api.w.org\/{rel}","templated":true}]}}

神圣艺术

<p>A arte sacra não só deve servir à Liturgia e respeitar os fins especificamente litúrgicos mas manter-se fiel às suas exigências naturais como arte, deve expressar a estética que, por sua natureza, à mesma arte lhe cabe produzir.<br />
Ao artista e produtor, compete estar vitalmente penetrado da religiosidade geral, da religiosidade litúrgica para que possa produzir uma obra autêntica de arte sacra.</p>
<p>Este tipo de arte deve ser compreensível, para a visão dos crentes de forma a que as obras apresentadas numa celebração ou numa exposição se tornem &#8220;teologia em imagens&#8221;.<br />
Terá de representar as verdades da fé, não de um modo arbitrário, mas na apresentação do dogma cristão através da maior fidelidade possível.</p>
<p>塞博物馆珍宝商店<br />
A loja do Tesouro-Museu da Sé de Braga trabalha diariamente na promoção e divulgação do artesanato local e regional. Colaboram com esta loja cerca de 100 artesãos de diferentes concelhos do distrito de Braga, tendo como temáticas principais a arte sacra e as tradições culturais da cidade de Braga.<br />
D. Diogo de Sousa 路 114 号<br />
电话：253 263 317<br />loja@se-braga.pt</p>
<p>Arte Sacra de Fânzeres, Lda.<br />
Rua D. Diogo Sousa, 159<br />
4700- 422 Braga<br />
Tel. 253 267 435<br />
Url: www.artesacrafanzeres.pt/<br />
Email: &#97;&#x72;t&#101;&#x73;a&#99;&#x72;a&#x66;&#x61;&#110;&#x7a;e&#114;&#x65;s&#64;&#x67;m&#x61;&#x69;&#108;&#x2e;&#x63;&#111;&#x6d;</p>
<p>Casa Arte Sacra David Barros<br />
Rua Cruz de Pedra, nº 41-43<br />
4700-219 Braga<br />
Tel. 253 275 753/ 933 116 605</p>
<p>Domingos Rodrigues da Silva<br />
Rua de Baixo, 99<br />
4700-155 Braga<br />
D&#111;&#109;&#x69;&#x6e;&#x67;o&#115;&#114;&#x6f;&#x64;&#x73;il&#118;&#x61;&#x40;&#x73;ap&#111;&#46;&#x70;&#x74;<br />
Telm: 969005129</p>
<p>Paramentaria Vasconcelos<br />
Rua do Anjo, 55<br />
4700-305 Braga<br />
Tel. 253 262 669</p>

<p>艺术家和制作人必须被普遍的宗教性所渗透。</p>

<!-- This site is optimized with the Yoast SEO plugin v27.4 - https://yoast.com/product/yoast-seo-wordpress/ -->
<title>Arte Sacra | Visit Braga</title>
<meta name="description" content="Ao artista e produtor, compete estar vitalmente penetrado da religiosidade geral." />
<meta name="robots" content="index, follow, max-snippet:-1, max-image-preview:large, max-video-preview:-1" />
<link rel="canonical" href="https://visitbraga.travel/zh/highlights/comercio-local/arte-sacra/" />
<meta property="og:locale" content="zh_CN" />
<meta property="og:type" content="article" />
<meta property="og:title" content="Arte Sacra | Visit Braga" />
<meta property="og:description" content="Ao artista e produtor, compete estar vitalmente penetrado da religiosidade geral." />
<meta property="og:url" content="https://visitbraga.travel/zh/highlights/comercio-local/arte-sacra/" />
<meta property="og:site_name" content="Visit Braga" />
<meta property="article:publisher" content="https://www.facebook.com/visitbraga.travel/" />
<meta property="article:modified_time" content="2025-07-25T16:26:37+00:00" />
<meta property="og:image" content="https://visitbraga.travel/wp-content/uploads/2025/06/Arte-Sacra.jpg" />
	<meta property="og:image:width" content="1955" />
	<meta property="og:image:height" content="1304" />
	<meta property="og:image:type" content="image/jpeg" />
<meta name="twitter:card" content="summary_large_image" />
<meta name="twitter:site" content="@VisitBraga" />
<meta name="twitter:label1" content="预计阅读时间" />
	<meta name="twitter:data1" content="2 分" />
<script type="application/ld+json" class="yoast-schema-graph">{"@context":"https:\/\/schema.org","@graph":[{"@type":"WebPage","@id":"https:\/\/visitbraga.travel\/highlights\/comercio-local\/arte-sacra\/","url":"https:\/\/visitbraga.travel\/highlights\/comercio-local\/arte-sacra\/","name":"Arte Sacra | Visit Braga","isPartOf":{"@id":"https:\/\/visitbraga.travel\/#website"},"primaryImageOfPage":{"@id":"https:\/\/visitbraga.travel\/highlights\/comercio-local\/arte-sacra\/#primaryimage"},"image":{"@id":"https:\/\/visitbraga.travel\/highlights\/comercio-local\/arte-sacra\/#primaryimage"},"thumbnailUrl":"https:\/\/visitbraga.travel\/wp-content\/uploads\/2025\/06\/Arte-Sacra.jpg","datePublished":"2025-06-12T15:34:38+00:00","dateModified":"2025-07-25T16:26:37+00:00","description":"Ao artista e produtor, compete estar vitalmente penetrado da religiosidade geral.","inLanguage":"zh-Hans","potentialAction":[{"@type":"ReadAction","target":["https:\/\/visitbraga.travel\/highlights\/comercio-local\/arte-sacra\/"]}]},{"@type":"ImageObject","inLanguage":"zh-Hans","@id":"https:\/\/visitbraga.travel\/highlights\/comercio-local\/arte-sacra\/#primaryimage","url":"https:\/\/visitbraga.travel\/wp-content\/uploads\/2025\/06\/Arte-Sacra.jpg","contentUrl":"https:\/\/visitbraga.travel\/wp-content\/uploads\/2025\/06\/Arte-Sacra.jpg","width":1955,"height":1304},{"@type":"WebSite","@id":"https:\/\/visitbraga.travel\/#website","url":"https:\/\/visitbraga.travel\/","name":"Visit Braga","description":"Turismo Braga | Site Oficial de Braga","publisher":{"@id":"https:\/\/visitbraga.travel\/#organization"},"potentialAction":[{"@type":"SearchAction","target":{"@type":"EntryPoint","urlTemplate":"https:\/\/visitbraga.travel\/?s={search_term_string}"},"query-input":{"@type":"PropertyValueSpecification","valueRequired":true,"valueName":"search_term_string"}}],"inLanguage":"zh-Hans"},{"@type":"Organization","@id":"https:\/\/visitbraga.travel\/#organization","name":"Visit Braga","url":"https:\/\/visitbraga.travel\/","logo":{"@type":"ImageObject","inLanguage":"zh-Hans","@id":"https:\/\/visitbraga.travel\/#\/schema\/logo\/image\/","url":"https:\/\/visitbraga.travel\/wp-content\/uploads\/2025\/05\/visit-braga.jpg","contentUrl":"https:\/\/visitbraga.travel\/wp-content\/uploads\/2025\/05\/visit-braga.jpg","width":2400,"height":1256,"caption":"Visit Braga"},"image":{"@id":"https:\/\/visitbraga.travel\/#\/schema\/logo\/image\/"},"sameAs":["https:\/\/www.facebook.com\/visitbraga.travel\/","https:\/\/x.com\/VisitBraga"]}]}</script>
<!-- / Yoast SEO plugin. -->

艺术家和制作人必须被普遍的宗教性所渗透。

2 分

游览布拉加
